645
CXUS56 KHNX 060008
CF6BFL
PRELIMINARY LOCAL CLIMATOLOGICAL DATA (WS FORM: F-6)
STATION: BAKERSFIELD CA
MONTH: JANUARY
YEAR: 2021
LATITUDE: 35 25 N
LONGITUDE: 119 3 W
TEMPERATURE IN F: :PCPN: SNOW: WIND :SUNSHINE: SKY :PK WND
================================================================================
1 2 3 4 5 6A 6B 7 8 9 10 11 12 13 14 15 16 17 18
12Z AVG MX 2MIN
DY MAX MIN AVG DEP HDD CDD WTR SNW DPTH SPD SPD DIR MIN PSBL S-S WX SPD DR
================================================================================
1 59 34 47 0 18 0 0.00 0.0 0 4.3 13 320 M M 0 18 16 320
2 64 38 51 4 14 0 0.00 0.0 0 4.3 9 140 M M 1 18 10 110
3 62 48 55 8 10 0 0.00 0.0 0 3.1 10 130 M M 5 8 12 130
4 67 43 55 8 10 0 0.00 0.0 0 3.8 14 320 M M 2 8 19 290
5 59 47 53 6 12 0 0.00 0.0 0 3.3 9 40 M M 4 8 12 320
6 57 39 48 1 17 0 0.00 0.0 0 3.2 10 300 M M 0 18 12 300
7 58 39 49 2 16 0 0.00 0.0 0 3.3 10 270 M M 0 18 13 250
8 61 34 48 1 17 0 0.00 0.0 0 4.0 13 140 M M 2 128 14 130
9 53 41 47 0 18 0 0.00 0.0 0 4.4 10 320 M M 8 18 13 310
10 60 37 49 2 16 0 0.00 0.0 0 4.4 13 310 M M 0 8 15 310
11 61 35 48 1 17 0 0.00 0.0 0 4.6 10 320 M M 0 18 13 320
12 59 37 48 1 17 0 0.00 0.0 0 3.4 9 310 M M 0 8 12 310
13 64 38 51 4 14 0 0.00 0.0 0 4.9 12 350 M M 0 18 14 10
14 67 40 54 7 11 0 0.00 0.0 0 2.9 10 310 M M 0 8 12 310
15 71 41 56 9 9 0 0.00 0.0 0 3.8 12 320 M M 0 8 13 320
16 69 41 55 7 10 0 0.00 0.0 0 2.1 8 130 M M 0 8 10 140
17 70 42 56 8 9 0 0.00 0.0 0 4.1 12 300 M M 0 8 15 310
18 69 44 57 9 8 0 0.00 0.0 0 4.7 12 350 M M 0 8 15 350
19 70 46 58 10 7 0 0.00 0.0 0 9.9 25 80 M M 1 8 34 100
20 67 41 54 6 11 0 0.00 0.0 0 6.1 14 330 M M 0 8 17 320
21 70 40 55 7 10 0 0.00 0.0 0 4.2 10 90 M M 0 12 90
22 62 43 53 5 12 0 0.17 0.0 0 7.5 23 320 M M 5 28 320
23 54 43 49 1 16 0 0.03 0.0 0 4.7 16 320 M M 8 8 19 300
24 57 38 48 0 17 0 0.00 0.0 0 4.6 10 340 M M 6 18 13 320
25 48 38 43 -6 22 0 0.16 0.0 0 8.9 24 320 M M 8 33 320
26 52 35 44 -5 21 0 T 0.0 0 3.9 12 100 M M 3 14 110
27 63 48 56 7 9 0 T 0.0 M 23.0 37 150 M M 3 8 43 150
28 67 46 57 8 8 0 0.58 0.0 0 17.7 35 140 M M 4 1 46 140
29 58 43 51 2 14 0 0.04 0.0 0 3.9 12 320 M M 4 1 15 280
30 61 38 50 1 15 0 0.00 0.0 0 3.9 9 310 M M 0 11 330
31 66 40 53 3 12 0 0.00 0.0 0 3.1 15 150 M M 0 8 17 150
================================================================================
SM 1925 1257 417 0 0.98 0.0 170.0 M 64
================================================================================
AV 62.1 40.5 5.5 FASTST M M 2 MAX(MPH)
MISC ----> 37 150 46 140
================================================================================
NOTES:
# LAST OF SEVERAL OCCURRENCES
COLUMN 17 PEAK WIND IN M.P.H.
PRELIMINARY LOCAL CLIMATOLOGICAL DATA (WS FORM: F-6) , PAGE 2
STATION: BAKERSFIELD CA
MONTH: JANUARY
YEAR: 2021
LATITUDE: 35 25 N
LONGITUDE: 119 3 W
[TEMPERATURE DATA] [PRECIPITATION DATA] SYMBOLS USED IN COLUMN 16
AVERAGE MONTHLY: 51.3 TOTAL FOR MONTH: 0.98 1 = FOG OR MIST
DPTR FM NORMAL: 3.5 DPTR FM NORMAL: -0.18 2 = FOG REDUCING VISIBILITY
HIGHEST: 71 ON 15 GRTST 24HR 1.47 ON 28-28 TO 1/4 MILE OR LESS
LOWEST: 34 ON 8, 1 3 = THUNDER
SNOW, ICE PELLETS, HAIL 4 = ICE PELLETS
TOTAL MONTH: 0.0 INCH 5 = HAIL
GRTST 24HR 0.0 6 = FREEZING RAIN OR DRIZZLE
GRTST DEPTH: 0 7 = DUSTSTORM OR SANDSTORM:
VSBY 1/2 MILE OR LESS
8 = SMOKE OR HAZE
[NO. OF DAYS WITH] [WEATHER - DAYS WITH] 9 = BLOWING SNOW
X = TORNADO
MAX 32 OR BELOW: 0 0.01 INCH OR MORE: 5
MAX 90 OR ABOVE: 0 0.10 INCH OR MORE: 3
MIN 32 OR BELOW: 0 0.50 INCH OR MORE: 1
MIN 0 OR BELOW: 0 1.00 INCH OR MORE: 0
[HDD (BASE 65) ]
TOTAL THIS MO. 417 CLEAR (SCALE 0-3) 21
DPTR FM NORMAL -118 PTCLDY (SCALE 4-7) 9
TOTAL FM JUL 1 1171 CLOUDY (SCALE 8-10) 1
DPTR FM NORMAL -254
[CDD (BASE 65) ]
TOTAL THIS MO. 0
DPTR FM NORMAL 0 [PRESSURE DATA]
TOTAL FM JAN 1 0 HIGHEST SLP 30.41 ON 13
DPTR FM NORMAL 0 LOWEST SLP 29.67 ON 19
[REMARKS]
#FINAL-01-21#