000
CXUS55 KBYZ 261000
CF6BHK
PRELIMINARY LOCAL CLIMATOLOGICAL DATA (WS FORM: F-6)
STATION: BAKER MT
MONTH: APRIL
YEAR: 2024
LATITUDE: 46 20 N
LONGITUDE: 104 15 W
TEMPERATURE IN F: :PCPN: SNOW: WIND :SUNSHINE: SKY :PK WND
================================================================================
1 2 3 4 5 6A 6B 7 8 9 10 11 12 13 14 15 16 17 18
12Z AVG MX 2MIN
DY MAX MIN AVG DEP HDD CDD WTR SNW DPTH SPD SPD DIR MIN PSBL S-S WX SPD DR
================================================================================
1 50 21 36 -2 29 0 0.00 M M 7.0 17 270 M M 5 1 21 290
2 56 26 41 3 24 0 0.00 M M 8.0 18 340 M M 0 26 340
3 72 29 51 13 14 0 0.00 M M 8.5 15 310 M M 0 20 300
4 72 37 55 16 10 0 0.00 M M 22.4 36 140 M M 0 47 130
5 65 40 53 14 12 0 0.00 M M 28.6 43 140 M M 0 55 150
6 57 39 48 9 17 0 0.02 M M 15.1 28 120 M M 4 36 130
7 44 37 41 1 24 0 0.03 M M 9.6 16 60 M M 10 1 20 70
8 48 35 42 2 23 0 0.02 M M 13.0 23 270 M M 9 31 280
9 59 29 44 4 21 0 0.00 M M 13.0 29 270 M M 2 37 290
10 47 29 38 -3 27 0 0.04 M M 17.9 37 310 M M 5 1 53 310
11 55 25 40 -1 25 0 0.00 M M 8.2 20 330 M M 0 30 330
12 76 26 51 10 14 0 0.00 M M 13.2 23 180 M M 0 30 180
13 76 39 58 16 7 0 0.00 M M 7.6 21 310 M M 0 29 320
14 75 36 56 14 9 0 0.00 M M 16.7 28 130 M M 0 35 140
15 72 46 59 17 6 0 0.05 M M 14.1 29 130 M M 2 39 120
16 64 41 53 11 12 0 T M M 17.7 35 320 M M 4 47 320
17 46 29 38 -5 27 0 T M M 22.7 31 310 M M 10 45 320
18 41 20 31 -12 34 0 T M M 23.8 36 310 M M 5 1 55 320
19 35 20 28 -15 37 0 T M M 18.6 31 330 M M 9 42 310
20 47 23 35 -9 30 0 0.00 M M 9.0 20 330 M M 4 27 290
21 69 20 45 1 20 0 T M M 11.2 25 330 M M 1 37 180
22 59 34 47 3 18 0 T M M 19.8 37 290 M M 3 54 290
23 60 28 44 -1 21 0 0.00 M M 7.5 17 320 M M 0 22 330
24 71 31 51 6 14 0 0.00 M M 13.3 28 160 M M 0 38 170
25 78 35 57 12 8 0 0.05 M M 10.6 25 150 M M 2 3 36 160
================================================================================
SM 1494 775 483 0 0.21 M 357.1 M 75
================================================================================
AV 59.8 31.0 14.3 FASTST M M 3 MAX(MPH)
MISC ----> 43 140 # 55 150
================================================================================
NOTES:
# LAST OF SEVERAL OCCURRENCES
COLUMN 17 PEAK WIND IN M.P.H.
PRELIMINARY LOCAL CLIMATOLOGICAL DATA (WS FORM: F-6) , PAGE 2
STATION: BAKER MT
MONTH: APRIL
YEAR: 2024
LATITUDE: 46 20 N
LONGITUDE: 104 15 W
[TEMPERATURE DATA] [PRECIPITATION DATA] SYMBOLS USED IN COLUMN 16
AVERAGE MONTHLY: 45.4 TOTAL FOR MONTH: 0.21 1 = FOG OR MIST
DPTR FM NORMAL: 3.9 DPTR FM NORMAL: -0.80 2 = FOG REDUCING VISIBILITY
HIGHEST: 78 ON 25 GRTST 24HR 0.05 ON 25-25 TO 1/4 MILE OR LESS
LOWEST: 20 ON 21,19 3 = THUNDER
SNOW, ICE PELLETS, HAIL 4 = ICE PELLETS
TOTAL MONTH: M 5 = HAIL
GRTST 24HR M ON M 6 = FREEZING RAIN OR DRIZZLE
GRTST DEPTH: M ON M 7 = DUSTSTORM OR SANDSTORM:
VSBY 1/2 MILE OR LESS
8 = SMOKE OR HAZE
[NO. OF DAYS WITH] [WEATHER - DAYS WITH] 9 = BLOWING SNOW
X = TORNADO
MAX 32 OR BELOW: 0 0.01 INCH OR MORE: 6
MAX 90 OR ABOVE: 0 0.10 INCH OR MORE: 0
MIN 32 OR BELOW: 14 0.50 INCH OR MORE: 0
MIN 0 OR BELOW: 0 1.00 INCH OR MORE: 0
[HDD (BASE 65) ]
TOTAL THIS MO. 483 CLEAR (SCALE 0-3) 14
DPTR FM NORMAL -104 PTCLDY (SCALE 4-7) 7
TOTAL FM JUL 1 6994 CLOUDY (SCALE 8-10) 4
DPTR FM NORMAL -680
[CDD (BASE 65) ]
TOTAL THIS MO. 0
DPTR FM NORMAL 0 [PRESSURE DATA]
TOTAL FM JAN 1 0 HIGHEST SLP M ON M
DPTR FM NORMAL 0 LOWEST SLP 29.50 ON 6
[REMARKS]