000
CXUS53 KILX 012300
CF6BMI
PRELIMINARY LOCAL CLIMATOLOGICAL DATA (WS FORM: F-6)
STATION: BLOOMINGTON IL AIRPORT
MONTH: MAY
YEAR: 2020
LATITUDE: 40 28 N
LONGITUDE: 88 56 W
TEMPERATURE IN F: :PCPN: SNOW: WIND :SUNSHINE: SKY :PK WND
================================================================================
1 2 3 4 5 6A 6B 7 8 9 10 11 12 13 14 15 16 17 18
12Z AVG MX 2MIN
DY MAX MIN AVG DEP HDD CDD WTR SNW DPTH SPD SPD DIR MIN PSBL S-S WX SPD DR
================================================================================
1 67 40 54 M 11 0 T M M 10.6 16 140 M M 2 3 21 150
2 81 55 68 M 0 3 0.02 M M 12.9 17 150 M M 3 22 240
3 67 52 60 M 5 0 0.05 M M 9.8 16 330 M M 5 M M
4 58 42 50 M 15 0 0.14 M M 15.5 22 60 M M 4 27 70
5 47 39 43 M 22 0 0.19 M M 15.7 20 40 M M 10 1 M M
6 62 38 50 M 15 0 T M M 11.0 18 320 M M 4 23 320
7 66 45 56 M 9 0 T M M 11.7 21 280 M M 3 29 270
8 53 32 43 M 22 0 T M M 15.9 25 30 M M 4 32 360
9 59 28 44 M 21 0 0.00 M M 7.6 14 250 M M 0 M M
10 51 41 46 M 19 0 0.02 M M 16.4 28 280 M M 9 41 290
11 51 40 46 M 19 0 0.00 M M 10.6 17 290 M M 10 22 310
12 63 36 50 M 15 0 0.00 M M 8.2 15 250 M M 1 20 260
13 59 40 50 M 15 0 0.00 M M 14.4 21 150 M M 7 1 30 140
14 76 62 69 M 0 4 0.53 M M 14.8 18 210 M M 8 13 27 210
15 72 57 65 M 0 0 0.94 M M 7.9 14 290 M M 7 123 M M
16 78 54 66 M 0 1 0.50 M M 9.8 18 60 M M 8 12 22 90
17 71 56 64 M 1 0 1.93 M M 10.6 17 190 M M 9 13 22 120
18 63 55 59 M 6 0 0.40 M M 9.3 14 260 M M 9 1 17 250
19 63 54 59 M 6 0 0.03 M M 15.6 23 70 M M 10 12 29 70
20 60 54 57 M 8 0 0.01 M M 15.2 17 70 M M 10 1 25 70
21 61 51 56 M 9 0 0.00 M M 8.8 14 90 M M 8 1 M M
22 74 50 62 M 3 0 0.00 M M 6.4 9 150 M M 7 1 M M
23 83 61 72 M 0 7 0.00 M M 13.5 22 210 M M 4 28 210
24 85 65 75 M 0 10 0.27 M M 9.9 15 160 M M 1 13 20 160
25 83 64 74 M 0 9 0.40 M M 10.6 16 100 M M 3 13 M M
26 84 67 76 M 0 11 T M M 12.5 25 150 M M 2 3 40 140
27 83 64 74 M 0 9 0.00 M M 11.2 18 180 M M 4 25 170
28 82 64 73 M 0 8 0.12 M M 11.8 22 180 M M 9 13 29 180
29 77 56 67 M 0 2 T M M 11.6 20 300 M M 4 30 340
30 74 51 63 M 2 0 0.00 M M 8.4 15 330 M M 2 M M
31 75 50 63 M 2 0 0.00 M M 7.1 15 70 M M 0 M M
================================================================================
SM 2128 1563 225 64 5.55 M 355.3 M 167
================================================================================
AV 68.7 50.4 11.5 FASTST M M 5 MAX(MPH)
MISC ----> # 28 280 # 41 290
================================================================================
NOTES:
# LAST OF SEVERAL OCCURRENCES
COLUMN 17 PEAK WIND IN M.P.H.
PRELIMINARY LOCAL CLIMATOLOGICAL DATA (WS FORM: F-6) , PAGE 2
STATION: BLOOMINGTON IL AIRPORT
MONTH: MAY
YEAR: 2020
LATITUDE: 40 28 N
LONGITUDE: 88 56 W
[TEMPERATURE DATA] [PRECIPITATION DATA] SYMBOLS USED IN COLUMN 16
AVERAGE MONTHLY: 59.5 TOTAL FOR MONTH: 5.55 1 = FOG OR MIST
DPTR FM NORMAL: M DPTR FM NORMAL: M 2 = FOG REDUCING VISIBILITY
HIGHEST: 85 ON 24 GRTST 24HR 1.93 ON 17-17 TO 1/4 MILE OR LESS
LOWEST: 28 ON 9 3 = THUNDER
SNOW, ICE PELLETS, HAIL 4 = ICE PELLETS
TOTAL MONTH: M 5 = HAIL
GRTST 24HR M ON M 6 = FREEZING RAIN OR DRIZZLE
GRTST DEPTH: M ON M 7 = DUSTSTORM OR SANDSTORM:
VSBY 1/2 MILE OR LESS
8 = SMOKE OR HAZE
[NO. OF DAYS WITH] [WEATHER - DAYS WITH] 9 = BLOWING SNOW
X = TORNADO
MAX 32 OR BELOW: 0 0.01 INCH OR MORE: 15
MAX 90 OR ABOVE: 0 0.10 INCH OR MORE: 10
MIN 32 OR BELOW: 2 0.50 INCH OR MORE: 4
MIN 0 OR BELOW: 0 1.00 INCH OR MORE: 1
[HDD (BASE 65) ]
TOTAL THIS MO. 225 CLEAR (SCALE 0-3) 10
DPTR FM NORMAL M PTCLDY (SCALE 4-7) 12
TOTAL FM JUL 1 5691 CLOUDY (SCALE 8-10) 9
DPTR FM NORMAL M
[CDD (BASE 65) ]
TOTAL THIS MO. 64
DPTR FM NORMAL M [PRESSURE DATA]
TOTAL FM JAN 1 66 HIGHEST SLP M ON M
DPTR FM NORMAL M LOWEST SLP M ON M
[REMARKS]
#FINAL-05-20#