000
CXUS54 KEWX 011010
CF6BMQ
PRELIMINARY LOCAL CLIMATOLOGICAL DATA (WS FORM: F-6)
STATION: BURNET
MONTH: MAY
YEAR: 2023
LATITUDE: 30 43 N
LONGITUDE: 98 14 W
TEMPERATURE IN F: :PCPN: SNOW: WIND :SUNSHINE: SKY :PK WND
================================================================================
1 2 3 4 5 6A 6B 7 8 9 10 11 12 13 14 15 16 17 18
12Z AVG MX 2MIN
DY MAX MIN AVG DEP HDD CDD WTR SNW DPTH SPD SPD DIR MIN PSBL S-S WX SPD DR
================================================================================
1 80 58 69 -1 0 4 0.00 M M 8.2 15 80 M M 0 23 80
2 80 63 72 1 0 7 0.00 M M 5.4 12 130 M M 3 20 120
3 84 59 72 1 0 7 0.00 M M 4.6 13 120 M M 2 20 130
4 83 66 75 4 0 10 0.00 M M 7.2 15 170 M M 4 24 180
5 95 67 81 9 0 16 2.16 M M 8.3 28 330 M M 4 138 37 330
6 89 64 77 5 0 12 0.00 M M 8.8 17 180 M M 5 1 26 200
7 85 70 78 6 0 13 0.00 M M 8.2 20 200 M M 5 1 31 200
8 92 68 80 8 0 15 0.00 M M 7.0 20 140 M M 3 13 30 150
9 77 65 71 -1 0 6 0.37 M M 3.8 18 90 M M 5 13 26 100
10 80 66 73 0 0 8 0.09 M M 4.6 10 80 M M 8 1 16 40
11 89 71 80 7 0 15 T M M 7.3 16 190 M M 8 18 26 190
12 87 64 76 3 0 11 0.79 M M 9.4 25 280 M M 9 138 45 250
13 77 63 70 -4 0 5 0.96 M M 4.3 14 320 M M 5 13 19 330
14 82 63 73 -1 0 8 T M M 2.6 8 200 M M 3 12 230
15 84 65 75 1 0 10 0.03 M M 3.3 15 150 M M 3 3 29 160
16 76 65 71 -3 0 6 T M M 3.3 12 330 M M 4 15 330
17 87 61 74 -1 0 9 0.00 M M 2.1 9 80 M M 1 13 40
18 90 63 77 2 0 12 0.00 M M 5.2 15 140 M M 1 24 130
19 89 68 79 4 0 14 0.05 M M 6.4 17 180 M M 2 3 27 180
20 82 65 74 -2 0 9 0.05 M M 6.6 15 30 M M 4 22 330
21 72 64 68 -8 0 3 0.03 M M 2.9 8 40 M M 8 11 40
22 85 60 73 -3 0 8 0.00 M M 2.4 9 120 M M 1 1 14 110
23 91 63 77 1 0 12 T M M 6.0 24 330 M M 2 3 34 330
24 81 63 72 -5 0 7 1.00 M M 6.9 35 350 M M 3 13 52 340
25 82 64 73 -4 0 8 T M M 5.1 15 280 M M 3 1 20 170
26 84 66 75 -2 0 10 0.00 M M 5.2 13 100 M M 3 19 130
27 85 66 76 -2 0 11 T M M 4.5 20 40 M M 2 3 27 20
28 83 69 76 -2 0 11 0.00 M M 5.7 16 130 M M 2 26 140
29 86 67 77 -1 0 12 0.01 M M 3.1 13 100 M M 3 3 20 80
30 88 65 77 -1 0 12 0.00 M M 4.6 10 120 M M 1 16 110
31 88 67 78 -1 0 13 0.00 M M 5.5 14 120 M M 1 20 110
================================================================================
SM 2613 2008 0 304 5.54 M 168.5 M 108
================================================================================
AV 84.3 64.8 5.4 FASTST M M 3 MAX(MPH)
MISC ----> 35 350 52 340
================================================================================
NOTES:
# LAST OF SEVERAL OCCURRENCES
COLUMN 17 PEAK WIND IN M.P.H.
PRELIMINARY LOCAL CLIMATOLOGICAL DATA (WS FORM: F-6) , PAGE 2
STATION: BURNET
MONTH: MAY
YEAR: 2023
LATITUDE: 30 43 N
LONGITUDE: 98 14 W
[TEMPERATURE DATA] [PRECIPITATION DATA] SYMBOLS USED IN COLUMN 16
AVERAGE MONTHLY: 74.5 TOTAL FOR MONTH: 5.54 1 = FOG OR MIST
DPTR FM NORMAL: -0.1 DPTR FM NORMAL: 1.87 2 = FOG REDUCING VISIBILITY
HIGHEST: 95 ON 5 GRTST 24HR 2.16 ON 5- 5 TO 1/4 MILE OR LESS
LOWEST: 58 ON 1 3 = THUNDER
SNOW, ICE PELLETS, HAIL 4 = ICE PELLETS
TOTAL MONTH: M 5 = HAIL
GRTST 24HR M ON M 6 = FREEZING RAIN OR DRIZZLE
GRTST DEPTH: M ON M 7 = DUSTSTORM OR SANDSTORM:
VSBY 1/2 MILE OR LESS
8 = SMOKE OR HAZE
[NO. OF DAYS WITH] [WEATHER - DAYS WITH] 9 = BLOWING SNOW
X = TORNADO
MAX 32 OR BELOW: 0 0.01 INCH OR MORE: 11
MAX 90 OR ABOVE: 4 0.10 INCH OR MORE: 5
MIN 32 OR BELOW: 0 0.50 INCH OR MORE: 4
MIN 0 OR BELOW: 0 1.00 INCH OR MORE: 2
[HDD (BASE 65) ]
TOTAL THIS MO. 0 CLEAR (SCALE 0-3) 18
DPTR FM NORMAL -6 PTCLDY (SCALE 4-7) 10
TOTAL FM JUL 1 1644 CLOUDY (SCALE 8-10) 3
DPTR FM NORMAL -200
[CDD (BASE 65) ]
TOTAL THIS MO. 304
DPTR FM NORMAL 2 [PRESSURE DATA]
TOTAL FM JAN 1 513 HIGHEST SLP 30.21 ON 20
DPTR FM NORMAL 23 LOWEST SLP 29.72 ON 5
[REMARKS]
#FINAL-05-23#