000
CXUS54 KEWX 011010
CF6BMQ
PRELIMINARY LOCAL CLIMATOLOGICAL DATA (WS FORM: F-6)
STATION: BURNET
MONTH: MARCH
YEAR: 2023
LATITUDE: 30 43 N
LONGITUDE: 98 14 W
TEMPERATURE IN F: :PCPN: SNOW: WIND :SUNSHINE: SKY :PK WND
================================================================================
1 2 3 4 5 6A 6B 7 8 9 10 11 12 13 14 15 16 17 18
12Z AVG MX 2MIN
DY MAX MIN AVG DEP HDD CDD WTR SNW DPTH SPD SPD DIR MIN PSBL S-S WX SPD DR
================================================================================
1 84 68 76 20 0 11 T M M 6.8 14 230 M M 5 138 25 230
2 79 55 67 11 0 2 0.53 M M 11.0 40 300 M M 8 138 62 290
3 70 45 58 2 7 0 0.00 M M 10.1 22 270 M M 0 8 36 270
4 80 45 63 6 2 0 0.00 M M 5.6 16 200 M M 0 23 200
5 80 50 65 8 0 0 0.00 M M 6.8 17 190 M M 1 1 26 160
6 81 56 69 12 0 4 0.00 M M 5.5 14 210 M M 3 1 20 170
7 81 60 71 13 0 6 0.00 M M 6.4 14 200 M M 6 1 20 160
8 73 58 66 8 0 1 0.00 M M 6.4 15 40 M M 6 1 22 20
9 81 56 69 11 0 4 T M M 7.3 18 10 M M 9 18 29 350
10 71 52 62 4 3 0 0.01 M M 6.0 17 30 M M 7 1 27 20
11 89 58 74 15 0 9 0.00 M M 8.6 22 210 M M 2 18 31 220
12 72 53 63 4 2 0 0.00 M M 10.4 17 40 M M 2 27 60
13 67 46 57 -2 8 0 0.00 M M 9.8 17 40 M M 1 26 40
14 61 45 53 -7 12 0 0.00 M M 8.6 14 40 M M 6 21 40
15 73 48 61 1 4 0 0.00 M M 9.2 17 160 M M 6 34 170
16 81 47 64 4 1 0 0.02 M M 11.4 25 340 M M 6 13 39 20
17 57 40 49 -11 16 0 0.02 M M 12.1 26 330 M M 4 39 340
18 52 41 47 -14 18 0 0.00 M M 5.1 12 290 M M 6 19 80
19 59 35 47 -14 18 0 0.00 M M 2.5 9 250 M M 0 15 200
20 54 40 47 -14 18 0 0.00 M M 7.4 18 170 M M 8 1 30 170
21 71 50 61 -1 4 0 0.02 M M 7.3 14 180 M M 9 1 24 160
22 80 66 73 11 0 8 0.00 M M 11.5 22 190 M M 7 34 180
23 81 68 75 13 0 10 0.00 M M 11.9 24 190 M M 8 39 190
24 82 57 70 8 0 5 0.03 M M 9.8 21 290 M M 4 1 38 180
25 80 45 63 0 2 0 0.00 M M 4.7 17 290 M M 0 37 310
26 86 48 67 4 0 2 0.00 M M 5.2 17 30 M M 1 26 20
27 78 56 67 4 0 2 0.00 M M 9.5 16 30 M M 4 26 40
28 68 52 60 -4 5 0 T M M 12.0 25 30 M M 4 37 40
29 72 50 61 -3 4 0 0.00 0.0 0 7.5 14 190 M M 9 24 140
30 72 58 65 1 0 0 0.09 M M 8.1 18 170 M M 10 1 31 170
31 90 58 74 10 0 9 0.00 M M 11.3 20 320 M M 5 32 180
================================================================================
SM 2305 1606 124 73 0.72 0.0 255.8 M 147
================================================================================
AV 74.4 51.8 8.3 FASTST M M 5 MAX(MPH)
MISC ----> 40 300 62 290
================================================================================
NOTES:
# LAST OF SEVERAL OCCURRENCES
COLUMN 17 PEAK WIND IN M.P.H.
PRELIMINARY LOCAL CLIMATOLOGICAL DATA (WS FORM: F-6) , PAGE 2
STATION: BURNET
MONTH: MARCH
YEAR: 2023
LATITUDE: 30 43 N
LONGITUDE: 98 14 W
[TEMPERATURE DATA] [PRECIPITATION DATA] SYMBOLS USED IN COLUMN 16
AVERAGE MONTHLY: 63.1 TOTAL FOR MONTH: 0.72 1 = FOG OR MIST
DPTR FM NORMAL: 2.9 DPTR FM NORMAL: -1.94 2 = FOG REDUCING VISIBILITY
HIGHEST: 90 ON 31 GRTST 24HR 0.53 ON 1- 2 TO 1/4 MILE OR LESS
LOWEST: 35 ON 19 3 = THUNDER
SNOW, ICE PELLETS, HAIL 4 = ICE PELLETS
TOTAL MONTH: 0.0 INCH 5 = HAIL
GRTST 24HR 0.0 6 = FREEZING RAIN OR DRIZZLE
GRTST DEPTH: 0 7 = DUSTSTORM OR SANDSTORM:
VSBY 1/2 MILE OR LESS
8 = SMOKE OR HAZE
[NO. OF DAYS WITH] [WEATHER - DAYS WITH] 9 = BLOWING SNOW
X = TORNADO
MAX 32 OR BELOW: 0 0.01 INCH OR MORE: 7
MAX 90 OR ABOVE: 1 0.10 INCH OR MORE: 1
MIN 32 OR BELOW: 0 0.50 INCH OR MORE: 1
MIN 0 OR BELOW: 0 1.00 INCH OR MORE: 0
[HDD (BASE 65) ]
TOTAL THIS MO. 124 CLEAR (SCALE 0-3) 9
DPTR FM NORMAL -69 PTCLDY (SCALE 4-7) 17
TOTAL FM JUL 1 1579 CLOUDY (SCALE 8-10) 5
DPTR FM NORMAL -204
[CDD (BASE 65) ]
TOTAL THIS MO. 73
DPTR FM NORMAL 29 [PRESSURE DATA]
TOTAL FM JAN 1 92 HIGHEST SLP 30.56 ON 19
DPTR FM NORMAL 34 LOWEST SLP 29.28 ON 2
[REMARKS]
#FINAL-03-23#