000
CXUS54 KEWX 011110
CF6BMQ
PRELIMINARY LOCAL CLIMATOLOGICAL DATA (WS FORM: F-6)
STATION: BURNET
MONTH: JANUARY
YEAR: 2022
LATITUDE: 30 43 N
LONGITUDE: 98 14 W
TEMPERATURE IN F: :PCPN: SNOW: WIND :SUNSHINE: SKY :PK WND
================================================================================
1 2 3 4 5 6A 6B 7 8 9 10 11 12 13 14 15 16 17 18
12Z AVG MX 2MIN
DY MAX MIN AVG DEP HDD CDD WTR SNW DPTH SPD SPD DIR MIN PSBL S-S WX SPD DR
================================================================================
1 79 31 55 6 10 0 0.00 M M 7.2 24 330 M M 4 1 35 360
2 46 21 34 -15 31 0 0.00 M M 12.9 25 330 M M 0 36 320
3 57 23 40 -9 25 0 0.00 M M 2.8 10 180 M M 0 15 180
4 66 32 49 0 16 0 0.00 M M 8.3 20 230 M M 0 29 240
5 71 37 54 5 11 0 0.00 M M 4.1 12 310 M M 0 18 300
6 50 29 40 -9 25 0 0.00 M M 7.4 21 10 M M 0 30 360
7 42 24 33 -16 32 0 T M M 4.2 9 20 M M 6 18 15 20
8 65 39 52 3 13 0 0.02 M M 4.8 12 210 M M 8 12 17 190
9 61 43 52 3 13 0 0.00 M M 9.9 21 330 M M 5 12 32 10
10 57 35 46 -3 19 0 0.00 M M 8.1 18 360 M M 2 27 360
11 45 38 42 -7 23 0 0.55 M M 2.1 9 290 M M 6 1 13 300
12 62 40 51 2 14 0 0.00 M M 1.7 10 280 M M 4 15 280
13 72 37 55 6 10 0 0.00 M M 4.6 14 280 M M 0 19 280
14 77 38 58 9 7 0 0.00 M M 5.1 25 340 M M 0 8 37 350
15 62 38 50 1 15 0 T M M 21.4 33 320 M M 0 53 320
16 61 29 45 -4 20 0 0.00 M M 5.5 17 320 M M 0 24 330
17 68 32 50 1 15 0 0.00 M M 4.6 12 180 M M 0 8 18 170
18 74 46 60 11 5 0 T M M 9.2 20 200 M M 0 31 180
19 78 37 58 8 7 0 T M M 8.4 23 360 M M 1 12 38 350
20 37 28 33 -17 32 0 0.00 M M 13.8 24 360 M M 9 40 360
21 50 24 37 -13 28 0 0.00 M M 5.5 13 360 M M 2 8 21 20
22 54 29 42 -8 23 0 0.00 M M 3.9 10 50 M M 2 16 80
23 58 43 51 1 14 0 0.00 M M 3.3 9 180 M M 10 15 220
24 51 45 48 -2 17 0 0.35 M M 2.3 9 230 M M 10 13 14 210
25 50 38 44 -6 21 0 0.00 M M 4.8 12 70 M M 10 12 17 80
26 54 36 45 -5 20 0 0.00 M M 6.4 15 40 M M 6 1 23 30
27 58 36 47 -3 18 0 T M M 2.6 15 30 M M 6 24 40
28 58 33 46 -4 19 0 0.00 M M 8.5 18 340 M M 3 27 20
29 65 29 47 -3 18 0 0.00 M M 2.8 14 290 M M 0 19 240
30 68 30 49 -1 16 0 0.00 M M 4.2 14 190 M M 0 20 230
31 61 51 56 5 9 0 0.31 M M 4.5 20 100 M M 8 1 31 110
================================================================================
SM 1857 1071 546 0 1.23 M 194.9 M 102
================================================================================
AV 59.9 34.5 6.3 FASTST M M 3 MAX(MPH)
MISC ----> 33 320 53 320
================================================================================
NOTES:
# LAST OF SEVERAL OCCURRENCES
COLUMN 17 PEAK WIND IN M.P.H.
PRELIMINARY LOCAL CLIMATOLOGICAL DATA (WS FORM: F-6) , PAGE 2
STATION: BURNET
MONTH: JANUARY
YEAR: 2022
LATITUDE: 30 43 N
LONGITUDE: 98 14 W
[TEMPERATURE DATA] [PRECIPITATION DATA] SYMBOLS USED IN COLUMN 16
AVERAGE MONTHLY: 47.2 TOTAL FOR MONTH: 1.23 1 = FOG OR MIST
DPTR FM NORMAL: -2.2 DPTR FM NORMAL: -0.42 2 = FOG REDUCING VISIBILITY
HIGHEST: 79 ON 1 GRTST 24HR 0.55 ON 11-11 TO 1/4 MILE OR LESS
LOWEST: 21 ON 2 3 = THUNDER
SNOW, ICE PELLETS, HAIL 4 = ICE PELLETS
TOTAL MONTH: M 5 = HAIL
GRTST 24HR M ON M 6 = FREEZING RAIN OR DRIZZLE
GRTST DEPTH: M ON M 7 = DUSTSTORM OR SANDSTORM:
VSBY 1/2 MILE OR LESS
8 = SMOKE OR HAZE
[NO. OF DAYS WITH] [WEATHER - DAYS WITH] 9 = BLOWING SNOW
X = TORNADO
MAX 32 OR BELOW: 0 0.01 INCH OR MORE: 4
MAX 90 OR ABOVE: 0 0.10 INCH OR MORE: 3
MIN 32 OR BELOW: 13 0.50 INCH OR MORE: 1
MIN 0 OR BELOW: 0 1.00 INCH OR MORE: 0
[HDD (BASE 65) ]
TOTAL THIS MO. 546 CLEAR (SCALE 0-3) 18
DPTR FM NORMAL 58 PTCLDY (SCALE 4-7) 8
TOTAL FM JUL 1 873 CLOUDY (SCALE 8-10) 5
DPTR FM NORMAL -366
[CDD (BASE 65) ]
TOTAL THIS MO. 0
DPTR FM NORMAL -4 [PRESSURE DATA]
TOTAL FM JAN 1 0 HIGHEST SLP 30.69 ON 10
DPTR FM NORMAL -4 LOWEST SLP 29.60 ON 1
[REMARKS]
#FINAL-01-22#