000
CXUS54 KEWX 011110
CF6BMQ
PRELIMINARY LOCAL CLIMATOLOGICAL DATA (WS FORM: F-6)
STATION: BURNET
MONTH: NOVEMBER
YEAR: 2021
LATITUDE: 30 43 N
LONGITUDE: 98 14 W
TEMPERATURE IN F: :PCPN: SNOW: WIND :SUNSHINE: SKY :PK WND
================================================================================
1 2 3 4 5 6A 6B 7 8 9 10 11 12 13 14 15 16 17 18
12Z AVG MX 2MIN
DY MAX MIN AVG DEP HDD CDD WTR SNW DPTH SPD SPD DIR MIN PSBL S-S WX SPD DR
================================================================================
1 79 54 67 4 0 2 0.00 M M 4.0 12 150 M M 0 20 190
2 72 59 66 3 0 1 0.00 M M 5.5 13 20 M M 6 1 22 30
3 M M M M M M 1.12 M M 8.9 18 350 M M 10 13 35 320
4 55 46 51 -11 14 0 T M M 6.8 13 10 M M 10 1 19 20
5 63 40 52 -10 13 0 0.00 M M 2.5 7 110 M M 2 10 330
6 69 41 55 -6 10 0 0.00 M M 1.9 8 190 M M 0 11 180
7 74 43 59 -2 6 0 0.00 M M 3.7 12 180 M M 0 19 150
8 76 52 64 4 1 0 0.00 M M 5.1 14 190 M M 3 21 220
9 69 58 64 4 1 0 M M M 4.7 8 190 M M 7 1 M M
10 78 61 70 10 0 5 0.00 M M 7.9 23 180 M M 3 37 190
11 72 48 60 0 5 0 0.00 M M 7.1 17 20 M M 0 28 20
12 73 41 57 -2 8 0 0.00 M M 5.0 17 310 M M 0 25 300
13 68 39 54 -5 11 0 0.00 M M 2.7 9 140 M M 0 14 140
14 77 45 61 3 4 0 0.00 M M 3.7 13 200 M M 0 19 200
15 78 51 65 7 0 0 0.00 M M 4.7 16 190 M M 2 12 26 180
16 78 62 70 12 0 5 0.00 M M 10.8 20 180 M M 4 33 170
17 81 M M M M M 0.00 M M 11.3 20 360 M M 2 32 30
18 64 M M M M M 0.00 M M 10.1 22 20 M M 5 33 20
19 66 40 53 -4 12 0 0.00 M M 3.9 12 100 M M 0 16 110
20 72 47 60 4 5 0 0.00 M M 8.7 21 190 M M 0 31 180
21 74 55 65 9 0 0 T M M 7.5 15 340 M M 6 26 340
22 70 41 56 0 9 0 0.00 M M 6.1 15 360 M M 0 25 360
23 69 36 53 -3 12 0 0.00 M M 5.3 14 170 M M 0 25 170
24 74 56 65 10 0 0 0.00 M M 8.1 23 190 M M 6 38 170
25 67 47 57 2 8 0 0.00 M M 10.7 22 340 M M 2 12 32 360
26 55 41 48 -7 17 0 0.00 M M 3.7 12 20 M M 0 16 20
27 50 46 48 -6 17 0 0.16 M M 3.6 9 180 M M 9 1 14 180
28 70 44 57 3 8 0 0.00 M M 6.0 15 20 M M 3 1 25 30
29 73 38 56 2 9 0 0.00 M M 3.1 10 180 M M 0 15 180
30 74 46 60 6 5 0 0.00 M M 4.0 14 180 M M 0 22 160
================================================================================
SM 2040 1277 175 13 1.28 M 177.1 M 80
================================================================================
AV 70.3 47.3 5.9 FASTST M M 3 MAX(MPH)
MISC ----> # 23 180 38 170
================================================================================
NOTES:
# LAST OF SEVERAL OCCURRENCES
COLUMN 17 PEAK WIND IN M.P.H.
PRELIMINARY LOCAL CLIMATOLOGICAL DATA (WS FORM: F-6) , PAGE 2
STATION: BURNET
MONTH: NOVEMBER
YEAR: 2021
LATITUDE: 30 43 N
LONGITUDE: 98 14 W
[TEMPERATURE DATA] [PRECIPITATION DATA] SYMBOLS USED IN COLUMN 16
AVERAGE MONTHLY: 58.8 TOTAL FOR MONTH: 1.28 1 = FOG OR MIST
DPTR FM NORMAL: 0.7 DPTR FM NORMAL: -0.97 2 = FOG REDUCING VISIBILITY
HIGHEST: 81 ON 17 GRTST 24HR 1.12 ON 3- 3 TO 1/4 MILE OR LESS
LOWEST: 36 ON 23 3 = THUNDER
SNOW, ICE PELLETS, HAIL 4 = ICE PELLETS
TOTAL MONTH: M 5 = HAIL
GRTST 24HR M ON M 6 = FREEZING RAIN OR DRIZZLE
GRTST DEPTH: M ON M 7 = DUSTSTORM OR SANDSTORM:
VSBY 1/2 MILE OR LESS
8 = SMOKE OR HAZE
[NO. OF DAYS WITH] [WEATHER - DAYS WITH] 9 = BLOWING SNOW
X = TORNADO
MAX 32 OR BELOW: 0 0.01 INCH OR MORE: 2
MAX 90 OR ABOVE: 0 0.10 INCH OR MORE: 2
MIN 32 OR BELOW: 0 0.50 INCH OR MORE: 1
MIN 0 OR BELOW: 0 1.00 INCH OR MORE: 1
[HDD (BASE 65) ]
TOTAL THIS MO. 175 CLEAR (SCALE 0-3) 20
DPTR FM NORMAL -66 PTCLDY (SCALE 4-7) 7
TOTAL FM JUL 1 190 CLOUDY (SCALE 8-10) 3
DPTR FM NORMAL -103
[CDD (BASE 65) ]
TOTAL THIS MO. 13
DPTR FM NORMAL -19 [PRESSURE DATA]
TOTAL FM JAN 1 2637 HIGHEST SLP 30.48 ON 18
DPTR FM NORMAL -144 LOWEST SLP 29.79 ON 10
[REMARKS]
#FINAL-11-21#