000
CXUS54 KEWX 011010
CF6BMQ
PRELIMINARY LOCAL CLIMATOLOGICAL DATA (WS FORM: F-6)
STATION: BURNET
MONTH: FEBRUARY
YEAR: 2020
LATITUDE: 30 43 N
LONGITUDE: 98 14 W
TEMPERATURE IN F: :PCPN: SNOW: WIND :SUNSHINE: SKY :PK WND
================================================================================
1 2 3 4 5 6A 6B 7 8 9 10 11 12 13 14 15 16 17 18
12Z AVG MX 2MIN
DY MAX MIN AVG DEP HDD CDD WTR SNW DPTH SPD SPD DIR MIN PSBL S-S WX SPD DR
================================================================================
1 69 34 52 2 13 0 0.00 M M 5.8 15 270 M M 0 21 260
2 76 34 55 5 10 0 0.00 M M 5.3 17 200 M M 0 23 180
3 65 54 60 10 5 0 0.02 M M 8.3 20 190 M M 5 25 190
4 71 39 55 5 10 0 T M M 8.6 18 20 M M 6 12 26 20
5 39 31 35 -15 30 0 T M M 13.0 22 320 M M 10 1 28 330
6 51 27 39 -11 26 0 0.00 M M 7.2 20 280 M M 1 26 270
7 66 30 48 -2 17 0 0.00 M M 2.6 10 290 M M 0 13 290
8 64 41 53 3 12 0 0.00 M M 8.4 17 170 M M 5 34 160
9 70 60 65 14 0 0 T M M 6.9 18 170 M M 9 1 33 170
10 67 41 54 3 11 0 0.01 M M 8.5 20 330 M M 9 1 29 340
11 42 39 41 -10 24 0 0.49 M M 9.4 16 10 M M 10 13 27 40
12 56 39 48 -3 17 0 1.71 M M 7.8 18 290 M M 6 13 23 290
13 51 34 43 -8 22 0 0.00 M M 8.7 20 330 M M 2 32 340
14 56 30 43 -9 22 0 0.00 M M 5.4 14 40 M M 0 21 50
15 59 34 47 -5 18 0 0.00 M M 5.6 16 180 M M 4 1 25 200
16 77 46 62 10 3 0 0.00 M M 3.9 12 210 M M 0 1 19 210
17 80 52 66 14 0 1 0.00 M M 6.0 17 190 M M 3 12 24 230
18 68 46 57 5 8 0 0.08 M M 6.9 18 360 M M 9 1 29 360
19 48 43 46 -7 19 0 0.16 M M 7.6 16 30 M M 10 1 27 30
20 50 38 44 -9 21 0 0.08 M M 11.5 22 20 M M 7 1 34 10
21 52 31 42 -11 23 0 0.00 M M 4.8 13 40 M M 1 21 10
22 61 42 52 -1 13 0 0.00 M M 6.9 16 180 M M 5 27 180
23 61 51 56 2 9 0 T M M 5.9 14 180 M M 9 22 180
24 68 44 56 2 9 0 0.01 M M 5.6 16 300 M M 2 26 280
25 63 43 53 -1 12 0 0.00 M M 10.5 22 330 M M 3 32 360
26 51 33 42 -12 23 0 0.00 M M 13.7 29 330 M M 2 44 330
27 60 25 43 -11 22 0 0.00 M M 3.7 14 290 M M 0 21 290
28 71 33 52 -3 13 0 0.00 M M 2.2 10 240 M M 0 16 270
29 71 40 56 1 9 0 0.00 M M 7.4 22 190 M M 0 35 180
================================================================================
SM 1783 1134 421 1 2.56 M 208.1 M 118
================================================================================
AV 61.5 39.1 7.2 FASTST M M 4 MAX(MPH)
MISC ----> # 29 330 # 44 330
================================================================================
NOTES:
# LAST OF SEVERAL OCCURRENCES
COLUMN 17 PEAK WIND IN M.P.H.
PRELIMINARY LOCAL CLIMATOLOGICAL DATA (WS FORM: F-6) , PAGE 2
STATION: BURNET
MONTH: FEBRUARY
YEAR: 2020
LATITUDE: 30 43 N
LONGITUDE: 98 14 W
[TEMPERATURE DATA] [PRECIPITATION DATA] SYMBOLS USED IN COLUMN 16
AVERAGE MONTHLY: 50.3 TOTAL FOR MONTH: 2.56 1 = FOG OR MIST
DPTR FM NORMAL: -1.5 DPTR FM NORMAL: 0.53 2 = FOG REDUCING VISIBILITY
HIGHEST: 80 ON 17 GRTST 24HR 1.71 ON 12-12 TO 1/4 MILE OR LESS
LOWEST: 25 ON 27 3 = THUNDER
SNOW, ICE PELLETS, HAIL 4 = ICE PELLETS
TOTAL MONTH: M 5 = HAIL
GRTST 24HR M ON M 6 = FREEZING RAIN OR DRIZZLE
GRTST DEPTH: M ON M 7 = DUSTSTORM OR SANDSTORM:
VSBY 1/2 MILE OR LESS
8 = SMOKE OR HAZE
[NO. OF DAYS WITH] [WEATHER - DAYS WITH] 9 = BLOWING SNOW
X = TORNADO
MAX 32 OR BELOW: 0 0.01 INCH OR MORE: 8
MAX 90 OR ABOVE: 0 0.10 INCH OR MORE: 3
MIN 32 OR BELOW: 6 0.50 INCH OR MORE: 1
MIN 0 OR BELOW: 0 1.00 INCH OR MORE: 1
[HDD (BASE 65) ]
TOTAL THIS MO. 421 CLEAR (SCALE 0-3) 15
DPTR FM NORMAL 44 PTCLDY (SCALE 4-7) 7
TOTAL FM JUL 1 1473 CLOUDY (SCALE 8-10) 7
DPTR FM NORMAL -262
[CDD (BASE 65) ]
TOTAL THIS MO. 1
DPTR FM NORMAL -7 [PRESSURE DATA]
TOTAL FM JAN 1 11 HIGHEST SLP 30.74 ON 21
DPTR FM NORMAL 0 LOWEST SLP 29.70 ON 3
[REMARKS]
#FINAL-02-20#