000
CXUS55 KOHX 052004
CF6BNA
PRELIMINARY LOCAL CLIMATOLOGICAL DATA (WS FORM: F-6)
STATION: NASHVILLE
MONTH: AUGUST
YEAR: 2021
LATITUDE: 36 7 N
LONGITUDE: 86 41 W
TEMPERATURE IN F: :PCPN: SNOW: WIND :SUNSHINE: SKY :PK WND
================================================================================
1 2 3 4 5 6A 6B 7 8 9 10 11 12 13 14 15 16 17 18
12Z AVG MX 2MIN
DY MAX MIN AVG DEP HDD CDD WTR SNW DPTH SPD SPD DIR MIN PSBL S-S WX SPD DR
================================================================================
1 84 69 77 -4 0 12 0.27 0.0 0 5.7 14 360 M M 8 138 32 90
2 86 67 77 -4 0 12 0.00 0.0 0 6.5 13 10 M M 2 18 18 40
3 87 63 75 -6 0 10 0.00 0.0 0 5.1 13 50 M M 3 17 40
4 87 62 75 -6 0 10 0.00 0.0 0 4.8 14 360 M M 2 24 360
5 89 62 76 -5 0 11 0.00 0.0 0 2.8 10 90 M M 2 26 40
6 85 68 77 -4 0 12 0.00 0.0 0 3.2 12 190 M M 7 8 18 300
7 89 72 81 0 0 16 0.01 0.0 0 4.4 13 170 M M 6 17 140
8 91 70 81 1 0 16 0.00 0.0 0 4.6 13 190 M M 4 18 190
9 95 71 83 3 0 18 0.12 0.0 0 7.6 17 310 M M 5 1 27 310
10 96 76 86 6 0 21 0.00 0.0 0 6.7 14 250 M M 3 23 210
11 97 76 87 7 0 22 0.00 0.0 0 6.6 25 190 M M 3 32 180
12 95 73 84 4 0 19 T 0.0 0 4.3 15 170 M M 4 38 24 230
13 92 73 83 3 0 18 0.22 0.0 0 4.9 32 120 M M 8 13 45 130
14 91 73 82 2 0 17 T 0.0 0 3.6 17 40 M M 7 1 21 50
15 84 72 78 -2 0 13 0.37 0.0 0 3.3 17 180 M M 8 13 21 180
16 84 71 78 -2 0 13 0.01 0.0 0 4.2 13 180 M M 8 13 16 190
17 89 72 81 1 0 16 0.00 0.0 0 3.8 10 60 M M 6 17 360
18 90 70 80 0 0 15 0.63 0.0 0 4.0 15 130 M M 6 138 23 70
19 86 72 79 -1 0 14 0.03 0.0 0 2.3 8 180 M M 8 11 230
20 87 74 81 1 0 16 0.03 0.0 0 2.7 10 270 M M 7 1 14 260
21 85 75 80 1 0 15 2.36 0.0 0 4.7 15 170 M M 9 13 20 170
22 91 75 83 4 0 18 0.00 0.0 0 5.0 12 330 M M 6 1 16 310
23 95 72 84 5 0 19 0.00 0.0 0 2.6 9 80 M M 1 18 13 60
24 96 72 84 5 0 19 0.00 0.0 0 2.0 10 90 M M 2 18 14 70
25 98 73 86 7 0 21 0.00 0.0 0 1.7 13 30 M M 2 18 16 350
26 96 73 85 6 0 20 T 0.0 0 4.0 22 60 M M 3 13 28 60
27 94 74 84 6 0 19 0.00 0.0 0 3.3 13 180 M M 3 20 170
28 94 75 85 7 0 20 0.19 0.0 0 5.3 20 80 M M 5 13 26 90
29 93 73 83 5 0 18 0.08 0.0 0 4.5 24 170 M M 5 3 34 180
30 85 71 78 0 0 13 0.41 0.0 0 4.6 14 50 M M 9 13 20 220
31 76 71 74 -4 0 9 2.32 0.0 0 11.8 24 80 M M 10 18 35 50
================================================================================
SM 2787 2210 0 492 7.05 0.0 140.6 M 162
================================================================================
AV 89.9 71.3 4.5 FASTST M M 5 MAX(MPH)
MISC ----> 32 120 45 130
================================================================================
NOTES:
# LAST OF SEVERAL OCCURRENCES
COLUMN 17 PEAK WIND IN M.P.H.
PRELIMINARY LOCAL CLIMATOLOGICAL DATA (WS FORM: F-6) , PAGE 2
STATION: NASHVILLE
MONTH: AUGUST
YEAR: 2021
LATITUDE: 36 7 N
LONGITUDE: 86 41 W
[TEMPERATURE DATA] [PRECIPITATION DATA] SYMBOLS USED IN COLUMN 16
AVERAGE MONTHLY: 80.6 TOTAL FOR MONTH: 7.05 1 = FOG OR MIST
DPTR FM NORMAL: 0.9 DPTR FM NORMAL: 3.26 2 = FOG REDUCING VISIBILITY
HIGHEST: 98 ON 25 GRTST 24HR 3.40 ON 31- 1 TO 1/4 MILE OR LESS
LOWEST: 62 ON 5, 4 3 = THUNDER
SNOW, ICE PELLETS, HAIL 4 = ICE PELLETS
TOTAL MONTH: 0.0 INCH 5 = HAIL
GRTST 24HR 0.0 6 = FREEZING RAIN OR DRIZZLE
GRTST DEPTH: 0 7 = DUSTSTORM OR SANDSTORM:
VSBY 1/2 MILE OR LESS
8 = SMOKE OR HAZE
[NO. OF DAYS WITH] [WEATHER - DAYS WITH] 9 = BLOWING SNOW
X = TORNADO
MAX 32 OR BELOW: 0 0.01 INCH OR MORE: 14
MAX 90 OR ABOVE: 16 0.10 INCH OR MORE: 9
MIN 32 OR BELOW: 0 0.50 INCH OR MORE: 3
MIN 0 OR BELOW: 0 1.00 INCH OR MORE: 2
[HDD (BASE 65) ]
TOTAL THIS MO. 0 CLEAR (SCALE 0-3) 9
DPTR FM NORMAL 0 PTCLDY (SCALE 4-7) 19
TOTAL FM JUL 1 0 CLOUDY (SCALE 8-10) 3
DPTR FM NORMAL 0
[CDD (BASE 65) ]
TOTAL THIS MO. 492
DPTR FM NORMAL 36 [PRESSURE DATA]
TOTAL FM JAN 1 1558 HIGHEST SLP 30.19 ON 28
DPTR FM NORMAL 11 LOWEST SLP 29.55 ON 31
[REMARKS]
#FINAL-08-21#