000
CXUS55 KBOI 011002
CF6BOI
PRELIMINARY LOCAL CLIMATOLOGICAL DATA (WS FORM: F-6)
STATION: BOISE ID
MONTH: JULY
YEAR: 2022
LATITUDE: 43 34 N
LONGITUDE: 116 13 W
TEMPERATURE IN F: :PCPN: SNOW: WIND :SUNSHINE: SKY :PK WND
================================================================================
1 2 3 4 5 6A 6B 7 8 9 10 11 12 13 14 15 16 17 18
12Z AVG MX 2MIN
DY MAX MIN AVG DEP HDD CDD WTR SNW DPTH SPD SPD DIR MIN PSBL S-S WX SPD DR
================================================================================
1 94 61 78 5 0 13 0.00 0.0 0 6.6 16 340 M M 0 25 330
2 95 62 79 6 0 14 0.00 0.0 0 7.3 14 340 M M 0 17 280
3 88 64 76 2 0 11 T 0.0 0 7.5 45 160 M M 0 8 67 150
4 82 60 71 -3 0 6 0.00 0.0 0 7.6 17 320 M M 0 27 310
5 91 61 76 2 0 11 0.00 0.0 0 5.4 13 330 M M 1 19 20
6 92 62 77 2 0 12 0.00 0.0 0 7.7 18 290 M M 0 25 290
7 95 65 80 5 0 15 T 0.0 0 6.4 17 300 M M 0 22 10
8 96 62 79 3 0 14 0.00 0.0 0 5.8 14 320 M M 0 21 330
9 94 61 78 2 0 13 0.00 0.0 0 7.6 20 300 M M 0 31 280
10 89 63 76 0 0 11 0.00 0.0 0 10.4 21 310 M M 0 31 290
11 93 57 75 -2 0 10 0.00 0.0 0 4.7 12 300 M M 0 8 19 250
12 101 64 83 6 0 18 0.00 0.0 0 6.4 16 130 M M 0 23 120
13 100 74 87 10 0 22 0.00 0.0 0 7.0 22 220 M M 0 29 220
14 103 65 84 6 0 19 0.00 0.0 0 5.5 13 170 M M 0 20 180
15 100 70 85 7 0 20 0.00 0.0 0 6.0 9 140 M M 0 23 340
16 104 65 85 7 0 20 0.00 0.0 0 5.6 13 140 M M M 15 140
17 102 66 84 6 0 19 T 0.0 0 7.2 29 140 M M M 40 130
18 90 67 79 1 0 14 0.00 0.0 0 10.4 22 350 M M 0 29 360
19 98 59 79 0 0 14 0.00 0.0 0 5.4 13 350 M M 0 17 360
20 101 65 83 4 0 18 0.00 0.0 0 6.7 18 340 M M 0 24 20
21 100 64 82 3 0 17 0.00 0.0 0 6.7 15 300 M M 0 22 280
22 97 65 81 2 0 16 0.00 0.0 0 8.9 18 330 M M 0 26 340
23 96 58 77 -2 0 12 0.00 0.0 0 5.9 16 310 M M 0 22 320
24 94 59 77 -2 0 12 0.00 0.0 0 8.2 21 310 M M 0 31 300
25 96 61 79 0 0 14 0.00 0.0 0 5.6 13 280 M M 0 22 270
26 100 65 83 4 0 18 0.00 0.0 0 5.9 14 300 M M 0 22 290
27 102 69 86 7 0 21 0.00 0.0 0 8.0 21 300 M M 0 8 25 280
28 103 70 87 8 0 22 0.00 0.0 0 6.5 17 300 M M 0 23 300
29 104 69 87 8 0 22 0.00 0.0 0 7.3 21 300 M M 0 28 270
30 103 70 87 8 0 22 0.00 0.0 0 6.6 16 290 M M 0 21 260
31 106 74 90 11 0 25 0.00 0.0 0 7.3 15 130 M M 0 19 120
================================================================================
SM 3009 1997 0 495 T 0.0 214.1 M 1
================================================================================
AV 97.1 64.4 6.9 FASTST M M 0 MAX(MPH)
MISC ----> 45 160 67 150
================================================================================
NOTES:
# LAST OF SEVERAL OCCURRENCES
COLUMN 17 PEAK WIND IN M.P.H.
PRELIMINARY LOCAL CLIMATOLOGICAL DATA (WS FORM: F-6) , PAGE 2
STATION: BOISE ID
MONTH: JULY
YEAR: 2022
LATITUDE: 43 34 N
LONGITUDE: 116 13 W
[TEMPERATURE DATA] [PRECIPITATION DATA] SYMBOLS USED IN COLUMN 16
AVERAGE MONTHLY: 80.7 TOTAL FOR MONTH: T 1 = FOG OR MIST
DPTR FM NORMAL: 3.4 DPTR FM NORMAL: -0.21 2 = FOG REDUCING VISIBILITY
HIGHEST: 106 ON 31 GRTST 24HR T ON 3- 3 TO 1/4 MILE OR LESS
LOWEST: 57 ON 11 3 = THUNDER
SNOW, ICE PELLETS, HAIL 4 = ICE PELLETS
TOTAL MONTH: 0.0 INCH 5 = HAIL
GRTST 24HR 0.0 6 = FREEZING RAIN OR DRIZZLE
GRTST DEPTH: 0 7 = DUSTSTORM OR SANDSTORM:
VSBY 1/2 MILE OR LESS
8 = SMOKE OR HAZE
[NO. OF DAYS WITH] [WEATHER - DAYS WITH] 9 = BLOWING SNOW
X = TORNADO
MAX 32 OR BELOW: 0 0.01 INCH OR MORE: 0
MAX 90 OR ABOVE: 28 0.10 INCH OR MORE: 0
MIN 32 OR BELOW: 0 0.50 INCH OR MORE: 0
MIN 0 OR BELOW: 0 1.00 INCH OR MORE: 0
[HDD (BASE 65) ]
TOTAL THIS MO. 0 CLEAR (SCALE 0-3) 29
DPTR FM NORMAL -5 PTCLDY (SCALE 4-7) 0
TOTAL FM JUL 1 0 CLOUDY (SCALE 8-10) 2
DPTR FM NORMAL -1
[CDD (BASE 65) ]
TOTAL THIS MO. 495
DPTR FM NORMAL 109 [PRESSURE DATA]
TOTAL FM JAN 1 652 HIGHEST SLP 30.16 ON 10
DPTR FM NORMAL 78 LOWEST SLP 29.54 ON 2
[REMARKS]
#FINAL-07-22#