000
CXUS54 KMAF 011110
CF6BPG
PRELIMINARY LOCAL CLIMATOLOGICAL DATA (WS FORM: F-6)
STATION: BIG SPRING MCMAHON-WRINKLE FI
MONTH: AUGUST
YEAR: 2022
LATITUDE: 32 12 N
LONGITUDE: 101 31 W
TEMPERATURE IN F: :PCPN: SNOW: WIND :SUNSHINE: SKY :PK WND
================================================================================
1 2 3 4 5 6A 6B 7 8 9 10 11 12 13 14 15 16 17 18
12Z AVG MX 2MIN
DY MAX MIN AVG DEP HDD CDD WTR SNW DPTH SPD SPD DIR MIN PSBL S-S WX SPD DR
================================================================================
1 100 76 88 M 0 23 M M M 12.3 18 190 M M 0 25 180
2 100 79 90 M 0 25 M M M 14.1 21 180 M M 0 26 190
3 104 78 91 M 0 26 M M M 13.1 21 180 M M 0 24 180
4 103 80 92 M 0 27 M M M 9.4 16 30 M M 2 21 120
5 103 79 91 M 0 26 M M M 10.7 15 130 M M 1 25 150
6 99 76 88 M 0 23 M M M 12.0 24 160 M M 2 30 150
7 98 75 87 M 0 22 M M M 12.0 17 180 M M 3 24 200
8 96 76 86 M 0 21 0.24 M M 9.9 17 180 M M 4 8 35 40
9 98 73 86 M 0 21 0.04 M M 7.9 24 50 M M 2 3 31 100
10 91 74 83 M 0 18 M M M 8.5 20 10 M M 1 24 10
11 98 72 85 M 0 20 M M M 5.9 14 60 M M 2 20 40
12 98 74 86 M 0 21 M M M 10.3 16 80 M M 1 26 360
13 98 76 87 M 0 22 M M M 7.4 12 80 M M 4 20 110
14 99 77 88 M 0 23 M M M 9.9 17 130 M M 1 21 130
15 94 73 84 M 0 19 M M M 11.9 20 150 M M 1 28 150
16 94 74 84 M 0 19 M M M 6.9 14 130 M M 0 21 130
17 96 69 83 M 0 18 0.44 M M 6.5 16 40 M M 3 3 23 50
18 87 68 78 M 0 13 0.67 M M 9.8 18 50 M M 3 1 20 40
19 92 72 82 M 0 17 M M M 6.6 20 180 M M 4 17 30
20 93 71 82 M 0 17 0.44 M M 12.8 20 180 M M 5 26 150
21 87 69 78 M 0 13 0.29 M M 8.7 14 80 M M 7 1 21 120
22 77 70 74 M 0 9 0.01 M M 10.8 17 40 M M 10 1 22 40
23 85 70 78 M 0 13 M M M 7.2 13 60 M M 7 17 60
24 87 67 77 M 0 12 M M M 7.3 12 60 M M 1 20 20
25 91 70 81 M 0 16 M M M 7.9 14 120 M M 5 M M
26 93 71 82 M 0 17 M M M 4.7 12 80 M M 3 18 100
27 96 72 84 M 0 19 M M M 10.3 14 190 M M 2 21 170
28 99 75 87 M 0 22 M M M 12.6 21 180 M M 1 36 120
29 96 67 82 M 0 17 0.05 M M 14.4 40 350 M M 3 3 45 350
30 80 68 74 M 0 9 0.20 M M 8.5 14 70 M M 8 24 50
31 81 69 75 M 0 10 M M M 7.6 13 360 M M 5 16 150
================================================================================
SM 2913 2260 0 578 2.38 M 297.9 M 91
================================================================================
AV 94.0 72.9 9.6 FASTST M M 3 MAX(MPH)
MISC ----> 40 350 45 350
================================================================================
NOTES:
# LAST OF SEVERAL OCCURRENCES
COLUMN 17 PEAK WIND IN M.P.H.
PRELIMINARY LOCAL CLIMATOLOGICAL DATA (WS FORM: F-6) , PAGE 2
STATION: BIG SPRING MCMAHON-WRINKLE FI
MONTH: AUGUST
YEAR: 2022
LATITUDE: 32 12 N
LONGITUDE: 101 31 W
[TEMPERATURE DATA] [PRECIPITATION DATA] SYMBOLS USED IN COLUMN 16
AVERAGE MONTHLY: 83.4 TOTAL FOR MONTH: 2.38 1 = FOG OR MIST
DPTR FM NORMAL: 0.0 DPTR FM NORMAL: M 2 = FOG REDUCING VISIBILITY
HIGHEST: 104 ON 3 GRTST 24HR 0.67 ON 18-18 TO 1/4 MILE OR LESS
LOWEST: 67 ON 29,24 3 = THUNDER
SNOW, ICE PELLETS, HAIL 4 = ICE PELLETS
TOTAL MONTH: M 5 = HAIL
GRTST 24HR M ON M 6 = FREEZING RAIN OR DRIZZLE
GRTST DEPTH: M ON M 7 = DUSTSTORM OR SANDSTORM:
VSBY 1/2 MILE OR LESS
8 = SMOKE OR HAZE
[NO. OF DAYS WITH] [WEATHER - DAYS WITH] 9 = BLOWING SNOW
X = TORNADO
MAX 32 OR BELOW: 0 0.01 INCH OR MORE: 9
MAX 90 OR ABOVE: 24 0.10 INCH OR MORE: 6
MIN 32 OR BELOW: 0 0.50 INCH OR MORE: 1
MIN 0 OR BELOW: 0 1.00 INCH OR MORE: 0
[HDD (BASE 65) ]
TOTAL THIS MO. 0 CLEAR (SCALE 0-3) 20
DPTR FM NORMAL M PTCLDY (SCALE 4-7) 10
TOTAL FM JUL 1 0 CLOUDY (SCALE 8-10) 1
DPTR FM NORMAL M
[CDD (BASE 65) ]
TOTAL THIS MO. 578
DPTR FM NORMAL M [PRESSURE DATA]
TOTAL FM JAN 1 2630 HIGHEST SLP M ON M
DPTR FM NORMAL M LOWEST SLP M ON M
[REMARKS]
#FINAL-08-22#