000
CXUS55 KRIW 011010
CF6BPI
PRELIMINARY LOCAL CLIMATOLOGICAL DATA (WS FORM: F-6)
STATION: BIG PINEY WY
MONTH: APRIL
YEAR: 2022
LATITUDE: 42 34 N
LONGITUDE: 110 6 W
TEMPERATURE IN F: :PCPN: SNOW: WIND :SUNSHINE: SKY :PK WND
================================================================================
1 2 3 4 5 6A 6B 7 8 9 10 11 12 13 14 15 16 17 18
12Z AVG MX 2MIN
DY MAX MIN AVG DEP HDD CDD WTR SNW DPTH SPD SPD DIR MIN PSBL S-S WX SPD DR
================================================================================
1 48 16 32 -1 33 0 0.00 M M 7.3 20 340 M M 0 27 360
2 56 19 38 5 27 0 0.00 M M 9.9 32 270 M M 0 43 270
3 52 20 36 2 29 0 0.00 M M 8.0 15 270 M M 0 22 250
4 48 17 33 -1 32 0 T M M 13.5 39 280 M M 2 49 270
5 35 17 26 -8 39 0 T M M 18.3 35 310 M M 7 12 50 320
6 39 12 26 -8 39 0 0.00 M M 14.4 25 340 M M 0 34 350
7 53 12 33 -1 32 0 0.00 M M 10.1 23 340 M M 0 39 10
8 65 22 44 9 21 0 0.00 M M 8.4 20 280 M M 0 27 250
9 51 19 35 0 30 0 0.00 M M 11.6 29 310 M M 0 39 320
10 34 16 25 -10 40 0 0.00 M M 14.9 29 270 M M 3 39 280
11 37 18 28 -7 37 0 T M M 10.3 28 220 M M 7 18 37 220
12 30 7 19 -17 46 0 T M M 10.6 31 270 M M 5 18 38 270
13 27 4 16 -20 49 0 T M M 8.7 29 350 M M 7 18 37 340
14 41 15 28 -8 37 0 T M M 10.9 31 280 M M 8 1 43 270
15 42 20 31 -5 34 0 0.01 M M 9.6 31 280 M M 6 1 43 290
16 54 23 39 3 26 0 0.03 M M 9.6 36 250 M M 6 1 45 280
17 43 23 33 -4 32 0 0.00 M M 10.6 28 320 M M 6 43 300
18 61 15 38 1 27 0 0.00 M M 7.4 24 250 M M 0 33 230
19 58 22 40 3 25 0 0.00 M M 11.8 31 280 M M 4 44 290
20 51 21 36 -1 29 0 0.00 M M 6.9 24 270 M M 5 36 260
21 64 20 42 4 23 0 0.00 M M 11.6 31 240 M M 2 45 230
22 49 33 41 3 24 0 0.05 M M 6.7 23 330 M M 8 1 33 340
23 46 28 37 -1 28 0 0.00 M M 20.6 31 330 M M 6 43 360
24 48 25 37 -1 28 0 0.00 M M 8.5 21 50 M M 5 27 50
25 52 21 37 -2 28 0 0.00 M M 5.0 16 180 M M 4 23 220
26 60 19 40 1 25 0 0.00 M M 9.4 30 250 M M 1 40 260
27 61 32 47 8 18 0 0.00 M M 7.5 36 320 M M 6 47 330
28 61 23 42 3 23 0 0.00 M M 10.4 32 240 M M 4 45 250
29 46 22 34 -6 31 0 T M M 14.6 35 330 M M 5 46 340
30 58 17 38 -2 27 0 0.00 M M 6.2 18 210 M M 2 24 210
================================================================================
SM 1470 578 919 0 0.09 M 313.3 M 109
================================================================================
AV 49.0 19.3 10.4 FASTST M M 4 MAX(MPH)
MISC ----> 39 280 50 320
================================================================================
NOTES:
# LAST OF SEVERAL OCCURRENCES
COLUMN 17 PEAK WIND IN M.P.H.
PRELIMINARY LOCAL CLIMATOLOGICAL DATA (WS FORM: F-6) , PAGE 2
STATION: BIG PINEY WY
MONTH: APRIL
YEAR: 2022
LATITUDE: 42 34 N
LONGITUDE: 110 6 W
[TEMPERATURE DATA] [PRECIPITATION DATA] SYMBOLS USED IN COLUMN 16
AVERAGE MONTHLY: 34.1 TOTAL FOR MONTH: 0.09 1 = FOG OR MIST
DPTR FM NORMAL: -2.3 DPTR FM NORMAL: -0.60 2 = FOG REDUCING VISIBILITY
HIGHEST: 65 ON 8 GRTST 24HR 0.05 ON 22-22 TO 1/4 MILE OR LESS
LOWEST: 4 ON 13 3 = THUNDER
SNOW, ICE PELLETS, HAIL 4 = ICE PELLETS
TOTAL MONTH: M 5 = HAIL
GRTST 24HR M ON M 6 = FREEZING RAIN OR DRIZZLE
GRTST DEPTH: M ON M 7 = DUSTSTORM OR SANDSTORM:
VSBY 1/2 MILE OR LESS
8 = SMOKE OR HAZE
[NO. OF DAYS WITH] [WEATHER - DAYS WITH] 9 = BLOWING SNOW
X = TORNADO
MAX 32 OR BELOW: 2 0.01 INCH OR MORE: 3
MAX 90 OR ABOVE: 0 0.10 INCH OR MORE: 0
MIN 32 OR BELOW: 29 0.50 INCH OR MORE: 0
MIN 0 OR BELOW: 0 1.00 INCH OR MORE: 0
[HDD (BASE 65) ]
TOTAL THIS MO. 919 CLEAR (SCALE 0-3) 12
DPTR FM NORMAL 59 PTCLDY (SCALE 4-7) 17
TOTAL FM JUL 1 8859 CLOUDY (SCALE 8-10) 1
DPTR FM NORMAL -612
[CDD (BASE 65) ]
TOTAL THIS MO. 0
DPTR FM NORMAL 0 [PRESSURE DATA]
TOTAL FM JAN 1 0 HIGHEST SLP 30.53 ON 7
DPTR FM NORMAL 0 LOWEST SLP 29.28 ON 11
[REMARKS]
#FINAL-04-22#