000
CXUS53 KDVN 011128
CLMBRL
CLIMATE REPORT
NATIONAL WEATHER SERVICE QUAD CITIES IA IL
628 AM CDT MON MAY 01 2023
...................................
...THE BURLINGTON IA CLIMATE SUMMARY FOR THE MONTH OF APRIL 2023...
CLIMATE NORMAL PERIOD 1991 TO 2020
CLIMATE RECORD PERIOD 1897 TO 2023
WEATHER OBSERVED NORMAL DEPART LAST YEAR`S
VALUE DATE(S) VALUE FROM VALUE
NORMAL
..............................................................
TEMPERATURE (F)
RECORD
HIGH 93 04/10/1930
LOW 11 04/06/1982
HIGHEST 86 04/04 70 16
LOWEST 28 04/06 38 -10
04/24
AVG. MAXIMUM 65.6 62.8 2.8
AVG. MINIMUM 39.5 41.9 -2.4
MEAN 52.5 52.3 0.2
DAYS MAX >= 90 0
DAYS MAX <= 32 0
DAYS MIN <= 32 5
DAYS MIN <= 0 0
PRECIPITATION (INCHES)
TOTALS 1.21 3.92 -2.71
DAILY AVG. 0.04 0.13 -0.09
DAYS >= .01 7
DAYS >= .10 5
DAYS >= .50 0
DAYS >= 1.00 0
GREATEST
24 HR. TOTAL 0.50 04/15 TO 04/16
DEGREE DAYS
HEATING TOTAL 372 391 -19
SINCE 7/1 5417 5664 -247
COOLING TOTAL 5 11 -6
SINCE 1/1 5 13 -8
..............................................................
WIND (MPH)
AVERAGE WIND SPEED 9.8
HIGHEST WIND SPEED/DIRECTION 33/220 DATE 04/20
HIGHEST GUST SPEED/DIRECTION 51/300 DATE 04/01
SKY COVER
POSSIBLE SUNSHINE (PERCENT) MM
AVERAGE SKY COVER 0.31
NUMBER OF DAYS FAIR 16
NUMBER OF DAYS PC 11
NUMBER OF DAYS CLOUDY 3
AVERAGE RH (PERCENT) 57
WEATHER CONDITIONS. NUMBER OF DAYS WITH
THUNDERSTORM 4 HAIL 0
SLEET 0 FOG 8
FOG W/VIS <= 1/4 MILE 0 HAZE 6
- INDICATES NEGATIVE NUMBERS.
R INDICATES RECORD WAS SET OR TIED.
MM INDICATES DATA IS MISSING.
T INDICATES TRACE AMOUNT.
$$