000
CXUS54 KBRO 010800
CF6BRO
PRELIMINARY LOCAL CLIMATOLOGICAL DATA (WS FORM: F-6)
STATION: BROWNSVILLE
MONTH: MAY
YEAR: 2023
LATITUDE: 25 53 N
LONGITUDE: 97 26 W
TEMPERATURE IN F: :PCPN: SNOW: WIND :SUNSHINE: SKY :PK WND
================================================================================
1 2 3 4 5 6A 6B 7 8 9 10 11 12 13 14 15 16 17 18
12Z AVG MX 2MIN
DY MAX MIN AVG DEP HDD CDD WTR SNW DPTH SPD SPD DIR MIN PSBL S-S WX SPD DR
================================================================================
1 88 66 77 -2 0 12 0.00 0.0 M 14.5 29 190 M M 0 39 190
2 86 73 80 0 0 15 0.00 0.0 M 10.2 21 120 M M 6 29 100
3 87 75 81 1 0 16 0.00 0.0 M 8.6 16 60 M M 8 22 30
4 88 74 81 1 0 16 0.00 0.0 M 7.4 15 110 M M 8 18 21 100
5 90 77 84 4 0 19 T 0.0 0 10.8 21 160 M M 4 18 31 130
6 90 78 84 4 0 19 0.00 0.0 0 14.2 23 150 M M 7 18 30 150
7 93 79 86 6 0 21 0.00 0.0 M 14.7 29 160 M M 5 18 35 160
8 90 79 85 5 0 20 0.00 0.0 M 12.6 25 140 M M 8 35 150
9 90 68 79 -2 0 14 1.05 0.0 0 11.1 49 270 M M 5 1238 64 230
10 90 77 84 3 0 19 0.01 0.0 0 15.1 26 130 M M 8 18 35 140
11 93 80 87 6 0 22 0.00 0.0 M 14.1 24 150 M M 9 18 32 160
12 92 81 87 6 0 22 0.00 0.0 0 14.2 23 140 M M 9 18 31 130
13 83 70 77 -5 0 12 2.47 0.0 0 9.2 33 70 M M 5 13 47 70
14 88 68 78 -4 0 13 0.00 0.0 0 6.1 15 80 M M 3 20 50
15 85 70 78 -4 0 13 0.53 0.0 0 8.2 28 150 M M 4 3 37 150
16 89 72 81 -1 0 16 0.00 0.0 0 4.7 18 120 M M 3 13 22 120
17 91 72 82 0 0 17 0.51 0.0 0 3.4 18 10 M M 3 13 34 20
18 90 71 81 -1 0 16 0.00 0.0 0 6.3 16 110 M M 2 12 21 120
19 91 76 84 1 0 19 0.00 0.0 0 8.5 18 130 M M 2 24 120
20 89 75 82 -1 0 17 0.00 0.0 0 5.2 13 110 M M 2 18 150
21 90 75 83 0 0 18 0.10 0.0 0 6.0 16 40 M M 3 1 20 50
22 90 73 82 -1 0 17 0.00 0.0 0 5.3 14 110 M M 3 18 18 60
23 93 74 84 1 0 19 0.00 0.0 0 6.1 15 110 M M 1 1 20 150
24 91 73 82 -2 0 17 0.00 0.0 0 6.9 15 70 M M 1 20 80
25 92 73 83 -1 0 18 0.00 0.0 0 5.6 17 40 M M 1 1 24 30
26 91 73 82 -2 0 17 0.00 0.0 0 5.8 15 70 M M 3 18 22 80
27 90 74 82 -2 0 17 T 0.0 0 8.6 17 90 M M 3 24 100
28 88 73 81 -3 0 16 0.12 0.0 0 7.0 17 120 M M 3 1 25 130
29 91 75 83 -1 0 18 T 0.0 0 8.3 16 70 M M 2 24 120
30 91 71 81 -3 0 16 0.73 0.0 0 3.4 14 270 M M 3 13 16 110
31 91 71 81 -3 0 16 0.00 0.0 0 5.8 15 80 M M 2 20 70
================================================================================
SM 2781 2286 0 527 5.52 0.0 267.9 M 126
================================================================================
AV 89.7 73.7 8.6 FASTST M M 4 MAX(MPH)
MISC ----> 49 270 64 230
================================================================================
NOTES:
# LAST OF SEVERAL OCCURRENCES
COLUMN 17 PEAK WIND IN M.P.H.
PRELIMINARY LOCAL CLIMATOLOGICAL DATA (WS FORM: F-6) , PAGE 2
STATION: BROWNSVILLE
MONTH: MAY
YEAR: 2023
LATITUDE: 25 53 N
LONGITUDE: 97 26 W
[TEMPERATURE DATA] [PRECIPITATION DATA] SYMBOLS USED IN COLUMN 16
AVERAGE MONTHLY: 81.7 TOTAL FOR MONTH: 5.52 1 = FOG OR MIST
DPTR FM NORMAL: -0.3 DPTR FM NORMAL: 3.30 2 = FOG REDUCING VISIBILITY
HIGHEST: 93 ON 23,11 GRTST 24HR 2.47 ON 13-13 TO 1/4 MILE OR LESS
LOWEST: 66 ON 1 3 = THUNDER
SNOW, ICE PELLETS, HAIL 4 = ICE PELLETS
TOTAL MONTH: 0.0 INCH 5 = HAIL
GRTST 24HR 0.0 6 = FREEZING RAIN OR DRIZZLE
GRTST DEPTH: 0 7 = DUSTSTORM OR SANDSTORM:
VSBY 1/2 MILE OR LESS
8 = SMOKE OR HAZE
[NO. OF DAYS WITH] [WEATHER - DAYS WITH] 9 = BLOWING SNOW
X = TORNADO
MAX 32 OR BELOW: 0 0.01 INCH OR MORE: 8
MAX 90 OR ABOVE: 21 0.10 INCH OR MORE: 7
MIN 32 OR BELOW: 0 0.50 INCH OR MORE: 5
MIN 0 OR BELOW: 0 1.00 INCH OR MORE: 2
[HDD (BASE 65) ]
TOTAL THIS MO. 0 CLEAR (SCALE 0-3) 15
DPTR FM NORMAL 0 PTCLDY (SCALE 4-7) 13
TOTAL FM JUL 1 480 CLOUDY (SCALE 8-10) 3
DPTR FM NORMAL 57
[CDD (BASE 65) ]
TOTAL THIS MO. 527
DPTR FM NORMAL 0 [PRESSURE DATA]
TOTAL FM JAN 1 1418 HIGHEST SLP M ON M
DPTR FM NORMAL 115 LOWEST SLP 29.70 ON 11
[REMARKS]
#FINAL-05-23#