000
CXAK56 PAFG 010954
CF6BRW
PRELIMINARY LOCAL CLIMATOLOGICAL DATA (WS FORM: F-6)
STATION: UTQIAGVIK (BARROW) AK
MONTH: OCTOBER
YEAR: 2021
LATITUDE: 71 17 N
LONGITUDE: 156 47 W
TEMPERATURE IN F: :PCPN: SNOW: WIND :SUNSHINE: SKY :PK WND
================================================================================
1 2 3 4 5 6A 6B 7 8 9 10 11 12 13 14 15 16 17 18
12Z AVG MX 2MIN
DY MAX MIN AVG DEP HDD CDD WTR SNW DPTH SPD SPD DIR MIN PSBL S-S WX SPD DR
================================================================================
1 32 29 31 3 34 0 0.10 M M 19.1 24 30 M M 10 18 32 40
2 31 27 29 1 36 0 0.01 M M 15.0 24 30 M M 9 18 29 30
3 30 24 27 -1 38 0 0.03 M M 9.4 17 40 M M 9 18 20 50
4 28 10 19 -8 46 0 0.00 M M 9.7 17 130 M M 7 18 20 140
5 29 17 23 -4 42 0 0.00 M M 10.0 16 110 M M 9 128 20 100
6 33 28 31 5 34 0 0.01 M M 10.1 17 110 M M 10 12 21 110
7 34 31 33 7 32 0 T M M 8.7 16 360 M M 10 18 20 360
8 32 30 31 5 34 0 0.01 M M 15.1 21 360 M M 10 189 25 360
9 32 26 29 4 36 0 0.01 M M 6.1 16 20 M M 10 18 20 20
10 30 24 27 2 38 0 0.03 M M 9.7 15 50 M M 9 18 18 30
11 30 25 28 4 37 0 0.02 M M 11.0 22 80 M M 10 18 25 80
12 31 27 29 5 36 0 0.03 M M 21.7 29 70 M M 10 18 33 80
13 30 25 28 5 37 0 0.04 M M 18.7 26 60 M M 10 168 30 80
14 28 24 26 3 39 0 0.04 M M 20.4 25 70 M M 10 189 29 70
15 25 22 24 2 41 0 0.02 M M 15.5 21 30 M M 10 18 25 330
16 22 21 22 0 43 0 0.04 M M 12.1 16 330 M M 10 8 21 350
17 22 18 20 -1 45 0 0.09 M M 7.1 20 280 M M 10 18 23 290
18 22 3 13 -8 52 0 0.00 M M 7.4 16 320 M M 6 18 19 320
19 25 9 17 -3 48 0 0.01 M M 21.1 36 70 M M 8 189 42 70
20 30 24 27 7 38 0 0.02 M M 23.3 37 70 M M 10 189 43 60
21 30 27 29 9 36 0 0.10 M M 8.5 16 110 M M 10 18 20 110
22 31 27 29 10 36 0 0.03 M M 5.2 15 360 M M 10 18 19 10
23 30 28 29 10 36 0 0.01 M M 13.5 18 350 M M 10 18 22 360
24 29 26 28 10 37 0 0.03 M M 7.1 13 360 M M 10 18 16 360
25 28 21 25 7 40 0 0.08 M M 11.7 20 80 M M 10 18 23 80
26 25 0 13 -4 52 0 T M M 7.4 12 170 M M 9 128 14 180
27 25 15 20 4 45 0 0.03 M M 4.4 12 180 M M 10 18 13 180
28 24 -4 10 -6 55 0 0.08 M M 10.5 16 160 M M 8 12 18 100
29 11 -10 1 -15 64 0 0.00 M M 9.6 15 170 M M 2 19 160
30 24 11 18 3 47 0 T M M 4.8 20 80 M M 10 128 22 80
31 29 20 25 11 40 0 0.03 M M 18.1 29 80 M M 9 1 32 80
================================================================================
SM 862 605 1274 0 0.90 M 372.0 M 285
================================================================================
AV 27.8 19.5 12.0 FASTST M M 9 MAX(MPH)
MISC ----> 37 70 43 60
================================================================================
NOTES:
# LAST OF SEVERAL OCCURRENCES
COLUMN 17 PEAK WIND IN M.P.H.
PRELIMINARY LOCAL CLIMATOLOGICAL DATA (WS FORM: F-6) , PAGE 2
STATION: UTQIAGVIK (BARROW) AK
MONTH: OCTOBER
YEAR: 2021
LATITUDE: 71 17 N
LONGITUDE: 156 47 W
[TEMPERATURE DATA] [PRECIPITATION DATA] SYMBOLS USED IN COLUMN 16
AVERAGE MONTHLY: 23.7 TOTAL FOR MONTH: 0.90 1 = FOG OR MIST
DPTR FM NORMAL: 1.9 DPTR FM NORMAL: 0.36 2 = FOG REDUCING VISIBILITY
HIGHEST: 34 ON 7 GRTST 24HR 0.13 ON 21-22 TO 1/4 MILE OR LESS
LOWEST: -10 ON 29 3 = THUNDER
SNOW, ICE PELLETS, HAIL 4 = ICE PELLETS
TOTAL MONTH: M 5 = HAIL
GRTST 24HR M ON M 6 = FREEZING RAIN OR DRIZZLE
GRTST DEPTH: M ON M 7 = DUSTSTORM OR SANDSTORM:
VSBY 1/2 MILE OR LESS
8 = SMOKE OR HAZE
[NO. OF DAYS WITH] [WEATHER - DAYS WITH] 9 = BLOWING SNOW
X = TORNADO
MAX 32 OR BELOW: 29 0.01 INCH OR MORE: 24
MAX 90 OR ABOVE: 0 0.10 INCH OR MORE: 2
MIN 32 OR BELOW: 31 0.50 INCH OR MORE: 0
MIN 0 OR BELOW: 3 1.00 INCH OR MORE: 0
[HDD (BASE 65) ]
TOTAL THIS MO. 1274 CLEAR (SCALE 0-3) 1
DPTR FM NORMAL -67 PTCLDY (SCALE 4-7) 3
TOTAL FM JUL 1 3739 CLOUDY (SCALE 8-10) 27
DPTR FM NORMAL 3
[CDD (BASE 65) ]
TOTAL THIS MO. 0
DPTR FM NORMAL 0 [PRESSURE DATA]
TOTAL FM JAN 1 0 HIGHEST SLP M ON M
DPTR FM NORMAL 0 LOWEST SLP 29.22 ON 31
[REMARKS]
#FINAL-10-21#