000
CXAK56 PAFG 010940
CF6BRW
PRELIMINARY LOCAL CLIMATOLOGICAL DATA (WS FORM: F-6)
STATION: UTQIAGVIK (BARROW) AK
MONTH: JULY
YEAR: 2020
LATITUDE: 71 17 N
LONGITUDE: 156 47 W
TEMPERATURE IN F: :PCPN: SNOW: WIND :SUNSHINE: SKY :PK WND
================================================================================
1 2 3 4 5 6A 6B 7 8 9 10 11 12 13 14 15 16 17 18
12Z AVG MX 2MIN
DY MAX MIN AVG DEP HDD CDD WTR SNW DPTH SPD SPD DIR MIN PSBL S-S WX SPD DR
================================================================================
1 45 31 38 -2 27 0 0.00 M M 7.5 15 80 M M 10 128 17 80
2 50 30 40 0 25 0 0.00 M M 16.0 23 90 M M 6 12 28 80
3 43 33 38 -2 27 0 0.00 M M 17.9 24 100 M M 5 12 29 100
4 49 36 43 2 22 0 T M M 10.6 15 70 M M 3 17 70
5 45 33 39 -2 26 0 0.00 M M 11.6 17 80 M M 3 128 20 70
6 40 33 37 -4 28 0 0.00 M M 16.1 21 80 M M 10 128 23 90
7 42 32 37 -4 28 0 0.00 M M 15.8 20 70 M M 5 12 23 80
8 47 31 39 -2 26 0 0.00 M M 15.7 20 60 M M 3 128 22 60
9 40 32 36 -5 29 0 0.00 M M 10.4 17 50 M M 8 128 20 50
10 38 31 35 -6 30 0 0.00 M M 8.1 14 40 M M 9 128 16 40
11 37 32 35 -6 30 0 0.00 M M 8.2 13 10 M M 10 128 15 350
12 40 34 37 -4 28 0 T M M 8.2 13 80 M M 10 18 13 70
13 39 35 37 -4 28 0 0.00 M M 10.8 15 80 M M 10 8 17 80
14 40 33 37 -4 28 0 0.00 M M 10.6 15 70 M M 10 128 18 70
15 48 34 41 0 24 0 0.00 M M 9.8 14 60 M M 4 12 16 70
16 38 33 36 -5 29 0 T M M 13.1 20 80 M M 9 18 25 60
17 40 33 37 -4 28 0 T M M 15.6 20 50 M M 10 18 24 70
18 40 33 37 -4 28 0 0.00 M M 14.3 21 70 M M 9 18 24 70
19 40 33 37 -4 28 0 0.00 M M 11.4 18 30 M M 9 18 21 30
20 37 32 35 -6 30 0 T M M 8.0 15 30 M M 10 128 17 30
21 37 31 34 -7 31 0 T M M 7.0 12 360 M M 10 128 14 30
22 44 31 38 -3 27 0 0.05 M M 8.2 14 230 M M 10 12 16 250
23 47 37 42 1 23 0 0.38 M M 12.6 24 210 M M 10 12 30 210
24 37 33 35 -6 30 0 T M M 15.1 25 360 M M 10 128 33 360
25 47 32 40 -1 25 0 T M M 4.6 14 120 M M 10 12 16 120
26 53 43 48 7 17 0 0.34 M M 17.7 32 230 M M 10 1 42 220
27 44 37 41 0 24 0 0.04 M M 22.4 28 250 M M 10 12 36 240
28 44 37 41 0 24 0 T M M 23.2 30 240 M M 10 18 38 250
29 47 41 44 3 21 0 0.00 M M 21.3 29 230 M M 8 1 34 240
30 42 37 40 -1 25 0 0.01 M M 9.6 18 270 M M 9 12 22 280
31 41 35 38 -3 27 0 0.00 M M 6.7 10 290 M M 9 18 13 250
================================================================================
SM 1321 1048 823 0 0.82 M 388.1 M 259
================================================================================
AV 42.6 33.8 12.5 FASTST M M 8 MAX(MPH)
MISC ----> # 32 230 # 42 220
================================================================================
NOTES:
# LAST OF SEVERAL OCCURRENCES
COLUMN 17 PEAK WIND IN M.P.H.
PRELIMINARY LOCAL CLIMATOLOGICAL DATA (WS FORM: F-6) , PAGE 2
STATION: UTQIAGVIK (BARROW) AK
MONTH: JULY
YEAR: 2020
LATITUDE: 71 17 N
LONGITUDE: 156 47 W
[TEMPERATURE DATA] [PRECIPITATION DATA] SYMBOLS USED IN COLUMN 16
AVERAGE MONTHLY: 38.2 TOTAL FOR MONTH: 0.82 1 = FOG OR MIST
DPTR FM NORMAL: -2.7 DPTR FM NORMAL: -0.16 2 = FOG REDUCING VISIBILITY
HIGHEST: 53 ON 26 GRTST 24HR 0.38 ON 23-23 TO 1/4 MILE OR LESS
LOWEST: 30 ON 2 3 = THUNDER
SNOW, ICE PELLETS, HAIL 4 = ICE PELLETS
TOTAL MONTH: M 5 = HAIL
GRTST 24HR M ON M 6 = FREEZING RAIN OR DRIZZLE
GRTST DEPTH: M ON M 7 = DUSTSTORM OR SANDSTORM:
VSBY 1/2 MILE OR LESS
8 = SMOKE OR HAZE
[NO. OF DAYS WITH] [WEATHER - DAYS WITH] 9 = BLOWING SNOW
X = TORNADO
MAX 32 OR BELOW: 0 0.01 INCH OR MORE: 5
MAX 90 OR ABOVE: 0 0.10 INCH OR MORE: 2
MIN 32 OR BELOW: 11 0.50 INCH OR MORE: 0
MIN 0 OR BELOW: 0 1.00 INCH OR MORE: 0
[HDD (BASE 65) ]
TOTAL THIS MO. 823 CLEAR (SCALE 0-3) 3
DPTR FM NORMAL 74 PTCLDY (SCALE 4-7) 5
TOTAL FM JUL 1 823 CLOUDY (SCALE 8-10) 23
DPTR FM NORMAL 74
[CDD (BASE 65) ]
TOTAL THIS MO. 0
DPTR FM NORMAL 0 [PRESSURE DATA]
TOTAL FM JAN 1 0 HIGHEST SLP M ON M
DPTR FM NORMAL 0 LOWEST SLP 29.13 ON 26
[REMARKS]
#FINAL-07-20#