000
CXUS53 KGRR 010910
CF6BTL
PRELIMINARY LOCAL CLIMATOLOGICAL DATA (WS FORM: F-6)
STATION: BATTLE CREEK
MONTH: JULY
YEAR: 2022
LATITUDE: 42 17 N
LONGITUDE: 85 14 W
TEMPERATURE IN F: :PCPN: SNOW: WIND :SUNSHINE: SKY :PK WND
================================================================================
1 2 3 4 5 6A 6B 7 8 9 10 11 12 13 14 15 16 17 18
12Z AVG MX 2MIN
DY MAX MIN AVG DEP HDD CDD WTR SNW DPTH SPD SPD DIR MIN PSBL S-S WX SPD DR
================================================================================
1 81 62 72 0 0 7 0.12 M M 8.1 18 200 M M 3 38 29 190
2 84 58 71 -1 0 6 0.00 M M 6.3 16 290 M M 0 8 21 300
3 88 63 76 4 0 11 0.00 M M 2.5 13 240 M M 4 8 17 250
4 91 59 75 3 0 10 T M M 7.4 18 170 M M 1 24 180
5 90 70 80 8 0 15 1.33 M M 8.6 26 360 M M 7 13 32 360
6 78 68 73 1 0 8 0.33 M M 5.0 15 30 M M 7 13 19 60
7 84 62 73 1 0 8 0.00 M M 4.3 9 160 M M 2 12 170
8 83 65 74 2 0 9 0.47 M M 5.2 17 20 M M 6 13 23 30
9 81 58 70 -2 0 5 0.00 M M 8.7 16 50 M M 0 25 30
10 82 54 68 -5 0 3 0.00 M M 3.0 10 300 M M 0 15 180
11 83 64 74 1 0 9 0.07 M M 10.2 25 310 M M 4 13 33 310
12 79 63 71 -2 0 6 0.00 M M 10.1 21 290 M M 4 28 270
13 82 61 72 -1 0 7 0.18 M M 5.2 17 290 M M 6 1 23 300
14 81 60 71 -2 0 6 0.00 M M 2.5 9 20 M M 3 12 50
15 76 63 70 -3 0 5 0.43 M M 6.0 15 190 M M 7 1 20 210
16 82 66 74 1 0 9 0.00 M M 4.3 9 140 M M 7 1 14 140
17 79 69 74 1 0 9 0.06 M M 5.8 13 150 M M 6 1 21 110
18 87 67 77 4 0 12 T M M 6.3 15 280 M M 1 1 21 290
19 87 67 77 4 0 12 0.00 M M 8.4 15 220 M M 1 22 240
20 90 70 80 7 0 15 T M M 14.9 29 270 M M 3 1 39 280
21 88 69 79 6 0 14 0.82 M M 10.0 35 330 M M 2 13 45 300
22 86 68 77 4 0 12 0.00 M M 7.6 17 310 M M 2 23 300
23 86 70 78 5 0 13 0.17 M M 9.7 28 200 M M 2 3 42 210
24 85 69 77 4 0 12 0.31 M M 11.1 30 230 M M 6 13 41 230
25 77 60 69 -4 0 4 0.00 M M 6.9 18 290 M M 1 28 290
26 79 57 68 -4 0 3 0.00 M M 2.3 10 210 M M 0 14 200
27 82 64 73 1 0 8 0.00 M M 5.9 15 240 M M 5 1 21 230
28 80 63 72 0 0 7 T M M 9.2 21 260 M M 2 1 28 300
29 80 58 69 -3 0 4 0.00 M M 8.0 20 290 M M 2 28 310
30 83 57 70 -2 0 5 0.00 M M 3.4 13 260 M M 2 17 250
31 84 61 73 1 0 8 0.00 M M 6.0 15 220 M M 3 21 170
================================================================================
SM 2578 1965 0 262 4.29 M 212.9 M 99
================================================================================
AV 83.2 63.4 6.9 FASTST M M 3 MAX(MPH)
MISC ----> 35 330 45 300
================================================================================
NOTES:
# LAST OF SEVERAL OCCURRENCES
COLUMN 17 PEAK WIND IN M.P.H.
PRELIMINARY LOCAL CLIMATOLOGICAL DATA (WS FORM: F-6) , PAGE 2
STATION: BATTLE CREEK
MONTH: JULY
YEAR: 2022
LATITUDE: 42 17 N
LONGITUDE: 85 14 W
[TEMPERATURE DATA] [PRECIPITATION DATA] SYMBOLS USED IN COLUMN 16
AVERAGE MONTHLY: 73.3 TOTAL FOR MONTH: 4.29 1 = FOG OR MIST
DPTR FM NORMAL: 0.8 DPTR FM NORMAL: 0.94 2 = FOG REDUCING VISIBILITY
HIGHEST: 91 ON 4 GRTST 24HR 1.33 ON 5- 5 TO 1/4 MILE OR LESS
LOWEST: 54 ON 10 3 = THUNDER
SNOW, ICE PELLETS, HAIL 4 = ICE PELLETS
TOTAL MONTH: M 5 = HAIL
GRTST 24HR M ON M 6 = FREEZING RAIN OR DRIZZLE
GRTST DEPTH: M ON M 7 = DUSTSTORM OR SANDSTORM:
VSBY 1/2 MILE OR LESS
8 = SMOKE OR HAZE
[NO. OF DAYS WITH] [WEATHER - DAYS WITH] 9 = BLOWING SNOW
X = TORNADO
MAX 32 OR BELOW: 0 0.01 INCH OR MORE: 11
MAX 90 OR ABOVE: 3 0.10 INCH OR MORE: 9
MIN 32 OR BELOW: 0 0.50 INCH OR MORE: 2
MIN 0 OR BELOW: 0 1.00 INCH OR MORE: 1
[HDD (BASE 65) ]
TOTAL THIS MO. 0 CLEAR (SCALE 0-3) 18
DPTR FM NORMAL -6 PTCLDY (SCALE 4-7) 13
TOTAL FM JUL 1 0 CLOUDY (SCALE 8-10) 0
DPTR FM NORMAL 0
[CDD (BASE 65) ]
TOTAL THIS MO. 262
DPTR FM NORMAL 24 [PRESSURE DATA]
TOTAL FM JAN 1 532 HIGHEST SLP 30.22 ON 30
DPTR FM NORMAL 90 LOWEST SLP 29.52 ON 20
[REMARKS]
#FINAL-07-22#