524
CXUS53 KGRR 011551
CLSBTL
CLIMATE REPORT
NATIONAL WEATHER SERVICE GRAND RAPIDS, MI
1107 AM EDT TUE SEP 1 2020
...................................
...THE BATTLE CREEK MI CLIMATE SUMMARY FOR THE SEASON, FROM
6/1/2020 TO 8/31/2020...
CLIMATE NORMAL PERIOD 1981 TO 2010
CLIMATE RECORD PERIOD 1998 TO 2020
WEATHER OBSERVED NORMAL DEPART LAST YEAR`S
VALUE DATE(S) VALUE FROM VALUE DATE(S)
NORMAL
................................................................
TEMPERATURE (F)
HIGHEST 94 08/27 MM MM 94 07/20
LOWEST 44 06/14 MM MM 41 06/03
06/01
AVG. MAXIMUM 83.2 80.9 2.3 81.4
AVG. MINIMUM 59.8 57.4 2.4 60.9
MEAN 71.6 69.1 2.5 71.1
DAYS MAX >= 90 7 6.3 0.7 9
DAYS MAX <= 32 0 0.0 0.0 0
DAYS MIN <= 32 0 0.1 -0.1 0
DAYS MIN <= 0 0 0.0 0.0 0
PRECIPITATION (INCHES)
TOTALS 6.66 10.06 -3.40 10.96
DAILY AVG. 0.11 0.11 0.00 0.12
DAYS >= .01 14 29.1 -15.1 35
DAYS >= .10 8 18.6 -10.6 26
DAYS >= .50 5 7.0 -2.0 8
DAYS >= 1.00 3 2.3 0.7 1
GREATEST
24 HR. TOTAL 1.66 08/02 TO 08/02
DEGREE_DAYS
HEATING TOTAL 19 97 -78 53
SINCE 7/1 3 41 -38 7
COOLING TOTAL 425 481 -56 641
SINCE 1/1 476 518 -42 657
FREEZE DATES
EARLIEST MM
LATEST MM
.................................................................
WIND (MPH)
AVERAGE WIND SPEED 6.9
RESULTANT WIND SPEED/DIRECTION 2/246
HIGHEST WIND SPEED/DIRECTION 43/260 DATE 08/10
HIGHEST GUST SPEED/DIRECTION 70/220 DATE 06/10
SKY COVER
POSSIBLE SUNSHINE (PERCENT) MM
AVERAGE SKY COVER 0.20
NUMBER OF DAYS FAIR 46
NUMBER OF DAYS PC 12
NUMBER OF DAYS CLOUDY 2
AVERAGE RH (PERCENT) 66
WEATHER CONDITIONS. NUMBER OF DAYS WITH
THUNDERSTORM 11 MIXED PRECIP 0
HEAVY RAIN 10 RAIN 10
LIGHT RAIN 30 FREEZING RAIN 0
LT FREEZING RAIN 0 HAIL 0
HEAVY SNOW 0 SNOW 0
LIGHT SNOW 0 SLEET 0
FOG 18 FOG W/VIS <= 1/4 MILE 1
HAZE 6 BLOWING SNOW 0
TORNADO 0
- INDICATES NEGATIVE NUMBERS.
R INDICATES RECORD WAS SET OR TIED.
MM INDICATES DATA IS MISSING.
T INDICATES TRACE AMOUNT.
$$