000
CXUS54 KLIX 010810
CF6BTR
PRELIMINARY LOCAL CLIMATOLOGICAL DATA (WS FORM: F-6)
STATION: BATON ROUGE
MONTH: JUNE
YEAR: 2021
LATITUDE: 30 31 N
LONGITUDE: 91 9 W
TEMPERATURE IN F: :PCPN: SNOW: WIND :SUNSHINE: SKY :PK WND
================================================================================
1 2 3 4 5 6A 6B 7 8 9 10 11 12 13 14 15 16 17 18
12Z AVG MX 2MIN
DY MAX MIN AVG DEP HDD CDD WTR SNW DPTH SPD SPD DIR MIN PSBL S-S WX SPD DR
================================================================================
1 87 68 78 -1 0 13 0.78 0.0 M 6.5 24 160 M M 3 13 32 150
2 88 72 80 1 0 15 0.02 0.0 M 6.0 16 210 M M 5 13 20 220
3 88 71 80 0 0 15 0.82 0.0 M 2.6 24 180 M M 3 13 29 170
4 83 71 77 -3 0 12 0.68 0.0 M 3.6 22 130 M M 5 1 30 130
5 77 72 75 -5 0 10 0.11 0.0 M 7.0 15 110 M M 7 1 24 100
6 79 70 75 -5 0 10 2.25 0.0 M 7.0 14 80 M M 8 13 20 160
7 91 73 82 2 0 17 0.00 0.0 M 11.0 22 180 M M 6 1 27 180
8 91 78 85 5 0 20 0.00 0.0 M 10.6 20 160 M M 4 3 23 180
9 91 75 83 3 0 18 0.00 0.0 M 8.7 16 230 M M 3 1 21 210
10 91 74 83 3 0 18 0.00 0.0 M 7.7 18 220 M M 3 1 23 210
11 91 74 83 2 0 18 0.00 0.0 M 8.1 16 220 M M 3 26 170
12 92 73 83 2 0 18 0.00 0.0 M 5.6 15 330 M M 2 1 20 330
13 94 71 83 2 0 18 0.90 0.0 M 7.0 29 60 M M 2 13 41 80
14 93 70 82 1 0 17 0.00 0.0 M 1.9 8 80 M M 2 1 10 80
15 95 72 84 3 0 19 1.51 0.0 M 3.9 37 80 M M 3 13 46 80
16 94 72 83 2 0 18 0.00 0.0 M 7.6 16 60 M M 0 1 19 60
17 90 67 79 -2 0 14 0.00 0.0 M 7.6 18 50 M M 0 26 20
18 86 71 79 -2 0 14 0.24 0.0 M 10.9 23 90 M M 5 18 29 90
19 90 72 81 -1 0 16 0.03 0.0 M 8.1 16 280 M M 5 1 21 280
20 92 73 83 1 0 18 T 0.0 M 9.7 26 200 M M 4 34 190
21 88 71 80 -2 0 15 0.62 0.0 M 6.0 29 170 M M 6 13 36 160
22 88 73 81 -1 0 16 T 0.0 M 5.3 13 360 M M 6 13 17 220
23 92 74 83 1 0 18 T 0.0 M 4.4 17 190 M M 4 138 20 200
24 92 76 84 2 0 19 0.61 0.0 M 2.5 17 210 M M 3 13 21 210
25 87 75 81 -1 0 16 1.20 0.0 M 5.6 18 120 M M 3 13 23 240
26 90 73 82 0 0 17 0.22 0.0 M 7.0 22 120 M M 2 138 31 140
27 84 73 79 -3 0 14 0.02 0.0 M 7.0 18 100 M M 3 13 23 100
28 86 73 80 -2 0 15 0.01 0.0 M 8.2 24 160 M M 4 13 28 160
29 86 72 79 -3 0 14 0.02 0.0 M 6.8 21 80 M M 2 13 26 70
30 90 73 82 0 0 17 T 0.0 M 5.3 20 90 M M 5 123 24 80
================================================================================
SM 2666 2172 0 479 10.04 0.0 199.2 M 111
================================================================================
AV 88.9 72.4 6.6 FASTST M M 4 MAX(MPH)
MISC ----> 37 80 46 80
================================================================================
NOTES:
# LAST OF SEVERAL OCCURRENCES
COLUMN 17 PEAK WIND IN M.P.H.
PRELIMINARY LOCAL CLIMATOLOGICAL DATA (WS FORM: F-6) , PAGE 2
STATION: BATON ROUGE
MONTH: JUNE
YEAR: 2021
LATITUDE: 30 31 N
LONGITUDE: 91 9 W
[TEMPERATURE DATA] [PRECIPITATION DATA] SYMBOLS USED IN COLUMN 16
AVERAGE MONTHLY: 80.6 TOTAL FOR MONTH: 10.04 1 = FOG OR MIST
DPTR FM NORMAL: -0.4 DPTR FM NORMAL: 3.59 2 = FOG REDUCING VISIBILITY
HIGHEST: 95 ON 15 GRTST 24HR 2.25 ON 6- 6 TO 1/4 MILE OR LESS
LOWEST: 67 ON 17 3 = THUNDER
SNOW, ICE PELLETS, HAIL 4 = ICE PELLETS
TOTAL MONTH: 0.0 INCH 5 = HAIL
GRTST 24HR 0.0 6 = FREEZING RAIN OR DRIZZLE
GRTST DEPTH: M ON M 7 = DUSTSTORM OR SANDSTORM:
VSBY 1/2 MILE OR LESS
8 = SMOKE OR HAZE
[NO. OF DAYS WITH] [WEATHER - DAYS WITH] 9 = BLOWING SNOW
X = TORNADO
MAX 32 OR BELOW: 0 0.01 INCH OR MORE: 17
MAX 90 OR ABOVE: 17 0.10 INCH OR MORE: 12
MIN 32 OR BELOW: 0 0.50 INCH OR MORE: 9
MIN 0 OR BELOW: 0 1.00 INCH OR MORE: 3
[HDD (BASE 65) ]
TOTAL THIS MO. 0 CLEAR (SCALE 0-3) 13
DPTR FM NORMAL 0 PTCLDY (SCALE 4-7) 17
TOTAL FM JUL 1 1522 CLOUDY (SCALE 8-10) 0
DPTR FM NORMAL -13
[CDD (BASE 65) ]
TOTAL THIS MO. 479
DPTR FM NORMAL -1 [PRESSURE DATA]
TOTAL FM JAN 1 1042 HIGHEST SLP M ON M
DPTR FM NORMAL -10 LOWEST SLP 29.72 ON 19
[REMARKS]
#FINAL-06-21#