000
CXAK56 PAFG 311945
CF6BTT
PRELIMINARY LOCAL CLIMATOLOGICAL DATA (WS FORM: F-6)
STATION: BETTLES AK
MONTH: DECEMBER
YEAR: 2021
LATITUDE: 66 55 N
LONGITUDE: 151 31 W
TEMPERATURE IN F: :PCPN: SNOW: WIND :SUNSHINE: SKY :PK WND
================================================================================
1 2 3 4 5 6A 6B 7 8 9 10 11 12 13 14 15 16 17 18
12Z AVG MX 2MIN
DY MAX MIN AVG DEP HDD CDD WTR SNW DPTH SPD SPD DIR MIN PSBL S-S WX SPD DR
================================================================================
1 -2 -12 -7 -3 72 0 0.00 0.0 12 2.1 8 320 M M 10 1 11 320
2 -11 -30 -20 -16 85 0 0.00 M 13 3.3 8 330 M M 4 10 330
3 -26 -34 -30 -26 95 0 0.00 M 13 5.3 9 320 M M 1 13 330
4 -9 -35 -22 -18 87 0 T M 13 2.6 7 350 M M 5 1 M M
5 12 -9 2 6 63 0 0.00 M 13 4.2 9 20 M M 10 12 14 20
6 21 12 17 21 48 0 0.00 M 20 2.7 10 150 M M 10 1 15 150
7 18 4 11 15 54 0 0.00 M 26 4.3 17 220 M M 9 1 24 210
8 9 -2 4 8 61 0 0.00 M 26 4.3 9 10 M M 9 1 13 20
9 9 2 6 10 59 0 0.00 M 25 8.2 13 30 M M 10 1 18 30
10 8 -5 2 7 63 0 0.00 M 24 4.0 10 20 M M 8 1 15 20
11 5 -26 -10 -5 75 0 0.01 M 24 2.4 8 130 M M 9 1 M M
12 -14 -32 -23 -18 88 0 0.00 M 24 0.8 7 110 M M 7 1 8 330
13 -17 -32 -24 -19 89 0 0.00 M M 6.2 12 350 M M 1 16 350
14 -26 -46 -36 -31 101 0 0.00 M 23 1.2 9 330 M M 1 18 12 350
15 -15 -45 -30 -25 95 0 0.00 M 23 4.5 9 360 M M 3 13 330
16 -4 -16 -10 -4 75 0 0.00 M 23 0.6 8 350 M M 10 1 10 350
17 3 -11 -4 2 69 0 0.00 M 24 4.2 12 360 M M 10 1 19 30
18 8 3 6 12 59 0 0.00 M 25 3.7 12 350 M M 10 1 16 360
19 20 8 14 20 51 0 0.24 M 25 5.2 9 350 M M 10 12 M M
20 34 16 25 31 40 0 0.00 M M 8.0 18 220 M M 9 16 26 240
21 16 -8 4 11 61 0 0.00 M 30 10.9 18 210 M M 1 29 220
22 -8 -35 -21 -14 86 0 0.00 M M 4.1 12 360 M M 3 16 360
23 -13 -38 -25 -18 90 0 0.00 M M 2.6 9 350 M M 5 14 360
24 -11 -37 -24 -16 89 0 0.01 M M 4.3 9 360 M M 6 1 M M
25 3 -11 -4 4 69 0 0.00 M M 3.6 10 360 M M 9 1 15 360
26 10 2 6 14 59 0 M M 30 4.9 13 30 M M 10 12 18 10
27 9 -23 -7 1 72 0 M M 33 3.9 12 150 M M 4 1 16 160
28 9 -2 4 13 61 0 M M 32 6.3 15 10 M M 10 1 24 20
29 11 -12 0 9 65 0 0.00 M 39 3.5 10 30 M M 9 12 14 40
30 -2 -17 -9 0 74 0 0.00 M 39 5.0 10 330 M M 9 1 13 330
================================================================================
SM 47 -471 2155 0 0.26 0.0 126.9 M 212
================================================================================
AV 1.6-15.7 4.2 FASTST M M 7 MAX(MPH)
MISC ----> # 18 220 29 220
================================================================================
NOTES:
# LAST OF SEVERAL OCCURRENCES
COLUMN 17 PEAK WIND IN M.P.H.
PRELIMINARY LOCAL CLIMATOLOGICAL DATA (WS FORM: F-6) , PAGE 2
STATION: BETTLES AK
MONTH: DECEMBER
YEAR: 2021
LATITUDE: 66 55 N
LONGITUDE: 151 31 W
[TEMPERATURE DATA] [PRECIPITATION DATA] SYMBOLS USED IN COLUMN 16
AVERAGE MONTHLY: -7.1 TOTAL FOR MONTH: 0.26 1 = FOG OR MIST
DPTR FM NORMAL: -1.2 DPTR FM NORMAL: -0.84 2 = FOG REDUCING VISIBILITY
HIGHEST: 34 ON 20 GRTST 24HR 0.24 ON 19-19 TO 1/4 MILE OR LESS
LOWEST: -46 ON 14 3 = THUNDER
SNOW, ICE PELLETS, HAIL 4 = ICE PELLETS
TOTAL MONTH: 0.0 INCH 5 = HAIL
GRTST 24HR 0.0 6 = FREEZING RAIN OR DRIZZLE
GRTST DEPTH: 39 ON 30,29 7 = DUSTSTORM OR SANDSTORM:
VSBY 1/2 MILE OR LESS
8 = SMOKE OR HAZE
[NO. OF DAYS WITH] [WEATHER - DAYS WITH] 9 = BLOWING SNOW
X = TORNADO
MAX 32 OR BELOW: 29 0.01 INCH OR MORE: 3
MAX 90 OR ABOVE: 0 0.10 INCH OR MORE: 1
MIN 32 OR BELOW: 30 0.50 INCH OR MORE: 0
MIN 0 OR BELOW: 23 1.00 INCH OR MORE: 0
[HDD (BASE 65) ]
TOTAL THIS MO. 2155 CLEAR (SCALE 0-3) 6
DPTR FM NORMAL 28 PTCLDY (SCALE 4-7) 6
TOTAL FM JUL 1 6704 CLOUDY (SCALE 8-10) 18
DPTR FM NORMAL 5
[CDD (BASE 65) ]
TOTAL THIS MO. 0
DPTR FM NORMAL 0 [PRESSURE DATA]
TOTAL FM JAN 1 38 HIGHEST SLP M ON M
DPTR FM NORMAL 3 LOWEST SLP 29.02 ON 10
[REMARKS]