000
CXAK56 PAFG 010952
CF6BTT
PRELIMINARY LOCAL CLIMATOLOGICAL DATA (WS FORM: F-6)
STATION: BETTLES AK
MONTH: AUGUST
YEAR: 2023
LATITUDE: 66 55 N
LONGITUDE: 151 31 W
TEMPERATURE IN F: :PCPN: SNOW: WIND :SUNSHINE: SKY :PK WND
================================================================================
1 2 3 4 5 6A 6B 7 8 9 10 11 12 13 14 15 16 17 18
12Z AVG MX 2MIN
DY MAX MIN AVG DEP HDD CDD WTR SNW DPTH SPD SPD DIR MIN PSBL S-S WX SPD DR
================================================================================
1 74 55 65 8 0 0 0.00 M M 6.0 13 250 M M 5 17 220
2 73 51 62 6 3 0 0.00 M M 5.7 10 240 M M 7 M M
3 73 48 61 5 4 0 0.00 0.0 0 10.1176 32 M M 4 M M
4 79 47 63 7 2 0 0.00 0.0 0 1.9 6 160 M M 3 M M
5 81 49 65 9 0 0 0.00 0.0 0 1.9 5 140 M M 4 M M
6 79 56 68 12 0 3 0.00 0.0 0 3.1 13 110 M M 8 8 19 110
7 81 57 69 14 0 4 0.06 M M 3.5 15 250 M M 9 13 41 360
8 69 51 60 5 5 0 0.00 M M 0.3 5 250 M M 10 12 M M
9 75 57 66 11 0 1 0.10 M M 2.2 5 320 M M 10 13 M M
10 79 60 70 16 0 5 0.00 M M 2.6 7 30 M M 10 M M
11 77 55 66 12 0 1 0.00 M M 4.7 8 310 M M 10 M M
12 79 51 65 11 0 0 0.00 M M 5.8 10 100 M M 3 20 60
13 70 46 58 4 7 0 0.00 M M 2.2 7 140 M M 6 M M
14 68 52 60 7 5 0 0.01 M M 4.6 9 230 M M 8 M M
15 68 47 58 5 7 0 0.08 M M 3.3 7 200 M M 7 1 M M
16 70 44 57 4 8 0 T M M 3.2 10 240 M M 3 1 21 240
17 51 44 48 -5 17 0 0.03 M M 5.4 8 210 M M 9 1 20 210
18 58 50 54 2 11 0 0.08 M M 6.9 12 220 M M 10 1 20 230
19 54 48 51 -1 14 0 T M M 9.9 15 230 M M 10 1 25 230
20 53 47 50 -2 15 0 0.30 M M 5.7 9 170 M M 10 1 M M
21 61 50 56 5 9 0 0.05 M M 7.5 12 220 M M 8 1 17 99
22 57 51 54 3 11 0 0.07 0.0 0 6.0 12 190 M M 9 1 21 190
23 61 42 52 1 13 0 0.00 0.0 0 5.1 8 190 M M 7 1 M M
24 58 38 48 -2 17 0 0.55 0.0 0 3.0 6 99 M M 8 1 M M
25 59 50 55 5 10 0 0.42 0.0 0 9.2108 179 M M 10 1 M M
26 58 50 54 4 11 0 0.58 0.0 0 2.5 8 110 M M 10 1 M M
27 63 48 56 7 9 0 0.19 0.0 0 7.8 15 240 M M 9 1 24 240
28 54 40 47 -2 18 0 T 0.0 0 4.6 12 220 M M 8 1 M M
29 50 41 46 -3 19 0 0.31 M M 4.5 8 20 M M 10 1 13 30
30 53 46 50 2 15 0 0.04 M M 1.7 6 130 M M 10 1 9 40
31 60 37 49 1 16 0 0.11 M M 3.1 12 20 M M 8 12 17 50
================================================================================
SM 2045 1508 246 14 2.98 0.0 144.0 M 243
================================================================================
AV 66.0 48.6 4.6 FASTST M M 8 MAX(MPH)
MISC ----> 176 32 41 360
================================================================================
NOTES:
# LAST OF SEVERAL OCCURRENCES
COLUMN 17 PEAK WIND IN M.P.H.
PRELIMINARY LOCAL CLIMATOLOGICAL DATA (WS FORM: F-6) , PAGE 2
STATION: BETTLES AK
MONTH: AUGUST
YEAR: 2023
LATITUDE: 66 55 N
LONGITUDE: 151 31 W
[TEMPERATURE DATA] [PRECIPITATION DATA] SYMBOLS USED IN COLUMN 16
AVERAGE MONTHLY: 57.3 TOTAL FOR MONTH: 2.98 1 = FOG OR MIST
DPTR FM NORMAL: 4.6 DPTR FM NORMAL: 0.27 2 = FOG REDUCING VISIBILITY
HIGHEST: 81 ON 7, 5 GRTST 24HR 0.58 ON 26-26 TO 1/4 MILE OR LESS
LOWEST: 37 ON 31 3 = THUNDER
SNOW, ICE PELLETS, HAIL 4 = ICE PELLETS
TOTAL MONTH: 0.0 INCH 5 = HAIL
GRTST 24HR 0.0 6 = FREEZING RAIN OR DRIZZLE
GRTST DEPTH: 0 7 = DUSTSTORM OR SANDSTORM:
VSBY 1/2 MILE OR LESS
8 = SMOKE OR HAZE
[NO. OF DAYS WITH] [WEATHER - DAYS WITH] 9 = BLOWING SNOW
X = TORNADO
MAX 32 OR BELOW: 0 0.01 INCH OR MORE: 16
MAX 90 OR ABOVE: 0 0.10 INCH OR MORE: 8
MIN 32 OR BELOW: 0 0.50 INCH OR MORE: 2
MIN 0 OR BELOW: 0 1.00 INCH OR MORE: 0
[HDD (BASE 65) ]
TOTAL THIS MO. 246 CLEAR (SCALE 0-3) 2
DPTR FM NORMAL -139 PTCLDY (SCALE 4-7) 12
TOTAL FM JUL 1 360 CLOUDY (SCALE 8-10) 17
DPTR FM NORMAL -203
[CDD (BASE 65) ]
TOTAL THIS MO. 14
DPTR FM NORMAL 12 [PRESSURE DATA]
TOTAL FM JAN 1 62 HIGHEST SLP M ON M
DPTR FM NORMAL 27 LOWEST SLP 29.20 ON 31
[REMARKS]
#FINAL-08-23#