359
CXUS51 KBUF 010905
CF6BUF
PRELIMINARY LOCAL CLIMATOLOGICAL DATA (WS FORM: F-6)
STATION: BUFFALO NY
MONTH: MAY
YEAR: 2020
LATITUDE: 42 55 N
LONGITUDE: 78 44 W
TEMPERATURE IN F: :PCPN: SNOW: WIND :SUNSHINE: SKY :PK WND
================================================================================
1 2 3 4 5 6A 6B 7 8 9 10 11 12 13 14 15 16 17 18
12Z AVG MX 2MIN
DY MAX MIN AVG DEP HDD CDD WTR SNW DPTH SPD SPD DIR MIN PSBL S-S WX SPD DR
================================================================================
1 50 44 47 -5 18 0 0.03 0.0 0 10.9 17 220 M M 8 1 21 220
2 64 40 52 0 13 0 0.04 0.0 0 9.4 17 200 M M 7 1 22 230
3 65 48 57 4 8 0 0.00 0.0 0 10.7 25 240 M M 5 33 240
4 52 38 45 -8 20 0 T 0.0 0 11.7 20 330 M M 7 8 24 320
5 51 33 42 -11 23 0 0.00 0.0 0 5.2 15 50 M M 6 18 360
6 54 39 47 -7 18 0 0.00 0.0 0 8.4 16 20 M M 7 23 360
7 58 36 47 -7 18 0 0.07 0.0 0 11.5 28 240 M M 5 34 230
8 44 30 37 -17 28 0 0.02 T 0 9.3 22 330 M M 7 8 27 340
9 41 29 35 -20 30 0 0.04 0.3 0 14.5 29 270 M M 9 128 37 270
10 53 37 45 -10 20 0 0.01 0.0 0 10.5 23 250 M M 9 31 270
11 44 37 41 -14 24 0 0.20 0.0 0 9.0 17 280 M M 10 14 22 250
12 48 31 40 -16 25 0 T T 0 10.6 25 230 M M 4 33 240
13 53 30 42 -14 23 0 0.00 0.0 0 4.2 13 250 M M 2 16 240
14 68 40 54 -2 11 0 0.12 0.0 0 6.8 18 240 M M 9 1 26 230
15 74 49 62 5 3 0 0.17 0.0 0 10.6 32 260 M M 9 123 45 260
16 67 44 56 -1 9 0 0.00 0.0 0 5.8 13 50 M M 8 12 17 360
17 67 48 58 1 7 0 0.44 0.0 0 11.8 21 70 M M 8 1 24 70
18 62 53 58 0 7 0 0.14 0.0 0 15.0 26 70 M M 10 1 33 70
19 72 55 64 6 1 0 0.00 0.0 0 14.2 25 60 M M 8 30 60
20 76 52 64 6 1 0 0.00 0.0 0 10.9 20 140 M M 3 28 120
21 79 50 65 6 0 0 0.00 0.0 0 5.3 15 150 M M 1 20 140
22 79 55 67 8 0 2 0.73 0.0 0 5.5 18 190 M M 5 1 27 180
23 77 60 69 10 0 4 0.51 0.0 0 4.9 12 210 M M 9 1 13 220
24 85 63 74 14 0 9 T 0.0 0 8.8 20 190 M M 6 24 170
25 84 66 75 15 0 10 0.13 0.0 0 10.3 20 240 M M 4 13 26 210
26 93 67 80 20 0 15 0.00 0.0 0 5.1 12 30 M M 2 18 200
27 87 69 78 18 0 13 0.00 0.0 0 8.0 15 150 M M 5 18 200
28 78 62 70 9 0 5 0.19 0.0 0 8.9 26 220 M M 7 1 33 210
29 75 56 66 5 0 1 1.03 0.0 0 11.9 30 230 M M 8 123 41 240
30 62 47 55 -6 10 0 T 0.0 0 10.7 24 230 M M 6 31 240
31 56 43 50 -12 15 0 0.00 0.0 0 10.6 20 250 M M 6 27 330
================================================================================
SM 2018 1451 332 59 3.87 0.3 291.0 M 200
================================================================================
AV 65.1 46.8 9.4 FASTST M M 6 MAX(MPH)
MISC ----> # 32 260 # 45 260
================================================================================
NOTES:
# LAST OF SEVERAL OCCURRENCES
COLUMN 17 PEAK WIND IN M.P.H.
PRELIMINARY LOCAL CLIMATOLOGICAL DATA (WS FORM: F-6) , PAGE 2
STATION: BUFFALO NY
MONTH: MAY
YEAR: 2020
LATITUDE: 42 55 N
LONGITUDE: 78 44 W
[TEMPERATURE DATA] [PRECIPITATION DATA] SYMBOLS USED IN COLUMN 16
AVERAGE MONTHLY: 56.0 TOTAL FOR MONTH: 3.87 1 = FOG OR MIST
DPTR FM NORMAL: -0.9 DPTR FM NORMAL: 0.41 2 = FOG REDUCING VISIBILITY
HIGHEST: 93 ON 26 GRTST 24HR 1.03 ON 29-29 TO 1/4 MILE OR LESS
LOWEST: 29 ON 9 3 = THUNDER
SNOW, ICE PELLETS, HAIL 4 = ICE PELLETS
TOTAL MONTH: 0.3 INCH 5 = HAIL
GRTST 24HR 0.3 ON 9- 9 6 = FREEZING RAIN OR DRIZZLE
GRTST DEPTH: 0 7 = DUSTSTORM OR SANDSTORM:
VSBY 1/2 MILE OR LESS
8 = SMOKE OR HAZE
[NO. OF DAYS WITH] [WEATHER - DAYS WITH] 9 = BLOWING SNOW
X = TORNADO
MAX 32 OR BELOW: 0 0.01 INCH OR MORE: 16
MAX 90 OR ABOVE: 1 0.10 INCH OR MORE: 10
MIN 32 OR BELOW: 4 0.50 INCH OR MORE: 3
MIN 0 OR BELOW: 0 1.00 INCH OR MORE: 1
[HDD (BASE 65) ]
TOTAL THIS MO. 332 CLEAR (SCALE 0-3) 3
DPTR FM NORMAL 60 PTCLDY (SCALE 4-7) 21
TOTAL FM JUL 1 5989 CLOUDY (SCALE 8-10) 7
DPTR FM NORMAL -564
[CDD (BASE 65) ]
TOTAL THIS MO. 59
DPTR FM NORMAL 36 [PRESSURE DATA]
TOTAL FM JAN 1 59 HIGHEST SLP 30.39 ON 13
DPTR FM NORMAL 33 LOWEST SLP 29.68 ON 7
[REMARKS]
#FINAL-05-20#