000
CXUS56 KLOX 011255
CF6BUR
PRELIMINARY LOCAL CLIMATOLOGICAL DATA (WS FORM: F-6)
STATION: HOLLYWOOD/BURBANK AIRPORT CA
MONTH: FEBRUARY
YEAR: 2022
LATITUDE: 34 12 N
LONGITUDE: 118 22 W
TEMPERATURE IN F: :PCPN: SNOW: WIND :SUNSHINE: SKY :PK WND
================================================================================
1 2 3 4 5 6A 6B 7 8 9 10 11 12 13 14 15 16 17 18
12Z AVG MX 2MIN
DY MAX MIN AVG DEP HDD CDD WTR SNW DPTH SPD SPD DIR MIN PSBL S-S WX SPD DR
================================================================================
1 64 49 57 1 8 0 0.00 M M 3.0 12 140 M M 1 8 17 150
2 66 44 55 -1 10 0 0.00 M M 6.6 23 50 M M 0 8 28 40
3 68 41 55 -1 10 0 0.00 M M 2.7 12 160 M M 0 15 180
4 71 43 57 1 8 0 0.00 M M 3.4 13 160 M M 0 14 170
5 72 41 57 1 8 0 0.00 M M 3.1 12 160 M M 0 8 16 200
6 80 48 64 8 1 0 0.00 M M 3.2 12 170 M M 0 15 190
7 79 48 64 8 1 0 0.00 M M 3.6 12 140 M M 0 16 120
8 81 48 65 9 0 0 0.00 M M 3.2 10 350 M M 0 16 30
9 88 58 73 17 0 8 0.00 M M 5.7 18 50 M M 0 25 40
10 89 65 77 21 0 12 0.00 M M 11.2 32 40 M M 0 39 30
11 86 56 71 15 0 6 0.00 M M 3.3 12 180 M M 0 16 180
12 88 54 71 15 0 6 0.00 M M 2.3 10 230 M M 0 16 300
13 88 54 71 15 0 6 0.00 M M 2.4 13 190 M M 0 14 190
14 81 52 67 11 0 2 0.00 M M 4.8 14 140 M M 0 17 140
15 62 50 56 0 9 0 0.03 M M 9.7 22 10 M M 7 3 28 10
16 67 48 58 2 7 0 0.00 M M 5.4 14 180 M M 0 24 100
17 71 47 59 2 6 0 0.00 M M 4.8 25 40 M M 0 36 30
18 76 44 60 3 5 0 0.00 M M 2.7 12 150 M M 0 16 140
19 79 46 63 6 2 0 0.00 M M 3.1 13 200 M M 0 16 190
20 70 47 59 2 6 0 0.00 M M 5.3 15 180 M M 1 19 180
21 63 52 58 1 7 0 0.00 M M 7.6 15 180 M M 8 19 220
22 60 49 55 -2 10 0 0.00 M M 8.5 22 240 M M 7 27 240
23 57 44 51 -6 14 0 0.00 M M 9.8 22 340 M M 2 29 340
24 62 38 50 -7 15 0 0.00 M M 5.7 22 30 M M 0 26 40
25 66 39 53 -4 12 0 0.00 M M 3.0 15 170 M M 0 18 180
26 70 40 55 -3 10 0 0.00 M M 3.0 13 180 M M 0 15 180
27 78 43 61 3 4 0 0.00 M M 2.4 12 150 M M 0 14 150
28 87 50 69 11 0 4 0.00 M M 7.1 25 30 M M 0 8 30 10
================================================================================
SM 2069 1338 153 44 0.03 M 136.6 M 26
================================================================================
AV 73.9 47.8 4.9 FASTST M M 1 MAX(MPH)
MISC ----> 32 40 39 30
================================================================================
NOTES:
# LAST OF SEVERAL OCCURRENCES
COLUMN 17 PEAK WIND IN M.P.H.
PRELIMINARY LOCAL CLIMATOLOGICAL DATA (WS FORM: F-6) , PAGE 2
STATION: HOLLYWOOD/BURBANK AIRPORT CA
MONTH: FEBRUARY
YEAR: 2022
LATITUDE: 34 12 N
LONGITUDE: 118 22 W
[TEMPERATURE DATA] [PRECIPITATION DATA] SYMBOLS USED IN COLUMN 16
AVERAGE MONTHLY: 60.8 TOTAL FOR MONTH: 0.03 1 = FOG OR MIST
DPTR FM NORMAL: 4.2 DPTR FM NORMAL: -3.92 2 = FOG REDUCING VISIBILITY
HIGHEST: 89 ON 10 GRTST 24HR 0.03 ON 15-15 TO 1/4 MILE OR LESS
LOWEST: 38 ON 24 3 = THUNDER
SNOW, ICE PELLETS, HAIL 4 = ICE PELLETS
TOTAL MONTH: M 5 = HAIL
GRTST 24HR M ON M 6 = FREEZING RAIN OR DRIZZLE
GRTST DEPTH: M ON M 7 = DUSTSTORM OR SANDSTORM:
VSBY 1/2 MILE OR LESS
8 = SMOKE OR HAZE
[NO. OF DAYS WITH] [WEATHER - DAYS WITH] 9 = BLOWING SNOW
X = TORNADO
MAX 32 OR BELOW: 0 0.01 INCH OR MORE: 1
MAX 90 OR ABOVE: 0 0.10 INCH OR MORE: 0
MIN 32 OR BELOW: 0 0.50 INCH OR MORE: 0
MIN 0 OR BELOW: 0 1.00 INCH OR MORE: 0
[HDD (BASE 65) ]
TOTAL THIS MO. 153 CLEAR (SCALE 0-3) 25
DPTR FM NORMAL -89 PTCLDY (SCALE 4-7) 2
TOTAL FM JUL 1 733 CLOUDY (SCALE 8-10) 1
DPTR FM NORMAL -288
[CDD (BASE 65) ]
TOTAL THIS MO. 44
DPTR FM NORMAL 38 [PRESSURE DATA]
TOTAL FM JAN 1 45 HIGHEST SLP 30.35 ON 4
DPTR FM NORMAL 40 LOWEST SLP 29.69 ON 15
[REMARKS]
#FINAL-02-22#