257
CXUS56 KLOX 011255
CF6BUR
PRELIMINARY LOCAL CLIMATOLOGICAL DATA (WS FORM: F-6)
STATION: HOLLYWOOD/BURBANK AIRPORT CA
MONTH: FEBRUARY
YEAR: 2021
LATITUDE: 34 12 N
LONGITUDE: 118 22 W
TEMPERATURE IN F: :PCPN: SNOW: WIND :SUNSHINE: SKY :PK WND
================================================================================
1 2 3 4 5 6A 6B 7 8 9 10 11 12 13 14 15 16 17 18
12Z AVG MX 2MIN
DY MAX MIN AVG DEP HDD CDD WTR SNW DPTH SPD SPD DIR MIN PSBL S-S WX SPD DR
================================================================================
1 71 55 63 8 2 0 T M M 2.4 9 310 M M 5 8 12 310
2 73 54 64 9 1 0 0.00 M M 3.0 12 160 M M 3 8 14 160
3 69 48 59 4 6 0 0.00 M M 4.5 14 160 M M 0 8 22 90
4 66 47 57 2 8 0 0.00 M M 3.4 10 160 M M 3 18 14 160
5 72 44 58 3 7 0 0.00 M M 2.8 13 160 M M 0 15 160
6 79 44 62 7 3 0 0.00 M M 3.0 9 160 M M 0 12 170
7 72 44 58 3 7 0 0.00 M M 3.3 13 180 M M 0 18 16 140
8 65 46 56 0 9 0 0.00 M M 4.1 12 170 M M 5 128 14 160
9 61 52 57 1 8 0 0.00 M M 3.6 12 200 M M 8 8 13 190
10 62 48 55 -1 10 0 0.00 M M 3.6 13 180 M M 3 8 14 210
11 68 45 57 1 8 0 0.00 M M 4.2 13 180 M M 0 18 15 180
12 69 52 61 5 4 0 0.02 M M 9.2 24 280 M M 4 18 36 270
13 64 48 56 0 9 0 0.00 M M 7.3 30 360 M M 1 38 10
14 68 53 61 5 4 0 0.00 M M 13.3 23 330 M M 0 31 340
15 64 48 56 0 9 0 0.00 M M 4.6 15 350 M M 0 16 230
16 70 46 58 2 7 0 0.00 M M 12.1 26 350 M M 0 8 35 360
17 68 50 59 3 6 0 0.00 M M 13.0 23 340 M M 0 31 360
18 69 46 58 2 7 0 0.00 M M 5.9 16 150 M M 0 22 20
19 71 43 57 1 8 0 0.00 M M 2.4 12 190 M M 0 14 100
20 65 44 55 -1 10 0 0.00 M M 11.8 31 360 M M 0 39 360
21 73 45 59 3 6 0 0.00 M M 4.7 15 10 M M 0 20 350
22 80 45 63 7 2 0 0.00 M M 1.8 10 170 M M 0 17 210
23 78 48 63 6 2 0 0.00 M M 3.6 13 180 M M 0 8 16 150
24 75 47 61 4 4 0 0.00 M M 3.4 18 360 M M 0 22 360
25 72 48 60 3 5 0 0.00 M M 4.1 12 140 M M 0 18 16 140
26 75 44 60 3 5 0 0.00 M M 4.6 13 350 M M 0 19 360
27 73 49 61 4 4 0 0.00 M M 13.0 25 360 M M 0 32 10
28 72 48 60 3 5 0 0.00 M M 3.5 14 160 M M 0 8 19 150
================================================================================
SM 1964 1331 166 0 0.02 M 156.2 M 32
================================================================================
AV 70.1 47.5 5.6 FASTST M M 1 MAX(MPH)
MISC ----> 31 360 39 360
================================================================================
NOTES:
# LAST OF SEVERAL OCCURRENCES
COLUMN 17 PEAK WIND IN M.P.H.
PRELIMINARY LOCAL CLIMATOLOGICAL DATA (WS FORM: F-6) , PAGE 2
STATION: HOLLYWOOD/BURBANK AIRPORT CA
MONTH: FEBRUARY
YEAR: 2021
LATITUDE: 34 12 N
LONGITUDE: 118 22 W
[TEMPERATURE DATA] [PRECIPITATION DATA] SYMBOLS USED IN COLUMN 16
AVERAGE MONTHLY: 58.8 TOTAL FOR MONTH: 0.02 1 = FOG OR MIST
DPTR FM NORMAL: 2.9 DPTR FM NORMAL: -4.46 2 = FOG REDUCING VISIBILITY
HIGHEST: 80 ON 22 GRTST 24HR 0.02 ON 12-12 TO 1/4 MILE OR LESS
LOWEST: 43 ON 19 3 = THUNDER
SNOW, ICE PELLETS, HAIL 4 = ICE PELLETS
TOTAL MONTH: M 5 = HAIL
GRTST 24HR M ON M 6 = FREEZING RAIN OR DRIZZLE
GRTST DEPTH: M ON M 7 = DUSTSTORM OR SANDSTORM:
VSBY 1/2 MILE OR LESS
8 = SMOKE OR HAZE
[NO. OF DAYS WITH] [WEATHER - DAYS WITH] 9 = BLOWING SNOW
X = TORNADO
MAX 32 OR BELOW: 0 0.01 INCH OR MORE: 1
MAX 90 OR ABOVE: 0 0.10 INCH OR MORE: 0
MIN 32 OR BELOW: 0 0.50 INCH OR MORE: 0
MIN 0 OR BELOW: 0 1.00 INCH OR MORE: 0
[HDD (BASE 65) ]
TOTAL THIS MO. 166 CLEAR (SCALE 0-3) 23
DPTR FM NORMAL -92 PTCLDY (SCALE 4-7) 4
TOTAL FM JUL 1 810 CLOUDY (SCALE 8-10) 1
DPTR FM NORMAL -331
[CDD (BASE 65) ]
TOTAL THIS MO. 0
DPTR FM NORMAL -4 [PRESSURE DATA]
TOTAL FM JAN 1 29 HIGHEST SLP 30.30 ON 21
DPTR FM NORMAL 27 LOWEST SLP 29.76 ON 13
[REMARKS]
#FINAL-02-21#