000
CXUS53 KLMK 010710
CF6BWG
PRELIMINARY LOCAL CLIMATOLOGICAL DATA (WS FORM: F-6)
STATION: BOWLING GREEN KY
MONTH: MAY
YEAR: 2023
LATITUDE: 36 58 N
LONGITUDE: 86 26 W
TEMPERATURE IN F: :PCPN: SNOW: WIND :SUNSHINE: SKY :PK WND
================================================================================
1 2 3 4 5 6A 6B 7 8 9 10 11 12 13 14 15 16 17 18
12Z AVG MX 2MIN
DY MAX MIN AVG DEP HDD CDD WTR SNW DPTH SPD SPD DIR MIN PSBL S-S WX SPD DR
================================================================================
1 65 47 56 -8 9 0 0.00 0.0 0 11.6 25 270 M M 6 38 290
2 65 44 55 -9 10 0 0.00 0.0 0 9.0 24 290 M M 4 37 270
3 66 44 55 -9 10 0 0.00 0.0 0 4.4 12 270 M M 1 20 10
4 72 39 56 -9 9 0 0.00 0.0 0 1.7 10 210 M M 0 16 220
5 77 47 62 -3 3 0 T 0.0 0 6.0 17 210 M M 3 22 200
6 81 57 69 4 0 4 0.00 0.0 0 7.0 15 190 M M 8 22 160
7 79 63 71 6 0 6 1.36 0.0 0 9.0 24 60 M M 6 13 36 60
8 79 61 70 4 0 5 0.92 0.0 0 7.5 32 160 M M 6 13 41 150
9 78 58 68 2 0 3 0.11 0.0 0 4.6 22 280 M M 5 3 35 230
10 82 53 68 2 0 3 0.00 0.0 0 4.0 13 60 M M 0 2 19 60
11 75 60 68 2 0 3 0.10 0.0 0 3.3 16 170 M M 4 1 22 160
12 76 64 70 3 0 5 0.26 0.0 0 7.8 17 210 M M 7 18 26 200
13 83 65 74 7 0 9 0.00 0.0 0 4.0 9 230 M M 5 1 14 250
14 87 65 76 9 0 11 0.15 0.0 0 3.0 10 70 M M 5 1 14 50
15 86 67 77 9 0 12 0.00 0.0 0 3.1 8 40 M M 3 8 13 310
16 84 66 75 7 0 10 0.32 0.0 0 6.4 22 240 M M 6 13 33 210
17 81 57 69 1 0 4 0.00 0.0 0 4.3 13 30 M M 1 1 17 50
18 82 56 69 1 0 4 0.00 0.0 0 5.0 13 60 M M 3 19 50
19 78 65 72 3 0 7 0.00 0.0 0 7.0 15 190 M M 7 19 190
20 74 57 66 -3 0 1 0.64 0.0 0 4.4 13 10 M M 7 18 21 20
21 77 51 64 -5 1 0 0.00 0.0 0 5.6 15 80 M M 0 20 100
22 81 51 66 -4 0 1 0.00 0.0 0 4.9 13 90 M M 1 18 40
23 83 58 71 1 0 6 0.00 0.0 0 2.3 9 150 M M 2 13 90
24 85 60 73 3 0 8 0.00 0.0 0 3.4 15 40 M M 2 1 23 30
25 80 58 69 -1 0 4 0.00 0.0 0 6.1 15 30 M M 1 1 22 30
26 78 53 66 -5 0 1 0.00 0.0 0 6.1 14 60 M M 0 23 40
27 81 56 69 -2 0 4 0.00 0.0 0 6.7 18 60 M M 1 8 24 50
28 70 55 63 -8 2 0 0.00 0.0 0 5.2 20 50 M M 5 26 50
29 83 55 69 -3 0 4 0.00 0.0 0 2.4 13 40 M M 7 16 20
30 84 59 72 0 0 7 0.00 0.0 0 2.1 12 120 M M 2 1 16 110
31 88 65 77 5 0 12 0.00 0.0 0 2.9 14 40 M M 3 3 18 40
================================================================================
SM 2440 1756 44 134 3.86 0.0 160.8 M 111
================================================================================
AV 78.7 56.6 5.2 FASTST M M 4 MAX(MPH)
MISC ----> 32 160 41 150
================================================================================
NOTES:
# LAST OF SEVERAL OCCURRENCES
COLUMN 17 PEAK WIND IN M.P.H.
PRELIMINARY LOCAL CLIMATOLOGICAL DATA (WS FORM: F-6) , PAGE 2
STATION: BOWLING GREEN KY
MONTH: MAY
YEAR: 2023
LATITUDE: 36 58 N
LONGITUDE: 86 26 W
[TEMPERATURE DATA] [PRECIPITATION DATA] SYMBOLS USED IN COLUMN 16
AVERAGE MONTHLY: 67.7 TOTAL FOR MONTH: 3.86 1 = FOG OR MIST
DPTR FM NORMAL: -0.3 DPTR FM NORMAL: -1.17 2 = FOG REDUCING VISIBILITY
HIGHEST: 88 ON 31 GRTST 24HR 2.21 ON 7- 8 TO 1/4 MILE OR LESS
LOWEST: 39 ON 4 3 = THUNDER
SNOW, ICE PELLETS, HAIL 4 = ICE PELLETS
TOTAL MONTH: 0.0 INCH 5 = HAIL
GRTST 24HR 0.0 6 = FREEZING RAIN OR DRIZZLE
GRTST DEPTH: 0 7 = DUSTSTORM OR SANDSTORM:
VSBY 1/2 MILE OR LESS
8 = SMOKE OR HAZE
[NO. OF DAYS WITH] [WEATHER - DAYS WITH] 9 = BLOWING SNOW
X = TORNADO
MAX 32 OR BELOW: 0 0.01 INCH OR MORE: 8
MAX 90 OR ABOVE: 0 0.10 INCH OR MORE: 8
MIN 32 OR BELOW: 0 0.50 INCH OR MORE: 3
MIN 0 OR BELOW: 0 1.00 INCH OR MORE: 1
[HDD (BASE 65) ]
TOTAL THIS MO. 44 CLEAR (SCALE 0-3) 15
DPTR FM NORMAL -15 PTCLDY (SCALE 4-7) 16
TOTAL FM JUL 1 3247 CLOUDY (SCALE 8-10) 0
DPTR FM NORMAL -547
[CDD (BASE 65) ]
TOTAL THIS MO. 134
DPTR FM NORMAL -16 [PRESSURE DATA]
TOTAL FM JAN 1 174 HIGHEST SLP M ON M
DPTR FM NORMAL -24 LOWEST SLP 29.61 ON 1
[REMARKS]
#FINAL-05-23#