000
CXUS53 KLMK 011253
CF6BWG
PRELIMINARY LOCAL CLIMATOLOGICAL DATA (WS FORM: F-6)
STATION: BOWLING GREEN KY
MONTH: OCTOBER
YEAR: 2021
LATITUDE: 36 58 N
LONGITUDE: 86 26 W
TEMPERATURE IN F: :PCPN: SNOW: WIND :SUNSHINE: SKY :PK WND
================================================================================
1 2 3 4 5 6A 6B 7 8 9 10 11 12 13 14 15 16 17 18
12Z AVG MX 2MIN
DY MAX MIN AVG DEP HDD CDD WTR SNW DPTH SPD SPD DIR MIN PSBL S-S WX SPD DR
================================================================================
1 85 64 75 9 0 10 0.00 0.0 0 2.2 9 110 M M 0 1 10 100
2 82 62 72 6 0 7 0.03 0.0 0 5.1 15 220 M M 5 12 21 200
3 78 66 72 7 0 7 1.11 0.0 0 7.9 17 190 M M 7 13 22 220
4 81 61 71 6 0 6 0.00 0.0 0 2.8 10 280 M M 3 1 15 260
5 79 59 69 5 0 4 0.03 0.0 0 4.0 12 80 M M 5 123 18 60
6 79 66 73 9 0 8 0.17 0.0 0 7.3 15 110 M M 6 1 19 110
7 81 63 72 8 0 7 T 0.0 0 2.4 10 150 M M 5 1 13 130
8 81 59 70 7 0 5 0.00 0.0 0 2.2 9 270 M M 1 1 12 280
9 85 61 73 10 0 8 0.00 0.0 0 4.9 14 210 M M 2 1 18 170
10 85 63 74 12 0 9 0.00 0.0 0 5.8 15 210 M M 1 1 20 190
11 84 62 73 11 0 8 0.11 0.0 0 11.0 23 180 M M 2 1 33 160
12 80 59 70 8 0 5 T 0.0 0 6.4 15 260 M M 3 21 260
13 82 58 70 9 0 5 T 0.0 0 3.1 12 240 M M 5 1 17 200
14 84 64 74 13 0 9 0.00 0.0 0 4.8 13 250 M M 1 12 17 240
15 80 63 72 12 0 7 0.84 0.0 0 6.9 21 280 M M 5 1 29 280
16 66 46 56 -4 9 0 0.10 0.0 0 6.0 16 280 M M 2 1 32 330
17 69 42 56 -4 9 0 0.00 0.0 0 1.9 10 280 M M 0 17 10
18 74 42 58 -1 7 0 0.00 0.0 0 0.3 8 220 M M 0 18 12 200
19 75 42 59 0 6 0 0.00 0.0 0 2.2 10 210 M M 0 1 15 210
20 76 44 60 2 5 0 0.00 0.0 0 4.6 14 180 M M 0 1 20 190
21 77 49 63 5 2 0 0.01 0.0 0 8.8 23 250 M M 5 35 250
22 61 48 55 -3 10 0 0.00 0.0 0 2.3 8 220 M M 9 1 11 220
23 67 45 56 -1 9 0 T 0.0 0 3.0 13 190 M M 6 12 19 210
24 81 55 68 11 0 3 0.03 0.0 0 12.0 23 190 M M 2 32 250
25 70 53 62 6 3 0 0.58 0.0 0 11.5 25 180 M M 8 1 37 180
26 62 43 53 -3 12 0 0.00 0.0 0 3.4 10 30 M M 5 16 30
27 66 37 52 -4 13 0 0.00 0.0 0 6.3 14 80 M M 0 1 20 100
28 65 52 59 4 6 0 0.33 0.0 0 6.9 14 140 M M 8 1 21 130
29 57 54 56 1 9 0 0.39 0.0 0 4.2 12 230 M M 10 1 14 240
30 58 53 56 2 9 0 0.21 0.0 0 8.7 15 280 M M 10 1 26 280
31 64 47 56 2 9 0 0.00 0.0 0 4.4 12 320 M M 7 22 320
================================================================================
SM 2314 1682 118 108 3.94 0.0 163.3 M 123
================================================================================
AV 74.6 54.3 5.3 FASTST M M 4 MAX(MPH)
MISC ----> 25 180 37 180
================================================================================
NOTES:
# LAST OF SEVERAL OCCURRENCES
COLUMN 17 PEAK WIND IN M.P.H.
PRELIMINARY LOCAL CLIMATOLOGICAL DATA (WS FORM: F-6) , PAGE 2
STATION: BOWLING GREEN KY
MONTH: OCTOBER
YEAR: 2021
LATITUDE: 36 58 N
LONGITUDE: 86 26 W
[TEMPERATURE DATA] [PRECIPITATION DATA] SYMBOLS USED IN COLUMN 16
AVERAGE MONTHLY: 64.5 TOTAL FOR MONTH: 3.94 1 = FOG OR MIST
DPTR FM NORMAL: 4.5 DPTR FM NORMAL: 0.31 2 = FOG REDUCING VISIBILITY
HIGHEST: 85 ON 10, 9 GRTST 24HR 1.11 ON 2- 3 TO 1/4 MILE OR LESS
LOWEST: 37 ON 27 3 = THUNDER
SNOW, ICE PELLETS, HAIL 4 = ICE PELLETS
TOTAL MONTH: 0.0 INCH 5 = HAIL
GRTST 24HR 0.0 6 = FREEZING RAIN OR DRIZZLE
GRTST DEPTH: 0 7 = DUSTSTORM OR SANDSTORM:
VSBY 1/2 MILE OR LESS
8 = SMOKE OR HAZE
[NO. OF DAYS WITH] [WEATHER - DAYS WITH] 9 = BLOWING SNOW
X = TORNADO
MAX 32 OR BELOW: 0 0.01 INCH OR MORE: 13
MAX 90 OR ABOVE: 0 0.10 INCH OR MORE: 9
MIN 32 OR BELOW: 0 0.50 INCH OR MORE: 3
MIN 0 OR BELOW: 0 1.00 INCH OR MORE: 1
[HDD (BASE 65) ]
TOTAL THIS MO. 118 CLEAR (SCALE 0-3) 15
DPTR FM NORMAL -83 PTCLDY (SCALE 4-7) 12
TOTAL FM JUL 1 135 CLOUDY (SCALE 8-10) 4
DPTR FM NORMAL -89
[CDD (BASE 65) ]
TOTAL THIS MO. 108
DPTR FM NORMAL 62 [PRESSURE DATA]
TOTAL FM JAN 1 1705 HIGHEST SLP 30.27 ON 17
DPTR FM NORMAL 33 LOWEST SLP 29.40 ON 29
[REMARKS]
#FINAL-10-21#