000
CXUS52 KCAE 011400
CF6CAE
PRELIMINARY LOCAL CLIMATOLOGICAL DATA (WS FORM: F-6)
STATION: COLUMBIA METRO AIRPORT SC
MONTH: APRIL
YEAR: 2021
LATITUDE: 33 57 N
LONGITUDE: 81 7 W
TEMPERATURE IN F: :PCPN: SNOW: WIND :SUNSHINE: SKY :PK WND
================================================================================
1 2 3 4 5 6A 6B 7 8 9 10 11 12 13 14 15 16 17 18
12Z AVG MX 2MIN
DY MAX MIN AVG DEP HDD CDD WTR SNW DPTH SPD SPD DIR MIN PSBL S-S WX SPD DR
================================================================================
1 64 41 53 -7 12 0 T 0.0 0 12.6 28 300 M M 3 40 290
2 55 33 44 -16 21 0 0.00 0.0 0 6.0 16 310 M M 0 24 10
3 63 28 46 -14 19 0 0.00 0.0 0 3.0 15 290 M M 1 20 290
4 75 35 55 -5 10 0 0.00 0.0 0 4.6 13 280 M M 0 18 250
5 81 42 62 1 3 0 0.00 0.0 0 2.9 10 120 M M 0 1 13 250
6 84 48 66 5 0 1 0.00 0.0 0 4.4 15 290 M M 0 20 260
7 86 54 70 9 0 5 0.00 0.0 0 4.9 14 280 M M 2 18 240
8 83 55 69 8 0 4 T 0.0 0 5.6 23 170 M M 5 18 27 170
9 79 63 71 9 0 6 0.02 0.0 0 5.8 18 220 M M 7 3 24 220
10 79 61 70 8 0 5 0.10 0.0 0 7.0 24 140 M M 8 1 34 150
11 79 56 68 6 0 3 0.00 0.0 0 8.7 22 260 M M 4 1 27 260
12 85 47 66 4 0 1 0.00 0.0 0 7.5 21 270 M M 0 27 290
13 83 49 66 3 0 1 0.00 0.0 0 2.3 12 70 M M 2 14 140
14 87 55 71 8 0 6 T 0.0 0 7.7 28 280 M M 5 1 35 280
15 77 55 66 3 0 1 0.01 0.0 0 8.3 18 290 M M 7 23 310
16 71 50 61 -2 4 0 0.00 0.0 0 4.5 15 50 M M 5 20 40
17 76 55 66 2 0 1 T 0.0 0 3.0 13 230 M M 9 16 250
18 77 55 66 2 0 1 0.00 0.0 0 4.2 14 320 M M 5 22 310
19 76 51 64 0 1 0 0.00 0.0 0 5.1 18 280 M M 3 26 300
20 76 46 61 -3 4 0 0.00 0.0 0 5.4 18 160 M M 5 1 22 130
21 80 46 63 -2 2 0 0.00 0.0 0 12.9 32 280 M M 1 40 270
22 64 38 51 -14 14 0 0.00 0.0 0 4.2 16 280 M M 0 24 270
23 73 35 54 -11 11 0 T 0.0 0 3.0 14 250 M M 3 22 200
24 67 48 58 -8 7 0 0.67 0.0 0 8.7 25 140 M M 9 13 35 140
25 78 56 67 1 0 2 T 0.0 0 7.1 14 330 M M 7 20 20
26 80 48 64 -2 1 0 0.00 M M 3.2 14 80 M M 2 1 16 70
27 84 50 67 1 0 2 0.00 0.0 0 5.1 15 180 M M 3 8 20 160
28 86 61 74 7 0 9 0.00 0.0 0 6.3 16 230 M M 3 21 220
29 87 65 76 9 0 11 0.00 0.0 0 11.8 22 240 M M 5 33 260
30 80 61 71 4 0 6 0.00 0.0 0 12.0 24 260 M M 7 32 260
================================================================================
SM 2315 1487 109 65 0.80 0.0 187.8 M 111
================================================================================
AV 77.2 49.6 6.3 FASTST M M 4 MAX(MPH)
MISC ----> 32 280 # 40 290
================================================================================
NOTES:
# LAST OF SEVERAL OCCURRENCES
COLUMN 17 PEAK WIND IN M.P.H.
PRELIMINARY LOCAL CLIMATOLOGICAL DATA (WS FORM: F-6) , PAGE 2
STATION: COLUMBIA METRO AIRPORT SC
MONTH: APRIL
YEAR: 2021
LATITUDE: 33 57 N
LONGITUDE: 81 7 W
[TEMPERATURE DATA] [PRECIPITATION DATA] SYMBOLS USED IN COLUMN 16
AVERAGE MONTHLY: 63.4 TOTAL FOR MONTH: 0.80 1 = FOG OR MIST
DPTR FM NORMAL: 0.0 DPTR FM NORMAL: -1.82 2 = FOG REDUCING VISIBILITY
HIGHEST: 87 ON 29,14 GRTST 24HR 0.68 ON 31- 1 TO 1/4 MILE OR LESS
LOWEST: 28 ON 3 3 = THUNDER
SNOW, ICE PELLETS, HAIL 4 = ICE PELLETS
TOTAL MONTH: 0.0 INCH 5 = HAIL
GRTST 24HR 0.0 6 = FREEZING RAIN OR DRIZZLE
GRTST DEPTH: 0 7 = DUSTSTORM OR SANDSTORM:
VSBY 1/2 MILE OR LESS
8 = SMOKE OR HAZE
[NO. OF DAYS WITH] [WEATHER - DAYS WITH] 9 = BLOWING SNOW
X = TORNADO
MAX 32 OR BELOW: 0 0.01 INCH OR MORE: 4
MAX 90 OR ABOVE: 0 0.10 INCH OR MORE: 2
MIN 32 OR BELOW: 1 0.50 INCH OR MORE: 1
MIN 0 OR BELOW: 0 1.00 INCH OR MORE: 0
[HDD (BASE 65) ]
TOTAL THIS MO. 109 CLEAR (SCALE 0-3) 15
DPTR FM NORMAL -13 PTCLDY (SCALE 4-7) 12
TOTAL FM JUL 1 2237 CLOUDY (SCALE 8-10) 3
DPTR FM NORMAL -294
[CDD (BASE 65) ]
TOTAL THIS MO. 65
DPTR FM NORMAL -8 [PRESSURE DATA]
TOTAL FM JAN 1 110 HIGHEST SLP 30.52 ON 3
DPTR FM NORMAL 15 LOWEST SLP 29.56 ON 11
[REMARKS]
#FINAL-04-21#