000
CXUS55 KABQ 011417
CF6CAO
PRELIMINARY LOCAL CLIMATOLOGICAL DATA (WS FORM: F-6)
STATION: CLAYTON NM
MONTH: MARCH
YEAR: 2023
LATITUDE: 36 27 N
LONGITUDE: 103 9 W
TEMPERATURE IN F: :PCPN: SNOW: WIND :SUNSHINE: SKY :PK WND
================================================================================
1 2 3 4 5 6A 6B 7 8 9 10 11 12 13 14 15 16 17 18
12Z AVG MX 2MIN
DY MAX MIN AVG DEP HDD CDD WTR SNW DPTH SPD SPD DIR MIN PSBL S-S WX SPD DR
================================================================================
1 52 22 37 -3 28 0 0.00 0.0 0 10.5 25 160 M M 0 33 150
2 49 23 36 -5 29 0 0.00 0.0 0 10.8 22 30 M M 5 30 50
3 59 24 42 1 23 0 0.00 0.0 0 10.7 29 310 M M 0 38 300
4 51 29 40 -1 25 0 0.00 0.0 0 13.7 26 320 M M 2 36 320
5 72 25 49 7 16 0 0.00 0.0 0 12.1 32 240 M M 0 44 240
6 59 29 44 2 21 0 0.00 0.0 0 10.9 20 140 M M 0 27 150
7 49 24 37 -5 28 0 0.00 0.0 0 9.4 20 160 M M 5 12 26 170
8 48 27 38 -5 27 0 0.00 0.0 0 8.3 23 150 M M 6 1 29 160
9 48 25 37 -6 28 0 0.00 0.0 0 8.4 21 360 M M 2 28 360
10 68 28 48 5 17 0 0.00 0.0 0 17.5 32 200 M M 2 42 190
11 65 37 51 7 14 0 T 0.0 0 12.5 35 40 M M 2 43 360
12 47 28 38 -6 27 0 0.00 0.0 0 6.6 17 50 M M 4 21 60
13 53 23 38 -6 27 0 0.00 0.0 0 12.0 22 180 M M 4 31 180
14 61 31 46 2 19 0 0.00 0.0 0 16.0 25 210 M M 3 33 210
15 73 40 57 12 8 0 0.00 0.0 0 18.2 35 210 M M 0 46 210
16 52 27 40 -5 25 0 0.12 T 0 19.9 38 360 M M 8 1 50 350
17 40 22 31 -14 34 0 0.00 0.0 0 5.2 10 170 M M 8 15 170
18 47 18 33 -13 32 0 0.00 0.0 0 8.2 21 360 M M 2 27 10
19 53 15 34 -12 31 0 0.00 0.0 0 16.7 36 210 M M 0 50 210
20 62 36 49 3 16 0 0.00 0.0 0 17.4 24 220 M M 2 37 210
21 67 37 52 6 13 0 0.00 0.0 0 17.7 33 230 M M 2 48 230
22 73 44 59 12 6 0 0.00 0.0 0 20.9 43 210 M M 0 60 210
23 58 33 46 -1 19 0 0.02 0.0 0 11.5 26 140 M M 2 36 130
24 57 30 44 -3 21 0 0.00 0.0 0 11.1 25 310 M M 2 34 310
25 51 24 38 -10 27 0 0.00 0.0 0 13.9 33 290 M M 0 45 310
26 49 25 37 -11 28 0 T T 0 9.7 28 220 M M 7 40 220
27 55 23 39 -9 26 0 0.00 0.0 0 15.7 33 250 M M 2 48 240
28 50 16 33 -15 32 0 0.00 0.0 0 14.8 35 200 M M 0 42 200
29 72 36 54 6 11 0 0.00 0.0 0 18.3 30 200 M M 0 39 190
30 75 42 59 10 6 0 0.00 0.0 0 24.9 44 210 M M 0 8 64 210
31 62 33 48 -1 17 0 0.00 0.0 0 21.5 41 270 M M 0 57 260
================================================================================
SM 1777 876 681 0 0.14 T 425.0 M 70
================================================================================
AV 57.3 28.3 13.7 FASTST M M 2 MAX(MPH)
MISC ----> 44 210 64 210
================================================================================
NOTES:
# LAST OF SEVERAL OCCURRENCES
COLUMN 17 PEAK WIND IN M.P.H.
PRELIMINARY LOCAL CLIMATOLOGICAL DATA (WS FORM: F-6) , PAGE 2
STATION: CLAYTON NM
MONTH: MARCH
YEAR: 2023
LATITUDE: 36 27 N
LONGITUDE: 103 9 W
[TEMPERATURE DATA] [PRECIPITATION DATA] SYMBOLS USED IN COLUMN 16
AVERAGE MONTHLY: 42.8 TOTAL FOR MONTH: 0.14 1 = FOG OR MIST
DPTR FM NORMAL: -2.1 DPTR FM NORMAL: -0.77 2 = FOG REDUCING VISIBILITY
HIGHEST: 75 ON 30 GRTST 24HR 0.12 ON 16-16 TO 1/4 MILE OR LESS
LOWEST: 15 ON 19 3 = THUNDER
SNOW, ICE PELLETS, HAIL 4 = ICE PELLETS
TOTAL MONTH: T 5 = HAIL
GRTST 24HR T ON 16-16 6 = FREEZING RAIN OR DRIZZLE
GRTST DEPTH: 0 7 = DUSTSTORM OR SANDSTORM:
VSBY 1/2 MILE OR LESS
8 = SMOKE OR HAZE
[NO. OF DAYS WITH] [WEATHER - DAYS WITH] 9 = BLOWING SNOW
X = TORNADO
MAX 32 OR BELOW: 0 0.01 INCH OR MORE: 2
MAX 90 OR ABOVE: 0 0.10 INCH OR MORE: 1
MIN 32 OR BELOW: 22 0.50 INCH OR MORE: 0
MIN 0 OR BELOW: 0 1.00 INCH OR MORE: 0
[HDD (BASE 65) ]
TOTAL THIS MO. 681 CLEAR (SCALE 0-3) 23
DPTR FM NORMAL 57 PTCLDY (SCALE 4-7) 7
TOTAL FM JUL 1 4366 CLOUDY (SCALE 8-10) 1
DPTR FM NORMAL 90
[CDD (BASE 65) ]
TOTAL THIS MO. 0
DPTR FM NORMAL -1 [PRESSURE DATA]
TOTAL FM JAN 1 0 HIGHEST SLP 30.47 ON 28
DPTR FM NORMAL -1 LOWEST SLP 29.35 ON 30
[REMARKS]
#FINAL-03-23#