000
CXUS54 KLZK 011230
CF6CCA
PRELIMINARY LOCAL CLIMATOLOGICAL DATA (WS FORM: F-6)
STATION: CLINTON
MONTH: DECEMBER
YEAR: 2020
LATITUDE: 35 32 N
LONGITUDE: 92 22 W
TEMPERATURE IN F: :PCPN: SNOW: WIND :SUNSHINE: SKY :PK WND
================================================================================
1 2 3 4 5 6A 6B 7 8 9 10 11 12 13 14 15 16 17 18
12Z AVG MX 2MIN
DY MAX MIN AVG DEP HDD CDD WTR SNW DPTH SPD SPD DIR MIN PSBL S-S WX SPD DR
================================================================================
1 54 16 35 M 30 0 0.00 M M 1.2 8 190 M M 0 M M
2 54 23 39 M 26 0 0.00 M M 2.3 6 90 M M 4 8 15 90
3 45 36 41 M 24 0 0.06 M M 0.1 4 260 M M 10 1 M M
4 54 30 42 M 23 0 0.00 M M 1.8 7 200 M M 5 18 14 190
5 63 27 45 M 20 0 0.00 M M 0.9 7 210 M M 0 1 M M
6 57 28 43 M 22 0 0.00 M M 2.1 14 320 M M 1 1 20 340
7 59 25 42 M 23 0 0.00 M M 2.3 10 300 M M 2 1 M M
8 66 25 46 M 19 0 0.00 M M 1.2 7 290 M M 1 1 M M
9 73 28 51 M 14 0 0.00 M M 0.7 9 220 M M 0 13 99
10 75 28 52 M 13 0 0.00 0.0 0 0.6 7 99 M M 0 8 13 99
11 57 34 46 M 19 0 0.36 M M 1.1 8 220 M M 8 1 16 220
12 52 34 43 M 22 0 M M M 4.9 14 230 M M 7 1 21 230
13 41 34 38 M 27 0 0.62 M M 2.1 7 99 M M 9 12 99
14 43 25 34 M 31 0 M M M 3.4 15 330 M M 3 21 330
15 32 21 27 M 38 0 M M M 1.9 6 99 M M 6 1 12 20
16 36 23 30 M 35 0 M M M 4.1 13 290 M M 8 1 18 300
17 46 18 32 M 33 0 0.00 M M 1.1 7 150 M M 2 1 M M
18 54 21 38 M 27 0 0.00 M M 2.5 12 160 M M 2 1 18 190
19 48 39 44 M 21 0 M M M 0.8 7 260 M M 10 1 M M
20 54 30 42 M 23 0 M M M 1.8 7 180 M M 5 12 12 99
21 70 25 48 M 17 0 M M M 1.4 10 220 M M 0 8 14 99
22 63 27 45 M 20 0 M M M 1.8 10 140 M M 0 17 140
23 63 34 49 M 16 0 0.10 M M 6.1 16 320 M M 8 26 320
24 37 21 29 M 36 0 M M M 8.0 17 280 M M 3 30 310
25 45 19 32 M 33 0 M M M 4.9 10 330 M M 0 18 280
26 63 19 41 M 24 0 M M M 1.0 8 240 M M 0 14 99
27 61 27 44 M 21 0 M M M 3.5 15 210 M M 4 1 24 210
28 55 30 43 M 22 0 M M M 1.7 6 99 M M 0 2 14 99
29 39 30 35 M 30 0 M M M 2.1 8 70 M M 9 1 15 70
30 52 36 44 M 21 0 0.91 M M 2.3 10 320 M M 10 1 15 99
31 37 36 37 M 28 0 0.36 M M 3.1 7 50 M M 10 20 99
================================================================================
SM 1648 849 758 0 2.41 0.0 72.7 M 127
================================================================================
AV 53.2 27.4 2.3 FASTST M M 4 MAX(MPH)
MISC ----> 17 280 30 310
================================================================================
NOTES:
# LAST OF SEVERAL OCCURRENCES
COLUMN 17 PEAK WIND IN M.P.H.
PRELIMINARY LOCAL CLIMATOLOGICAL DATA (WS FORM: F-6) , PAGE 2
STATION: CLINTON
MONTH: DECEMBER
YEAR: 2020
LATITUDE: 35 32 N
LONGITUDE: 92 22 W
[TEMPERATURE DATA] [PRECIPITATION DATA] SYMBOLS USED IN COLUMN 16
AVERAGE MONTHLY: 40.3 TOTAL FOR MONTH: 2.41 1 = FOG OR MIST
DPTR FM NORMAL: 0.0 DPTR FM NORMAL: M 2 = FOG REDUCING VISIBILITY
HIGHEST: 75 ON 10 GRTST 24HR 0.91 ON 30-30 TO 1/4 MILE OR LESS
LOWEST: 16 ON 1 3 = THUNDER
SNOW, ICE PELLETS, HAIL 4 = ICE PELLETS
TOTAL MONTH: 0.0 INCH 5 = HAIL
GRTST 24HR 0.0 6 = FREEZING RAIN OR DRIZZLE
GRTST DEPTH: 0 7 = DUSTSTORM OR SANDSTORM:
VSBY 1/2 MILE OR LESS
8 = SMOKE OR HAZE
[NO. OF DAYS WITH] [WEATHER - DAYS WITH] 9 = BLOWING SNOW
X = TORNADO
MAX 32 OR BELOW: 1 0.01 INCH OR MORE: 6
MAX 90 OR ABOVE: 0 0.10 INCH OR MORE: 4
MIN 32 OR BELOW: 23 0.50 INCH OR MORE: 2
MIN 0 OR BELOW: 0 1.00 INCH OR MORE: 0
[HDD (BASE 65) ]
TOTAL THIS MO. 758 CLEAR (SCALE 0-3) 14
DPTR FM NORMAL M PTCLDY (SCALE 4-7) 9
TOTAL FM JUL 1 1430 CLOUDY (SCALE 8-10) 8
DPTR FM NORMAL M
[CDD (BASE 65) ]
TOTAL THIS MO. 0
DPTR FM NORMAL M [PRESSURE DATA]
TOTAL FM JAN 1 1503 HIGHEST SLP M ON M
DPTR FM NORMAL M LOWEST SLP M ON M
[REMARKS]
#FINAL-12-20#