000
CXUS53 KARX 010900
CF6CCY
PRELIMINARY LOCAL CLIMATOLOGICAL DATA (WS FORM: F-6)
STATION: CHARLES_CITY IA
MONTH: MARCH
YEAR: 2021
LATITUDE: 43 4 N
LONGITUDE: 92 37 W
TEMPERATURE IN F: :PCPN: SNOW: WIND :SUNSHINE: SKY :PK WND
================================================================================
1 2 3 4 5 6A 6B 7 8 9 10 11 12 13 14 15 16 17 18
12Z AVG MX 2MIN
DY MAX MIN AVG DEP HDD CDD WTR SNW DPTH SPD SPD DIR MIN PSBL S-S WX SPD DR
================================================================================
1 25 16 21 -7 44 0 M M M 7.2 15 360 M M 3 23 20
2 41 16 29 1 36 0 0.00 0.0 M 12.9 21 200 M M 0 28 200
3 48 28 38 10 27 0 0.00 0.0 M 4.9 8 40 M M 0 M M
4 43 30 37 8 28 0 0.00 0.0 M 10.0 17 110 M M 4 21 110
5 39 28 34 5 31 0 0.00 0.0 M 5.1 9 110 M M 8 M M
6 46 28 37 7 28 0 0.00 0.0 M 8.0 13 130 M M 2 M M
7 57 32 45 15 20 0 0.00 0.0 M 14.5 20 170 M M 1 28 170
8 61 34 48 17 17 0 0.00 0.0 M 7.2 12 200 M M 0 M M
9 64 41 53 22 12 0 0.00 0.0 M 15.9 27 160 M M 2 39 190
10 66 34 50 18 15 0 M M M 19.1 31 170 M M 9 18 40 260
11 50 32 41 9 24 0 0.00 0.0 M 14.9 23 260 M M 4 36 260
12 46 27 37 5 28 0 0.00 0.0 0 5.1 10 10 M M 0 16 10
13 57 28 43 10 22 0 0.00 0.0 0 4.8 9 210 M M 0 15 0
14 46 36 41 7 24 0 0.00 0.0 0 16.1 23 80 M M 6 31 90
15 36 28 32 -2 33 0 M M M 19.5 28 90 M M 9 1 36 100
16 32 28 30 -4 35 0 M M M 7.0 10 100 M M 10 12 M M
17 37 30 34 -1 31 0 0.00 0.0 M 11.7 17 10 M M 6 1 27 10
18 46 32 39 4 26 0 0.00 0.0 M 13.9 18 30 M M 0 25 10
19 50 27 39 3 26 0 0.00 0.0 M 8.2 14 130 M M 0 20 130
20 57 28 43 7 22 0 0.00 0.0 M 15.2 23 180 M M 0 29 180
21 64 41 53 16 12 0 M 0.0 0 22.6 36 180 M M 3 44 180
22 59 36 48 11 17 0 0.03 0.0 0 8.7 14 30 M M 7 1 20 190
23 52 43 48 10 17 0 0.54 M M 13.2 18 90 M M 9 1 24 70
24 50 39 45 7 20 0 0.02 M M 13.5 23 290 M M 10 1 33 290
25 48 34 41 2 24 0 M M M 6.4 15 60 M M 9 16 70
26 50 37 44 5 21 0 0.00 0.0 0 4.7 8 170 M M 9 M M
27 48 34 41 1 24 0 0.42 0.0 0 11.2 22 310 M M 9 1 28 310
28 45 32 39 -1 26 0 M M M 13.7 22 310 M M 5 29 310
29 72 36 54 14 11 0 0.00 0.0 0 23.5 33 190 M M 1 47 200
30 57 28 43 2 22 0 0.00 0.0 0 18.0 24 280 M M 4 35 280
31 32 21 27 -14 38 0 M M 0 15.8 22 310 M M 5 29 310
================================================================================
SM 1524 964 761 0 1.01 0.0 372.5 M 135
================================================================================
AV 49.2 31.1 12.0 FASTST M M 4 MAX(MPH)
MISC ----> 36 180 47 200
================================================================================
NOTES:
# LAST OF SEVERAL OCCURRENCES
COLUMN 17 PEAK WIND IN M.P.H.
PRELIMINARY LOCAL CLIMATOLOGICAL DATA (WS FORM: F-6) , PAGE 2
STATION: CHARLES_CITY IA
MONTH: MARCH
YEAR: 2021
LATITUDE: 43 4 N
LONGITUDE: 92 37 W
[TEMPERATURE DATA] [PRECIPITATION DATA] SYMBOLS USED IN COLUMN 16
AVERAGE MONTHLY: 40.1 TOTAL FOR MONTH: 1.01 1 = FOG OR MIST
DPTR FM NORMAL: 5.7 DPTR FM NORMAL: -0.86 2 = FOG REDUCING VISIBILITY
HIGHEST: 72 ON 29 GRTST 24HR 0.54 ON 23-23 TO 1/4 MILE OR LESS
LOWEST: 16 ON 2, 1 3 = THUNDER
SNOW, ICE PELLETS, HAIL 4 = ICE PELLETS
TOTAL MONTH: 0.0 INCH 5 = HAIL
GRTST 24HR 0.0 6 = FREEZING RAIN OR DRIZZLE
GRTST DEPTH: 0 7 = DUSTSTORM OR SANDSTORM:
VSBY 1/2 MILE OR LESS
8 = SMOKE OR HAZE
[NO. OF DAYS WITH] [WEATHER - DAYS WITH] 9 = BLOWING SNOW
X = TORNADO
MAX 32 OR BELOW: 3 0.01 INCH OR MORE: 4
MAX 90 OR ABOVE: 0 0.10 INCH OR MORE: 2
MIN 32 OR BELOW: 19 0.50 INCH OR MORE: 1
MIN 0 OR BELOW: 0 1.00 INCH OR MORE: 0
[HDD (BASE 65) ]
TOTAL THIS MO. 761 CLEAR (SCALE 0-3) 14
DPTR FM NORMAL -188 PTCLDY (SCALE 4-7) 9
TOTAL FM JUL 1 6424 CLOUDY (SCALE 8-10) 8
DPTR FM NORMAL -165
[CDD (BASE 65) ]
TOTAL THIS MO. 0
DPTR FM NORMAL 0 [PRESSURE DATA]
TOTAL FM JAN 1 0 HIGHEST SLP M ON M
DPTR FM NORMAL 0 LOWEST SLP M ON M
[REMARKS]
#FINAL-03-21#