000
CXAK56 PAFC 011313
CF6CDB
PRELIMINARY LOCAL CLIMATOLOGICAL DATA (WS FORM: F-6)
STATION: COLD BAY
MONTH: NOVEMBER
YEAR: 2021
LATITUDE: 55 13 N
LONGITUDE: 162 44 W
TEMPERATURE IN F: :PCPN: SNOW: WIND :SUNSHINE: SKY :PK WND
================================================================================
1 2 3 4 5 6A 6B 7 8 9 10 11 12 13 14 15 16 17 18
12Z AVG MX 2MIN
DY MAX MIN AVG DEP HDD CDD WTR SNW DPTH SPD SPD DIR MIN PSBL S-S WX SPD DR
================================================================================
1 45 26 36 -2 29 0 0.00 M M 5.7 12 230 M M 4 M M
2 42 32 37 -1 28 0 1.22 M M 14.7 29 300 M M 8 12 35 300
3 36 30 33 -4 32 0 0.08 M M 32.9 51 290 M M 9 158 65 290
4 35 30 33 -4 32 0 0.03 M M 30.1 48 290 M M 8 158 55 290
5 35 29 32 -5 33 0 0.05 M M 22.9 38 300 M M 7 158 46 290
6 35 28 32 -5 33 0 0.09 M M 19.3 36 320 M M 8 189 40 240
7 36 28 32 -5 33 0 0.08 M M 13.6 30 290 M M 8 18 33 290
8 33 19 26 -10 39 0 0.00 M M 4.9 16 350 M M 10 19 340
9 32 17 25 -11 40 0 1.04 M M 7.4 16 70 M M 9 18 19 70
10 33 23 28 -8 37 0 T M M 16.1 26 20 M M 9 18 33 20
11 34 27 31 -5 34 0 0.05 M M 18.7 28 350 M M 10 1 33 340
12 33 28 31 -5 34 0 0.08 M M 15.8 29 320 M M 10 18 33 320
13 36 30 33 -3 32 0 0.19 M M 7.7 15 290 M M 10 1 20 270
14 39 32 36 1 29 0 0.07 M M 13.3 28 120 M M 9 1 32 110
15 40 32 36 1 29 0 0.74 M M 10.6 23 130 M M 10 1 29 120
16 34 27 31 -4 34 0 0.08 M M 11.5 20 340 M M 10 1 24 350
17 30 20 25 -10 40 0 0.00 M M 9.1 20 10 M M 2 24 10
18 27 19 23 -12 42 0 0.00 M M 10.5 17 20 M M 9 22 10
19 35 20 28 -7 37 0 0.00 M M 11.4 24 160 M M 9 28 160
20 37 29 33 -1 32 0 0.00 M M 9.9 29 60 M M 9 35 70
21 31 26 29 -5 36 0 0.00 M M 16.7 24 340 M M 9 30 330
22 29 24 27 -7 38 0 0.01 M M 13.0 23 330 M M 10 18 27 330
23 24 16 20 -14 45 0 0.08 M M 17.4 26 340 M M 10 18 33 340
24 22 17 20 -14 45 0 0.07 M M 25.1 35 330 M M 10 1289 41 330
25 28 18 23 -11 42 0 0.09 M M 12.7 30 330 M M 8 18 37 320
26 26 12 19 -15 46 0 0.07 M M 4.8 23 360 M M 8 128 27 360
27 25 15 20 -14 45 0 0.10 M M 7.4 26 360 M M 10 18 30 360
28 31 6 19 -14 46 0 0.01 M M 19.2 41 20 M M 7 189 52 20
29 24 15 20 -13 45 0 0.05 M M 28.7 41 20 M M 10 129 52 20
30 24 15 20 -13 45 0 0.14 M M 30.0 44 310 M M 9 1289 55 300
================================================================================
SM 971 690 1112 0 4.42 M 461.1 M 259
================================================================================
AV 32.4 23.0 15.4 FASTST M M 9 MAX(MPH)
MISC ----> 51 290 65 290
================================================================================
NOTES:
# LAST OF SEVERAL OCCURRENCES
COLUMN 17 PEAK WIND IN M.P.H.
PRELIMINARY LOCAL CLIMATOLOGICAL DATA (WS FORM: F-6) , PAGE 2
STATION: COLD BAY
MONTH: NOVEMBER
YEAR: 2021
LATITUDE: 55 13 N
LONGITUDE: 162 44 W
[TEMPERATURE DATA] [PRECIPITATION DATA] SYMBOLS USED IN COLUMN 16
AVERAGE MONTHLY: 27.7 TOTAL FOR MONTH: 4.42 1 = FOG OR MIST
DPTR FM NORMAL: -7.6 DPTR FM NORMAL: -0.57 2 = FOG REDUCING VISIBILITY
HIGHEST: 45 ON 1 GRTST 24HR 1.26 ON 2- 3 TO 1/4 MILE OR LESS
LOWEST: 6 ON 28 3 = THUNDER
SNOW, ICE PELLETS, HAIL 4 = ICE PELLETS
TOTAL MONTH: M 5 = HAIL
GRTST 24HR M ON M 6 = FREEZING RAIN OR DRIZZLE
GRTST DEPTH: M ON M 7 = DUSTSTORM OR SANDSTORM:
VSBY 1/2 MILE OR LESS
8 = SMOKE OR HAZE
[NO. OF DAYS WITH] [WEATHER - DAYS WITH] 9 = BLOWING SNOW
X = TORNADO
MAX 32 OR BELOW: 13 0.01 INCH OR MORE: 22
MAX 90 OR ABOVE: 0 0.10 INCH OR MORE: 6
MIN 32 OR BELOW: 30 0.50 INCH OR MORE: 3
MIN 0 OR BELOW: 0 1.00 INCH OR MORE: 2
[HDD (BASE 65) ]
TOTAL THIS MO. 1112 CLEAR (SCALE 0-3) 1
DPTR FM NORMAL 220 PTCLDY (SCALE 4-7) 7
TOTAL FM JUL 1 3062 CLOUDY (SCALE 8-10) 22
DPTR FM NORMAL 135
[CDD (BASE 65) ]
TOTAL THIS MO. 0
DPTR FM NORMAL 0 [PRESSURE DATA]
TOTAL FM JAN 1 0 HIGHEST SLP 30.15 ON 17
DPTR FM NORMAL 0 LOWEST SLP 28.97 ON 29
[REMARKS]
#FINAL-11-21#