000
CXAK58 PACD 011310
CLMCDB
CLIMATE REPORT
NATIONAL WEATHER SERVICE ANCHORAGE, AK
410 AM AKST FRI DEC 01 2023
...................................
...THE COLD BAY CLIMATE SUMMARY FOR THE MONTH OF NOVEMBER 2023...
CLIMATE NORMAL PERIOD: 1991 TO 2020
CLIMATE RECORD PERIOD: 1942 TO 2023
WEATHER OBSERVED NORMAL DEPART LAST YEAR`S
VALUE DATE(S) VALUE FROM VALUE
NORMAL
..............................................................
TEMPERATURE (F)
RECORD
HIGH 59 11/13/1986
LOW 1 11/29/1963
11/28/1963
HIGHEST 54 MM MM 50
LOWEST 14 MM MM 26
AVG. MAXIMUM 43.5 39.9 3.6 43.2
AVG. MINIMUM 32.9 30.6 2.3 34.0
MEAN 38.2 35.3 2.9 38.6
DAYS MAX >= 90 0 0.0 0.0 0
DAYS MAX <= 32 0 3.0 -3.0 0
DAYS MIN <= 32 10 18.2 -8.2 13
DAYS MIN <= 0 0 0.0 0.0 0
PRECIPITATION (INCHES)
RECORD
MAXIMUM 12.22 2000
MINIMUM 1.15 1975
TOTALS 3.26 4.99 -1.73 5.02
DAILY AVG. 0.11 0.17 -0.06 0.17
DAYS >= .01 25 24.4 0.6 22
DAYS >= .10 12 13.1 -1.1 12
DAYS >= .50 0 2.4 -2.4 3
DAYS >= 1.00 0 0.6 -0.6 0
GREATEST
24 HR. TOTAL 0.57 11/27 TO 11/28 1.81
STORM TOTAL 0.45 0.99
(MM/DD(HH))
DEGREE DAYS
HEATING TOTAL 798 892 -94 784
SINCE 7/1 2649 2927 -278 MM
COOLING TOTAL 0 0 0 0
SINCE 1/1 0 0 0 MM
FREEZE DATES
RECORD
EARLIEST MM
LATEST MM
EARLIEST 09/27
LATEST 05/25
..............................................................
WIND (MPH)
AVERAGE WIND SPEED 15.1
RESULTANT WIND SPEED/DIRECTION 3/230
HIGHEST WIND SPEED/DIRECTION 53/240 DATE 11/15
HIGHEST GUST SPEED/DIRECTION 70/250 DATE 11/15
SKY COVER
POSSIBLE SUNSHINE (PERCENT) MM
AVERAGE SKY COVER 0.70
NUMBER OF DAYS FAIR 5
NUMBER OF DAYS PC 11
NUMBER OF DAYS CLOUDY 14
AVERAGE RH (PERCENT) 83
WEATHER CONDITIONS. NUMBER OF DAYS WITH
THUNDERSTORM 0 MIXED PRECIP 0
HEAVY RAIN 1 RAIN 6
LIGHT RAIN 21 FREEZING RAIN 0
LT FREEZING RAIN 0 HAIL 3
HEAVY SNOW 0 SNOW 1
LIGHT SNOW 13 SLEET 0
FOG 28 FOG W/VIS <= 1/4 MILE 1
HAZE 5
- INDICATES NEGATIVE NUMBERS.
R INDICATES RECORD WAS SET OR TIED.
MM INDICATES DATA IS MISSING.
T INDICATES TRACE AMOUNT.
$$