000
CXUS56 KSLC 010804
CF6CDC
PRELIMINARY LOCAL CLIMATOLOGICAL DATA (WS FORM: F-6)
STATION: CEDAR CITY UT
MONTH: FEBRUARY
YEAR: 2022
LATITUDE: 37 42 N
LONGITUDE: 113 6 W
TEMPERATURE IN F: :PCPN: SNOW: WIND :SUNSHINE: SKY :PK WND
================================================================================
1 2 3 4 5 6A 6B 7 8 9 10 11 12 13 14 15 16 17 18
12Z AVG MX 2MIN
DY MAX MIN AVG DEP HDD CDD WTR SNW DPTH SPD SPD DIR MIN PSBL S-S WX SPD DR
================================================================================
1 35 12 24 -8 41 0 0.00 M M 8.7 22 360 M M 2 31 340
2 28 11 20 -12 45 0 T M M 14.2 30 10 M M 4 41 360
3 32 5 19 -13 46 0 0.00 M M 9.5 23 10 M M 1 34 360
4 40 8 24 -8 41 0 0.00 M M 2.9 9 30 M M 0 12 50
5 50 11 31 -1 34 0 0.00 M M 5.9 20 350 M M 0 27 360
6 45 20 33 0 32 0 0.00 M M 9.0 21 360 M M 0 28 360
7 50 14 32 -1 33 0 0.00 M M 2.7 9 180 M M 0 12 10
8 55 20 38 5 27 0 0.00 M M 6.4 25 350 M M 0 8 33 10
9 54 19 37 4 28 0 0.00 M M 9.4 26 360 M M 0 8 48 350
10 55 20 38 5 27 0 0.00 M M 5.3 17 350 M M 0 23 340
11 58 24 41 8 24 0 0.00 M M 8.4 24 20 M M 0 32 10
12 56 20 38 4 27 0 0.00 M M 4.2 12 350 M M 0 14 350
13 62 20 41 7 24 0 0.00 0.0 M 3.0 13 140 M M 0 17 280
14 61 24 43 9 22 0 0.00 M M 8.3 23 210 M M 0 30 210
15 55 27 41 7 24 0 0.00 M M 15.8 36 210 M M 3 8 46 220
16 39 23 31 -3 34 0 T M M 9.0 24 20 M M 9 34 10
17 43 21 32 -3 33 0 0.01 M M 9.6 21 20 M M 3 28 10
18 51 18 35 0 30 0 0.00 M M 6.2 17 350 M M 0 23 360
19 59 19 39 4 26 0 0.00 M M 4.7 16 210 M M 0 21 230
20 56 23 40 5 25 0 0.00 M M 12.7 25 200 M M 0 33 210
21 50 22 36 0 29 0 0.16 M M 14.3 32 190 M M 7 128 41 190
22 37 24 31 -5 34 0 0.14 M M 15.2 32 200 M M 9 12 41 190
23 30 4 17 -19 48 0 0.07 M M 10.4 20 200 M M 9 128 25 220
24 26 -1 13 -23 52 0 0.00 M M 3.8 15 210 M M 1 18 18 220
25 29 1 15 -22 50 0 0.00 M M 4.8 15 10 M M 0 21 20
26 32 4 18 -19 47 0 0.00 M M 3.9 15 360 M M 0 19 10
27 36 4 20 -17 45 0 0.00 M M 3.4 8 60 M M 0 10 340
28 48 14 31 -7 34 0 0.00 M M 2.0 8 90 M M 0 9 340
================================================================================
SM 1272 431 962 0 0.38 0.0 213.7 M 48
================================================================================
AV 45.4 15.4 7.6 FASTST M M 2 MAX(MPH)
MISC ----> 36 210 48 350
================================================================================
NOTES:
# LAST OF SEVERAL OCCURRENCES
COLUMN 17 PEAK WIND IN M.P.H.
PRELIMINARY LOCAL CLIMATOLOGICAL DATA (WS FORM: F-6) , PAGE 2
STATION: CEDAR CITY UT
MONTH: FEBRUARY
YEAR: 2022
LATITUDE: 37 42 N
LONGITUDE: 113 6 W
[TEMPERATURE DATA] [PRECIPITATION DATA] SYMBOLS USED IN COLUMN 16
AVERAGE MONTHLY: 30.4 TOTAL FOR MONTH: 0.38 1 = FOG OR MIST
DPTR FM NORMAL: -3.9 DPTR FM NORMAL: -0.60 2 = FOG REDUCING VISIBILITY
HIGHEST: 62 ON 13 GRTST 24HR 0.21 ON 22-23 TO 1/4 MILE OR LESS
LOWEST: -1 ON 24 3 = THUNDER
SNOW, ICE PELLETS, HAIL 4 = ICE PELLETS
TOTAL MONTH: 0.0 INCH 5 = HAIL
GRTST 24HR 0.0 6 = FREEZING RAIN OR DRIZZLE
GRTST DEPTH: M ON M 7 = DUSTSTORM OR SANDSTORM:
VSBY 1/2 MILE OR LESS
8 = SMOKE OR HAZE
[NO. OF DAYS WITH] [WEATHER - DAYS WITH] 9 = BLOWING SNOW
X = TORNADO
MAX 32 OR BELOW: 6 0.01 INCH OR MORE: 4
MAX 90 OR ABOVE: 0 0.10 INCH OR MORE: 2
MIN 32 OR BELOW: 28 0.50 INCH OR MORE: 0
MIN 0 OR BELOW: 1 1.00 INCH OR MORE: 0
[HDD (BASE 65) ]
TOTAL THIS MO. 962 CLEAR (SCALE 0-3) 23
DPTR FM NORMAL 104 PTCLDY (SCALE 4-7) 2
TOTAL FM JUL 1 4133 CLOUDY (SCALE 8-10) 3
DPTR FM NORMAL -267
[CDD (BASE 65) ]
TOTAL THIS MO. 0
DPTR FM NORMAL 0 [PRESSURE DATA]
TOTAL FM JAN 1 0 HIGHEST SLP M ON M
DPTR FM NORMAL 0 LOWEST SLP 29.43 ON 21
[REMARKS]
#FINAL-02-22#