000
CXUS56 KSLC 011536
CF6CDC
PRELIMINARY LOCAL CLIMATOLOGICAL DATA (WS FORM: F-6)
STATION: CEDAR CITY UT
MONTH: APRIL
YEAR: 2021
LATITUDE: 37 42 N
LONGITUDE: 113 6 W
TEMPERATURE IN F: :PCPN: SNOW: WIND :SUNSHINE: SKY :PK WND
================================================================================
1 2 3 4 5 6A 6B 7 8 9 10 11 12 13 14 15 16 17 18
12Z AVG MX 2MIN
DY MAX MIN AVG DEP HDD CDD WTR SNW DPTH SPD SPD DIR MIN PSBL S-S WX SPD DR
================================================================================
1 71 21 46 3 19 0 0.00 M M 5.6 23 210 M M 1 29 230
2 74 36 55 12 10 0 0.00 M M 7.3 17 210 M M 0 20 210
3 76 35 56 13 9 0 0.00 M M 9.7 25 210 M M 0 35 230
4 78 40 59 15 6 0 0.00 M M 10.3 28 220 M M 0 36 220
5 75 42 59 15 6 0 0.00 M M 12.7 33 230 M M 0 50 240
6 58 28 43 -1 22 0 0.00 M M 7.5 20 20 M M 1 24 30
7 69 23 46 2 19 0 0.00 M M 6.6 22 210 M M 0 8 28 230
8 71 40 56 12 9 0 0.00 M M 7.5 22 290 M M 2 28 250
9 65 31 48 3 17 0 0.00 M M 6.4 15 340 M M 0 19 10
10 72 25 49 4 16 0 0.00 M M 7.8 24 260 M M 0 29 320
11 67 36 52 7 13 0 0.00 M M 7.0 14 350 M M 0 18 30
12 63 31 47 1 18 0 0.00 M M 5.7 14 350 M M 0 20 330
13 70 36 53 7 12 0 0.00 M M 14.8 39 220 M M 0 8 49 210
14 61 39 50 4 15 0 0.00 M M 17.2 30 210 M M 4 38 200
15 51 30 41 -5 24 0 0.05 M M 7.2 24 50 M M 7 1 28 40
16 54 23 39 -7 26 0 T M M 7.6 22 30 M M 4 26 30
17 54 30 42 -5 23 0 0.01 M M 10.2 25 30 M M 6 31 30
18 61 25 43 -4 22 0 0.00 M M 7.4 21 340 M M 0 28 320
19 72 29 51 4 14 0 0.00 M M 9.9 30 280 M M 0 42 250
20 66 31 49 1 16 0 0.00 M M 4.1 12 20 M M 0 15 10
21 69 35 52 4 13 0 0.00 M M 10.8 32 210 M M 1 39 200
22 63 32 48 0 17 0 T M M 7.3 25 160 M M 4 38 90
23 68 36 52 3 13 0 0.00 M M 9.0 22 300 M M 1 29 300
24 69 44 57 8 8 0 0.00 M M 21.0 39 210 M M 0 47 200
25 68 55 62 13 3 0 0.00 M M 29.5 45 190 M M 0 8 57 190
26 57 35 46 -4 19 0 0.21 M M 16.6 40 190 M M 9 1 49 190
27 47 33 40 -10 25 0 0.09 M M 9.1 20 60 M M 10 1 25 10
28 62 32 47 -3 18 0 0.00 M M 11.9 29 340 M M 3 45 340
29 74 31 53 3 12 0 0.00 M M 5.9 16 350 M M 0 21 350
30 83 39 61 10 4 0 0.00 M M 3.6 14 220 M M 0 17 220
================================================================================
SM 1988 1003 448 0 0.36 M 297.2 M 53
================================================================================
AV 66.3 33.4 9.9 FASTST M M 2 MAX(MPH)
MISC ----> 45 190 57 190
================================================================================
NOTES:
# LAST OF SEVERAL OCCURRENCES
COLUMN 17 PEAK WIND IN M.P.H.
PRELIMINARY LOCAL CLIMATOLOGICAL DATA (WS FORM: F-6) , PAGE 2
STATION: CEDAR CITY UT
MONTH: APRIL
YEAR: 2021
LATITUDE: 37 42 N
LONGITUDE: 113 6 W
[TEMPERATURE DATA] [PRECIPITATION DATA] SYMBOLS USED IN COLUMN 16
AVERAGE MONTHLY: 49.9 TOTAL FOR MONTH: 0.36 1 = FOG OR MIST
DPTR FM NORMAL: 3.3 DPTR FM NORMAL: -0.70 2 = FOG REDUCING VISIBILITY
HIGHEST: 83 ON 30 GRTST 24HR 0.29 ON 26-27 TO 1/4 MILE OR LESS
LOWEST: 21 ON 1 3 = THUNDER
SNOW, ICE PELLETS, HAIL 4 = ICE PELLETS
TOTAL MONTH: M 5 = HAIL
GRTST 24HR M ON M 6 = FREEZING RAIN OR DRIZZLE
GRTST DEPTH: M ON M 7 = DUSTSTORM OR SANDSTORM:
VSBY 1/2 MILE OR LESS
8 = SMOKE OR HAZE
[NO. OF DAYS WITH] [WEATHER - DAYS WITH] 9 = BLOWING SNOW
X = TORNADO
MAX 32 OR BELOW: 0 0.01 INCH OR MORE: 4
MAX 90 OR ABOVE: 0 0.10 INCH OR MORE: 1
MIN 32 OR BELOW: 15 0.50 INCH OR MORE: 0
MIN 0 OR BELOW: 0 1.00 INCH OR MORE: 0
[HDD (BASE 65) ]
TOTAL THIS MO. 448 CLEAR (SCALE 0-3) 23
DPTR FM NORMAL -104 PTCLDY (SCALE 4-7) 5
TOTAL FM JUL 1 5379 CLOUDY (SCALE 8-10) 2
DPTR FM NORMAL -507
[CDD (BASE 65) ]
TOTAL THIS MO. 0
DPTR FM NORMAL 0 [PRESSURE DATA]
TOTAL FM JAN 1 0 HIGHEST SLP 30.32 ON 29
DPTR FM NORMAL 0 LOWEST SLP 29.47 ON 14
[REMARKS]
#FINAL-04-21#