000
CXUS56 KSLC 021246
CF6CDC
PRELIMINARY LOCAL CLIMATOLOGICAL DATA (WS FORM: F-6)
STATION: CEDAR CITY UT
MONTH: JUNE
YEAR: 2020
LATITUDE: 37 42 N
LONGITUDE: 113 6 W
TEMPERATURE IN F: :PCPN: SNOW: WIND :SUNSHINE: SKY :PK WND
================================================================================
1 2 3 4 5 6A 6B 7 8 9 10 11 12 13 14 15 16 17 18
12Z AVG MX 2MIN
DY MAX MIN AVG DEP HDD CDD WTR SNW DPTH SPD SPD DIR MIN PSBL S-S WX SPD DR
================================================================================
1 86 49 68 7 0 3 0.00 0.0 0 11.0 26 230 M M 0 8 34 220
2 86 50 68 7 0 3 0.00 0.0 0 5.2 14 330 M M 0 8 18 320
3 89 53 71 10 0 6 0.00 0.0 0 6.6 18 210 M M 0 27 220
4 92 53 73 11 0 8 0.00 0.0 0 8.6 23 200 M M 0 8 29 180
5 92 57 75 13 0 10 T 0.0 0 12.4 38 160 M M 3 8 54 190
6 75 51 63 1 2 0 T 0.0 0 21.7 41 170 M M 2 50 160
7 71 43 57 -6 8 0 0.00 0.0 0 13.9 32 200 M M 4 43 200
8 61 38 50 -13 15 0 T M 0 12.4 22 340 M M 5 30 340
9 73 30 52 -11 13 0 0.00 0.0 0 7.6 20 50 M M 0 27 50
10 82 40 61 -3 4 0 0.00 0.0 0 4.0 12 10 M M 0 20 260
11 89 47 68 4 0 3 0.00 0.0 0 8.5 24 220 M M 0 41 200
12 90 57 74 10 0 9 0.00 0.0 0 15.6 33 200 M M 0 43 180
13 81 54 68 3 0 3 0.00 0.0 0 19.1 40 190 M M 0 8 51 190
14 82 41 62 -3 3 0 0.00 0.0 0 9.8 23 220 M M 0 30 200
15 86 47 67 2 0 2 0.00 0.0 0 12.2 28 230 M M 0 8 36 230
16 84 58 71 5 0 6 0.00 0.0 0 23.1 38 200 M M 0 50 210
17 77 47 62 -4 3 0 0.00 0.0 0 9.4 29 200 M M 0 8 36 210
18 77 38 58 -8 7 0 0.00 0.0 0 5.6 13 20 M M 0 18 10
19 83 42 63 -4 2 0 0.00 0.0 0 3.9 14 260 M M 0 8 20 320
20 89 48 69 2 0 4 0.00 0.0 0 7.6 21 210 M M 0 26 220
21 91 55 73 5 0 8 0.00 0.0 0 8.9 20 200 M M 0 26 240
22 93 55 74 6 0 9 0.00 0.0 0 5.2 13 330 M M 0 21 350
23 94 57 76 8 0 11 0.00 0.0 0 3.8 17 320 M M 0 24 280
24 96 54 75 7 0 10 0.00 0.0 0 7.9 21 210 M M 0 30 220
25 93 57 75 6 0 10 0.00 0.0 0 7.0 22 30 M M 0 27 30
26 90 53 72 3 0 7 0.00 0.0 0 4.2 22 310 M M 0 30 310
27 93 54 74 4 0 9 0.00 0.0 0 9.6 24 200 M M 0 33 250
28 88 72 80 10 0 15 0.00 0.0 0 28.9 44 220 M M 1 8 56 220
29 72 43 58 -12 7 0 0.00 0.0 0 8.5 38 200 M M 3 48 200
30 78 40 59 -11 6 0 0.00 0.0 0 6.5 21 200 M M 0 8 28 230
================================================================================
SM 2533 1483 70 136 T 0.0 308.7 M 18
================================================================================
AV 84.4 49.4 10.3 FASTST M M 1 MAX(MPH)
MISC ----> # 44 220 # 56 220
================================================================================
NOTES:
# LAST OF SEVERAL OCCURRENCES
COLUMN 17 PEAK WIND IN M.P.H.
PRELIMINARY LOCAL CLIMATOLOGICAL DATA (WS FORM: F-6) , PAGE 2
STATION: CEDAR CITY UT
MONTH: JUNE
YEAR: 2020
LATITUDE: 37 42 N
LONGITUDE: 113 6 W
[TEMPERATURE DATA] [PRECIPITATION DATA] SYMBOLS USED IN COLUMN 16
AVERAGE MONTHLY: 66.9 TOTAL FOR MONTH: T 1 = FOG OR MIST
DPTR FM NORMAL: 1.3 DPTR FM NORMAL: -0.53 2 = FOG REDUCING VISIBILITY
HIGHEST: 96 ON 24 GRTST 24HR T ON 8- 8 TO 1/4 MILE OR LESS
LOWEST: 30 ON 9 3 = THUNDER
SNOW, ICE PELLETS, HAIL 4 = ICE PELLETS
TOTAL MONTH: 0.0 INCH 5 = HAIL
GRTST 24HR 0.0 6 = FREEZING RAIN OR DRIZZLE
GRTST DEPTH: 0 7 = DUSTSTORM OR SANDSTORM:
VSBY 1/2 MILE OR LESS
8 = SMOKE OR HAZE
[NO. OF DAYS WITH] [WEATHER - DAYS WITH] 9 = BLOWING SNOW
X = TORNADO
MAX 32 OR BELOW: 0 0.01 INCH OR MORE: 0
MAX 90 OR ABOVE: 10 0.10 INCH OR MORE: 0
MIN 32 OR BELOW: 1 0.50 INCH OR MORE: 0
MIN 0 OR BELOW: 0 1.00 INCH OR MORE: 0
[HDD (BASE 65) ]
TOTAL THIS MO. 70 CLEAR (SCALE 0-3) 27
DPTR FM NORMAL -6 PTCLDY (SCALE 4-7) 3
TOTAL FM JUL 1 5819 CLOUDY (SCALE 8-10) 0
DPTR FM NORMAL -436
[CDD (BASE 65) ]
TOTAL THIS MO. 136
DPTR FM NORMAL 43 [PRESSURE DATA]
TOTAL FM JAN 1 185 HIGHEST SLP 30.26 ON 9
DPTR FM NORMAL 84 LOWEST SLP 29.15 ON 28
[REMARKS]
#FINAL-06-20#