000
CXUS53 KEAX 010736
CF6CDJ
PRELIMINARY LOCAL CLIMATOLOGICAL DATA (WS FORM: F-6)
STATION: CHILLICOTHE
MONTH: SEPTEMBER
YEAR: 2021
LATITUDE: 39 49 N
LONGITUDE: 93 35 W
TEMPERATURE IN F: :PCPN: SNOW: WIND :SUNSHINE: SKY :PK WND
================================================================================
1 2 3 4 5 6A 6B 7 8 9 10 11 12 13 14 15 16 17 18
12Z AVG MX 2MIN
DY MAX MIN AVG DEP HDD CDD WTR SNW DPTH SPD SPD DIR MIN PSBL S-S WX SPD DR
================================================================================
1 83 62 73 1 0 8 0.00 M M 4.6 12 80 M M 0 17 80
2 79 64 72 0 0 7 0.00 M M 5.8 13 140 M M 0 21 160
3 84 65 75 3 0 10 0.48 M M 4.5 14 200 M M 0 20 210
4 76 60 68 -3 0 3 0.02 M M 1.9 8 10 M M 0 15 30
5 83 56 70 -1 0 5 0.00 M M 1.5 10 200 M M 0 15 200
6 87 61 74 3 0 9 0.00 M M 3.7 12 200 M M 0 17 200
7 90 64 77 7 0 12 0.00 M M 5.2 14 200 M M 0 23 230
8 83 56 70 0 0 5 0.00 M M 3.0 13 350 M M 0 25 320
9 83 52 68 -2 0 3 0.00 M M 1.4 6 120 M M 0 9 130
10 87 61 74 5 0 9 0.00 M M 3.8 13 190 M M 0 18 180
11 88 63 76 7 0 11 0.00 M M 6.8 16 190 M M 0 24 200
12 89 68 79 10 0 14 0.00 M M 7.0 16 190 M M 0 24 180
13 88 62 75 7 0 10 0.00 M M 7.4 18 190 M M 0 30 170
14 85 60 73 5 0 8 0.00 M M 4.2 13 190 M M 0 25 170
15 82 55 69 1 0 4 0.00 M M 2.3 9 110 M M 0 15 100
16 88 57 73 6 0 8 0.00 M M 4.7 12 140 M M 0 20 150
17 91 62 77 10 0 12 0.00 M M 3.0 13 20 M M 0 20 10
18 89 61 75 9 0 10 0.00 M M 1.5 8 160 M M 0 14 180
19 90 64 77 11 0 12 0.00 M M 5.0 15 190 M M 0 23 180
20 90 63 77 11 0 12 0.63 M M 7.3 17 190 M M 0 32 210
21 75 57 66 1 0 1 0.00 M M 5.6 13 350 M M 0 23 350
22 73 48 61 -4 4 0 0.00 M M 3.5 10 300 M M 0 17 290
23 77 44 61 -4 4 0 0.00 M M 1.2 8 180 M M 0 16 230
24 78 50 64 0 1 0 0.02 M M 4.3 17 200 M M 0 30 190
25 77 43 60 -4 5 0 0.00 M M 2.1 8 200 M M 0 14 300
26 90 50 70 7 0 5 0.00 M M 7.5 21 190 M M 0 33 190
27 91 60 76 13 0 11 0.00 M M 5.1 15 200 M M 0 26 200
28 91 56 74 11 0 9 0.00 M M 1.7 10 200 M M 0 16 160
29 84 58 71 9 0 6 0.00 M M 3.2 12 140 M M 0 17 140
30 87 66 77 15 0 12 0.02 M M 3.2 16 150 M M 0 27 150
================================================================================
SM 2538 1748 14 216 1.17 M 122.0 M 0
================================================================================
AV 84.6 58.3 4.1 FASTST M M 0 MAX(MPH)
MISC ----> 21 190 33 190
================================================================================
NOTES:
# LAST OF SEVERAL OCCURRENCES
COLUMN 17 PEAK WIND IN M.P.H.
PRELIMINARY LOCAL CLIMATOLOGICAL DATA (WS FORM: F-6) , PAGE 2
STATION: CHILLICOTHE
MONTH: SEPTEMBER
YEAR: 2021
LATITUDE: 39 49 N
LONGITUDE: 93 35 W
[TEMPERATURE DATA] [PRECIPITATION DATA] SYMBOLS USED IN COLUMN 16
AVERAGE MONTHLY: 71.4 TOTAL FOR MONTH: 1.17 1 = FOG OR MIST
DPTR FM NORMAL: 4.1 DPTR FM NORMAL: -2.67 2 = FOG REDUCING VISIBILITY
HIGHEST: 91 ON 28,27 GRTST 24HR 0.63 ON 20-20 TO 1/4 MILE OR LESS
LOWEST: 43 ON 25 3 = THUNDER
SNOW, ICE PELLETS, HAIL 4 = ICE PELLETS
TOTAL MONTH: M 5 = HAIL
GRTST 24HR M ON M 6 = FREEZING RAIN OR DRIZZLE
GRTST DEPTH: M ON M 7 = DUSTSTORM OR SANDSTORM:
VSBY 1/2 MILE OR LESS
8 = SMOKE OR HAZE
[NO. OF DAYS WITH] [WEATHER - DAYS WITH] 9 = BLOWING SNOW
X = TORNADO
MAX 32 OR BELOW: 0 0.01 INCH OR MORE: 5
MAX 90 OR ABOVE: 7 0.10 INCH OR MORE: 2
MIN 32 OR BELOW: 0 0.50 INCH OR MORE: 1
MIN 0 OR BELOW: 0 1.00 INCH OR MORE: 0
[HDD (BASE 65) ]
TOTAL THIS MO. 14 CLEAR (SCALE 0-3) 30
DPTR FM NORMAL -53 PTCLDY (SCALE 4-7) 0
TOTAL FM JUL 1 14 CLOUDY (SCALE 8-10) 0
DPTR FM NORMAL -56
[CDD (BASE 65) ]
TOTAL THIS MO. 216
DPTR FM NORMAL 81 [PRESSURE DATA]
TOTAL FM JAN 1 1413 HIGHEST SLP M ON M
DPTR FM NORMAL 187 LOWEST SLP 29.69 ON 20
[REMARKS]
#FINAL-09-21#