000
CXUS54 KLUB 010730
CF6CDS
PRELIMINARY LOCAL CLIMATOLOGICAL DATA (WS FORM: F-6)
STATION: CHILDRESS
MONTH: MAY
YEAR: 2023
LATITUDE: 34 25 N
LONGITUDE: 100 17 W
TEMPERATURE IN F: :PCPN: SNOW: WIND :SUNSHINE: SKY :PK WND
================================================================================
1 2 3 4 5 6A 6B 7 8 9 10 11 12 13 14 15 16 17 18
12Z AVG MX 2MIN
DY MAX MIN AVG DEP HDD CDD WTR SNW DPTH SPD SPD DIR MIN PSBL S-S WX SPD DR
================================================================================
1 76 49 63 -3 2 0 0.00 0.0 0 7.9 16 140 M M 0 22 150
2 81 50 66 -1 0 1 0.00 0.0 0 9.0 18 140 M M 1 25 120
3 77 57 67 0 0 2 0.21 0.0 0 10.0 17 310 M M 5 3 24 80
4 79 57 68 1 0 3 0.79 0.0 0 7.5 24 290 M M 3 123 32 290
5 94 57 76 8 0 11 0.00 0.0 0 10.4 23 240 M M 2 12 33 260
6 93 57 75 7 0 10 0.00 0.0 0 10.2 29 150 M M 0 43 170
7 97 57 77 9 0 12 0.00 0.0 0 13.0 29 160 M M 1 1 44 160
8 93 62 78 9 0 13 0.00 0.0 0 8.1 18 140 M M 0 25 130
9 94 62 78 9 0 13 0.00 0.0 0 12.1 25 140 M M 0 35 140
10 87 63 75 6 0 10 0.00 0.0 0 13.2 22 140 M M 1 1 31 150
11 86 63 75 5 0 10 0.39 0.0 0 11.5 21 220 M M 4 13 30 220
12 92 55 74 4 0 9 0.04 0.0 0 7.4 22 220 M M 1 3 28 220
13 67 61 64 -6 1 0 0.55 0.0 0 10.8 18 20 M M 9 1 26 20
14 76 61 69 -2 0 4 0.99 0.0 0 5.4 12 350 M M 9 1 19 30
15 73 62 68 -3 0 3 0.64 0.0 0 10.4 23 10 M M 10 1 30 10
16 83 57 70 -1 0 5 0.00 0.0 0 4.8 12 330 M M 2 19 330
17 87 61 74 2 0 9 0.00 0.0 0 7.3 16 140 M M 0 23 140
18 82 63 73 1 0 8 T 0.0 0 9.1 20 140 M M 4 29 140
19 81 59 70 -2 0 5 0.23 0.0 0 14.5 29 10 M M 6 138 37 20
20 77 55 66 -7 0 1 0.00 0.0 0 5.3 13 50 M M 0 8 19 50
21 81 57 69 -4 0 4 0.00 0.0 0 9.1 16 140 M M 0 21 140
22 85 58 72 -2 0 7 0.41 0.0 0 9.0 26 320 M M 4 3 34 320
23 84 61 73 -1 0 8 1.25 0.0 0 8.0 31 270 M M 4 13 41 270
24 82 59 71 -3 0 6 0.00 0.0 0 5.8 14 150 M M 2 20 130
25 83 62 73 -1 0 8 0.42 0.0 0 10.8 28 240 M M 3 13 35 240
26 78 64 71 -4 0 6 0.55 0.0 0 8.6 29 130 M M 5 13 42 130
27 76 62 69 -6 0 4 1.71 0.0 0 10.4 32 150 M M 4 13 47 150
28 82 64 73 -3 0 8 0.49 0.0 0 11.4 36 140 M M 6 138 50 140
29 84 61 73 -3 0 8 0.00 0.0 0 5.3 30 320 M M 0 40 320
30 88 64 76 0 0 11 0.00 0.0 0 7.7 15 140 M M 0 1 22 150
31 87 64 76 0 0 11 T 0.0 0 12.1 32 350 M M 2 3 40 350
================================================================================
SM 2585 1844 3 210 8.67 0.0 286.1 M 88
================================================================================
AV 83.4 59.5 9.2 FASTST M M 3 MAX(MPH)
MISC ----> 36 140 50 140
================================================================================
NOTES:
# LAST OF SEVERAL OCCURRENCES
COLUMN 17 PEAK WIND IN M.P.H.
PRELIMINARY LOCAL CLIMATOLOGICAL DATA (WS FORM: F-6) , PAGE 2
STATION: CHILDRESS
MONTH: MAY
YEAR: 2023
LATITUDE: 34 25 N
LONGITUDE: 100 17 W
[TEMPERATURE DATA] [PRECIPITATION DATA] SYMBOLS USED IN COLUMN 16
AVERAGE MONTHLY: 71.4 TOTAL FOR MONTH: 8.67 1 = FOG OR MIST
DPTR FM NORMAL: 0.0 DPTR FM NORMAL: 5.17 2 = FOG REDUCING VISIBILITY
HIGHEST: 97 ON 7 GRTST 24HR 2.18 ON 26-27 TO 1/4 MILE OR LESS
LOWEST: 49 ON 1 3 = THUNDER
SNOW, ICE PELLETS, HAIL 4 = ICE PELLETS
TOTAL MONTH: 0.0 INCH 5 = HAIL
GRTST 24HR 0.0 6 = FREEZING RAIN OR DRIZZLE
GRTST DEPTH: 0 7 = DUSTSTORM OR SANDSTORM:
VSBY 1/2 MILE OR LESS
8 = SMOKE OR HAZE
[NO. OF DAYS WITH] [WEATHER - DAYS WITH] 9 = BLOWING SNOW
X = TORNADO
MAX 32 OR BELOW: 0 0.01 INCH OR MORE: 14
MAX 90 OR ABOVE: 6 0.10 INCH OR MORE: 13
MIN 32 OR BELOW: 0 0.50 INCH OR MORE: 7
MIN 0 OR BELOW: 0 1.00 INCH OR MORE: 2
[HDD (BASE 65) ]
TOTAL THIS MO. 3 CLEAR (SCALE 0-3) 18
DPTR FM NORMAL -30 PTCLDY (SCALE 4-7) 10
TOTAL FM JUL 1 2940 CLOUDY (SCALE 8-10) 3
DPTR FM NORMAL -128
[CDD (BASE 65) ]
TOTAL THIS MO. 210
DPTR FM NORMAL -21 [PRESSURE DATA]
TOTAL FM JAN 1 268 HIGHEST SLP M ON M
DPTR FM NORMAL -55 LOWEST SLP 29.64 ON 11
[REMARKS]
#FINAL-05-23#