658
CXUS56 KEKA 011610
CF6CEC
PRELIMINARY LOCAL CLIMATOLOGICAL DATA (WS FORM: F-6)
STATION: CRESCENT CITY CA
MONTH: JULY
YEAR: 2020
LATITUDE: 41 46 N
LONGITUDE: 124 14 W
TEMPERATURE IN F: :PCPN: SNOW: WIND :SUNSHINE: SKY :PK WND
================================================================================
1 2 3 4 5 6A 6B 7 8 9 10 11 12 13 14 15 16 17 18
12Z AVG MX 2MIN
DY MAX MIN AVG DEP HDD CDD WTR SNW DPTH SPD SPD DIR MIN PSBL S-S WX SPD DR
================================================================================
1 58 43 51 -5 14 0 0.00 0.0 0 16.1 31 330 M M 1 28 43 330
2 61 48 55 -1 10 0 0.00 0.0 0 9.9 17 360 M M 1 18 26 350
3 60 46 53 -3 12 0 0.00 0.0 0 4.4 10 330 M M 5 18 13 180
4 60 45 53 -3 12 0 0.00 0.0 0 4.6 12 320 M M 1 18 20 320
5 60 46 53 -3 12 0 0.00 0.0 M 5.0 10 190 M M M 18 15 320
6 58 50 54 -2 11 0 0.00 0.0 0 4.2 12 290 M M 10 18 14 320
7 61 48 55 -1 10 0 0.00 0.0 0 10.4 21 340 M M 0 18 28 330
8 61 47 54 -2 11 0 0.00 0.0 0 7.9 17 180 M M 0 18 27 360
9 61 51 56 0 9 0 0.00 0.0 0 3.3 12 170 M M 9 2 15 180
10 62 52 57 1 8 0 0.00 0.0 0 5.0 10 330 M M 5 28 15 320
11 65 50 58 2 7 0 0.00 0.0 0 5.5 13 330 M M 4 1 16 330
12 64 50 57 1 8 0 0.00 0.0 0 6.4 21 170 M M 2 18 23 170
13 62 53 58 2 7 0 0.00 0.0 0 8.9 22 340 M M 4 28 31 340
14 62 46 54 -2 11 0 0.00 0.0 0 8.0 22 350 M M 3 28 30 360
15 63 48 56 0 9 0 0.00 0.0 0 6.2 15 170 M M 2 28 19 190
16 63 52 58 2 7 0 0.00 0.0 0 10.9 23 350 M M 5 28 38 350
17 65 52 59 3 6 0 0.00 0.0 0 7.6 17 340 M M 4 18 23 340
18 65 49 57 1 8 0 0.00 0.0 0 5.6 13 180 M M 4 18 16 190
19 63 50 57 1 8 0 0.00 0.0 0 6.3 15 190 M M 6 28 18 190
20 59 52 56 0 9 0 0.00 0.0 0 5.6 13 190 M M 10 28 14 210
21 59 52 56 0 9 0 0.00 0.0 0 6.8 16 160 M M 10 28 20 160
22 61 55 58 2 7 0 0.00 0.0 0 7.9 15 160 M M 10 18 20 160
23 63 55 59 3 6 0 0.00 0.0 0 5.8 16 180 M M 7 18 20 160
24 64 54 59 3 6 0 0.00 0.0 0 7.0 20 180 M M 5 18 25 160
25 65 49 57 1 8 0 0.00 0.0 0 6.4 22 180 M M 2 18 27 150
26 60 51 56 -1 9 0 0.00 0.0 0 4.9 14 190 M M 6 128 17 180
27 61 50 56 -1 9 0 0.00 0.0 0 3.0 10 210 M M 8 28 12 180
28 60 52 56 -1 9 0 0.00 0.0 0 6.0 13 160 M M 9 28 15 160
29 59 53 56 -1 9 0 0.00 0.0 M 4.7 12 190 M M 10 8 14 200
30 61 53 57 0 8 0 0.00 M M 7.8 15 180 M M 10 2 20 180
31 63 54 59 2 6 0 0.00 0.0 M 3.3 9 320 M M 10 1 13 320
================================================================================
SM 1909 1556 275 0 0.00 0.0 205.4 M 163
================================================================================
AV 61.6 50.2 6.6 FASTST M M 5 MAX(MPH)
MISC ----> 31 330 43 330
================================================================================
NOTES:
# LAST OF SEVERAL OCCURRENCES
COLUMN 17 PEAK WIND IN M.P.H.
PRELIMINARY LOCAL CLIMATOLOGICAL DATA (WS FORM: F-6) , PAGE 2
STATION: CRESCENT CITY CA
MONTH: JULY
YEAR: 2020
LATITUDE: 41 46 N
LONGITUDE: 124 14 W
[TEMPERATURE DATA] [PRECIPITATION DATA] SYMBOLS USED IN COLUMN 16
AVERAGE MONTHLY: 55.9 TOTAL FOR MONTH: 0.00 1 = FOG OR MIST
DPTR FM NORMAL: -0.2 DPTR FM NORMAL: -0.41 2 = FOG REDUCING VISIBILITY
HIGHEST: 65 ON 25,18 GRTST 24HR 0.00 ON 15-15 TO 1/4 MILE OR LESS
LOWEST: 43 ON 1 3 = THUNDER
SNOW, ICE PELLETS, HAIL 4 = ICE PELLETS
TOTAL MONTH: 0.0 INCH 5 = HAIL
GRTST 24HR 0.0 6 = FREEZING RAIN OR DRIZZLE
GRTST DEPTH: 0 7 = DUSTSTORM OR SANDSTORM:
VSBY 1/2 MILE OR LESS
8 = SMOKE OR HAZE
[NO. OF DAYS WITH] [WEATHER - DAYS WITH] 9 = BLOWING SNOW
X = TORNADO
MAX 32 OR BELOW: 0 0.01 INCH OR MORE: 0
MAX 90 OR ABOVE: 0 0.10 INCH OR MORE: 0
MIN 32 OR BELOW: 0 0.50 INCH OR MORE: 0
MIN 0 OR BELOW: 0 1.00 INCH OR MORE: 0
[HDD (BASE 65) ]
TOTAL THIS MO. 275 CLEAR (SCALE 0-3) 9
DPTR FM NORMAL 1 PTCLDY (SCALE 4-7) 12
TOTAL FM JUL 1 275 CLOUDY (SCALE 8-10) 10
DPTR FM NORMAL 3
[CDD (BASE 65) ]
TOTAL THIS MO. 0
DPTR FM NORMAL 0 [PRESSURE DATA]
TOTAL FM JAN 1 0 HIGHEST SLP 30.23 ON 4
DPTR FM NORMAL 0 LOWEST SLP 29.82 ON 21
[REMARKS]
#FINAL-07-20#