000
CXUS56 KEKA 011330
CF6CEC
PRELIMINARY LOCAL CLIMATOLOGICAL DATA (WS FORM: F-6)
STATION: CRESCENT CITY CA
MONTH: NOVEMBER
YEAR: 2023
LATITUDE: 41 46 N
LONGITUDE: 124 14 W
TEMPERATURE IN F: :PCPN: SNOW: WIND :SUNSHINE: SKY :PK WND
================================================================================
1 2 3 4 5 6A 6B 7 8 9 10 11 12 13 14 15 16 17 18
12Z AVG MX 2MIN
DY MAX MIN AVG DEP HDD CDD WTR SNW DPTH SPD SPD DIR MIN PSBL S-S WX SPD DR
================================================================================
1 66 45 56 3 9 0 0.00 M M 5.5 13 160 M M 1 17 180
2 63 52 58 5 7 0 0.68 M M 9.5 18 150 M M 10 1 27 160
3 64 56 60 7 5 0 0.27 M M 8.4 18 150 M M 9 12 27 170
4 62 56 59 6 6 0 2.07 M M 14.3 25 170 M M 9 1 38 170
5 58 53 56 4 9 0 0.55 M M 13.9 30 180 M M 10 123 37 170
6 61 47 54 2 11 0 0.19 M M 9.1 18 170 M M 8 13 27 170
7 57 44 51 -1 14 0 0.08 M M 6.5 13 340 M M 2 1 20 350
8 57 40 49 -3 16 0 0.00 M M 5.1 10 310 M M 0 14 60
9 55 39 47 -5 18 0 0.38 0.0 M 7.4 15 180 M M 2 1 21 160
10 56 43 50 -2 15 0 0.06 M M 3.5 10 310 M M 6 18 13 340
11 59 41 50 -2 15 0 0.00 0.0 M 3.7 9 110 M M 4 18 12 100
12 59 43 51 -1 14 0 0.70 0.0 M 9.8 20 160 M M 3 1 27 160
13 59 49 54 3 11 0 0.34 M M 4.2 8 350 M M 7 18 13 10
14 56 48 52 1 13 0 0.34 0.0 M 4.2 9 40 M M 8 1 12 60
15 68 51 60 9 5 0 0.05 M M 5.1 12 150 M M 5 18 14 70
16 65 50 58 7 7 0 0.00 M M 6.7 21 160 M M 5 1 31 170
17 68 50 59 8 6 0 0.00 M M 5.4 13 160 M M 1 16 160
18 59 50 55 4 10 0 0.68 M M 12.4 40 280 M M 10 18 57 280
19 56 42 49 -2 16 0 0.12 M M 7.7 24 280 M M 4 18 33 280
20 62 41 52 2 13 0 0.00 M M 5.9 12 340 M M 0 8 16 10
21 61 43 52 2 13 0 0.00 M M 5.8 13 160 M M 0 17 170
22 59 40 50 0 15 0 T M M 5.8 13 350 M M 6 18 18 340
23 56 47 52 2 13 0 0.00 M M 14.5 26 330 M M 0 42 330
24 57 41 49 -1 16 0 0.00 M M 10.1 18 330 M M 0 28 320
25 57 38 48 -2 17 0 0.00 M M 5.8 14 50 M M 0 18 22 80
26 59 38 49 -1 16 0 0.00 M M 5.8 9 190 M M 0 18 14 80
27 60 39 50 0 15 0 0.00 M M 5.3 9 100 M M 0 8 12 80
28 63 41 52 2 13 0 0.00 M M 5.2 10 80 M M 0 8 15 80
29 56 41 49 0 16 0 0.00 M M 4.2 9 210 M M 3 12 160
30 53 44 49 0 16 0 0.69 M M 7.7 20 250 M M 9 1 33 210
================================================================================
SM 1791 1352 370 0 7.20 0.0 218.5 M 122
================================================================================
AV 59.7 45.1 7.3 FASTST M M 4 MAX(MPH)
MISC ----> 40 280 57 280
================================================================================
NOTES:
# LAST OF SEVERAL OCCURRENCES
COLUMN 17 PEAK WIND IN M.P.H.
PRELIMINARY LOCAL CLIMATOLOGICAL DATA (WS FORM: F-6) , PAGE 2
STATION: CRESCENT CITY CA
MONTH: NOVEMBER
YEAR: 2023
LATITUDE: 41 46 N
LONGITUDE: 124 14 W
[TEMPERATURE DATA] [PRECIPITATION DATA] SYMBOLS USED IN COLUMN 16
AVERAGE MONTHLY: 52.4 TOTAL FOR MONTH: 7.20 1 = FOG OR MIST
DPTR FM NORMAL: 1.3 DPTR FM NORMAL: -0.62 2 = FOG REDUCING VISIBILITY
HIGHEST: 68 ON 17,15 GRTST 24HR 2.07 ON 4- 4 TO 1/4 MILE OR LESS
LOWEST: 38 ON 26,25 3 = THUNDER
SNOW, ICE PELLETS, HAIL 4 = ICE PELLETS
TOTAL MONTH: 0.0 INCH 5 = HAIL
GRTST 24HR 0.0 6 = FREEZING RAIN OR DRIZZLE
GRTST DEPTH: M ON M 7 = DUSTSTORM OR SANDSTORM:
VSBY 1/2 MILE OR LESS
8 = SMOKE OR HAZE
[NO. OF DAYS WITH] [WEATHER - DAYS WITH] 9 = BLOWING SNOW
X = TORNADO
MAX 32 OR BELOW: 0 0.01 INCH OR MORE: 15
MAX 90 OR ABOVE: 0 0.10 INCH OR MORE: 12
MIN 32 OR BELOW: 0 0.50 INCH OR MORE: 6
MIN 0 OR BELOW: 0 1.00 INCH OR MORE: 1
[HDD (BASE 65) ]
TOTAL THIS MO. 370 CLEAR (SCALE 0-3) 14
DPTR FM NORMAL -47 PTCLDY (SCALE 4-7) 9
TOTAL FM JUL 1 1249 CLOUDY (SCALE 8-10) 7
DPTR FM NORMAL -157
[CDD (BASE 65) ]
TOTAL THIS MO. 0
DPTR FM NORMAL 0 [PRESSURE DATA]
TOTAL FM JAN 1 3 HIGHEST SLP 30.49 ON 19
DPTR FM NORMAL 0 LOWEST SLP 29.70 ON 18
[REMARKS]
#FINAL-11-23#