000
CXUS55 KGJT 011000
CF6CEZ
PRELIMINARY LOCAL CLIMATOLOGICAL DATA (WS FORM: F-6)
STATION: CORTEZ CO
MONTH: MARCH
YEAR: 2020
LATITUDE: 37 17 N
LONGITUDE: 108 38 W
TEMPERATURE IN F: :PCPN: SNOW: WIND :SUNSHINE: SKY :PK WND
================================================================================
1 2 3 4 5 6A 6B 7 8 9 10 11 12 13 14 15 16 17 18
12Z AVG MX 2MIN
DY MAX MIN AVG DEP HDD CDD WTR SNW DPTH SPD SPD DIR MIN PSBL S-S WX SPD DR
================================================================================
1 57 21 39 4 26 0 0.00 M M 6.9 26 210 M M 7 33 180
2 53 19 36 0 29 0 0.00 M M 4.9 15 290 M M 2 21 350
3 61 14 38 2 27 0 0.00 M M 9.4 28 360 M M 0 41 360
4 62 17 40 4 25 0 0.00 M M 7.4 18 290 M M 0 26 190
5 63 16 40 4 25 0 0.00 M M 5.8 14 210 M M 0 19 220
6 64 22 43 6 22 0 0.00 M M 7.4 23 180 M M 0 33 170
7 66 27 47 10 18 0 0.00 M M 8.6 21 190 M M 2 31 170
8 60 29 45 8 20 0 T M M 7.4 23 210 M M 7 32 210
9 57 22 40 3 25 0 0.00 M M 5.2 17 220 M M 2 23 230
10 49 28 39 1 26 0 0.04 M M 4.7 17 200 M M 8 1 21 200
11 53 34 44 6 21 0 0.20 M M 3.2 9 290 M M 9 1 12 300
12 58 32 45 7 20 0 0.00 M M 3.9 15 210 M M 3 19 200
13 53 36 45 7 20 0 0.53 M M 10.6 36 210 M M 7 1 44 210
14 54 33 44 5 21 0 0.00 M M 5.6 15 140 M M 8 22 160
15 60 30 45 6 20 0 0.00 M M 6.6 18 210 M M 4 25 180
16 63 26 45 6 20 0 0.00 M M 4.6 16 200 M M 0 22 210
17 62 34 48 8 17 0 0.00 M M 7.5 20 160 M M 1 27 160
18 56 33 45 5 20 0 0.10 M M 9.1 29 160 M M 7 1 40 160
19 42 32 37 -3 28 0 0.34 M M 6.5 21 190 M M 9 1 26 260
20 50 31 41 1 24 0 T M M 5.2 18 140 M M 6 1 26 170
21 52 30 41 1 24 0 0.04 M M 3.7 29 190 M M 6 13 38 190
22 52 30 41 0 24 0 0.00 M M 5.9 16 280 M M 4 20 290
23 54 26 40 -1 25 0 0.03 M M 6.0 26 260 M M 6 3 38 250
24 56 29 43 2 22 0 0.00 M M 4.7 16 210 M M 4 23 230
25 61 28 45 3 20 0 0.00 M M 9.0 25 210 M M 1 33 220
26 63 42 53 11 12 0 0.00 M M 16.2 29 220 M M 1 42 230
27 45 30 38 -4 27 0 0.01 M M 11.0 26 210 M M 7 18 35 190
28 47 17 32 -10 33 0 T M M 6.5 18 350 M M 5 1 26 350
29 55 23 39 -3 26 0 0.00 M M 5.4 22 250 M M 7 32 250
30 56 28 42 -1 23 0 0.01 M M 7.5 20 250 M M 7 27 250
31 63 20 42 -1 23 0 0.00 M M 5.6 18 200 M M 0 25 250
================================================================================
SM 1747 839 713 0 1.30 M 212.0 M 130
================================================================================
AV 56.4 27.1 6.8 FASTST M M 4 MAX(MPH)
MISC ----> # 36 210 # 44 210
================================================================================
NOTES:
# LAST OF SEVERAL OCCURRENCES
COLUMN 17 PEAK WIND IN M.P.H.
PRELIMINARY LOCAL CLIMATOLOGICAL DATA (WS FORM: F-6) , PAGE 2
STATION: CORTEZ CO
MONTH: MARCH
YEAR: 2020
LATITUDE: 37 17 N
LONGITUDE: 108 38 W
[TEMPERATURE DATA] [PRECIPITATION DATA] SYMBOLS USED IN COLUMN 16
AVERAGE MONTHLY: 41.7 TOTAL FOR MONTH: 1.30 1 = FOG OR MIST
DPTR FM NORMAL: 2.5 DPTR FM NORMAL: 0.11 2 = FOG REDUCING VISIBILITY
HIGHEST: 66 ON 7 GRTST 24HR 0.53 ON 13-13 TO 1/4 MILE OR LESS
LOWEST: 14 ON 3 3 = THUNDER
SNOW, ICE PELLETS, HAIL 4 = ICE PELLETS
TOTAL MONTH: M 5 = HAIL
GRTST 24HR M ON M 6 = FREEZING RAIN OR DRIZZLE
GRTST DEPTH: M ON M 7 = DUSTSTORM OR SANDSTORM:
VSBY 1/2 MILE OR LESS
8 = SMOKE OR HAZE
[NO. OF DAYS WITH] [WEATHER - DAYS WITH] 9 = BLOWING SNOW
X = TORNADO
MAX 32 OR BELOW: 0 0.01 INCH OR MORE: 9
MAX 90 OR ABOVE: 0 0.10 INCH OR MORE: 4
MIN 32 OR BELOW: 25 0.50 INCH OR MORE: 1
MIN 0 OR BELOW: 0 1.00 INCH OR MORE: 0
[HDD (BASE 65) ]
TOTAL THIS MO. 713 CLEAR (SCALE 0-3) 13
DPTR FM NORMAL -87 PTCLDY (SCALE 4-7) 16
TOTAL FM JUL 1 5452 CLOUDY (SCALE 8-10) 2
DPTR FM NORMAL -78
[CDD (BASE 65) ]
TOTAL THIS MO. 0
DPTR FM NORMAL 0 [PRESSURE DATA]
TOTAL FM JAN 1 0 HIGHEST SLP 30.41 ON 5
DPTR FM NORMAL 0 LOWEST SLP 29.55 ON 26
[REMARKS]
#FINAL-03-20#