000
CXUS52 KCHS 010815
CF6CHS
PRELIMINARY LOCAL CLIMATOLOGICAL DATA (WS FORM: F-6)
STATION: NORTH CHARLESTON SC
MONTH: APRIL
YEAR: 2022
LATITUDE: 32 54 N
LONGITUDE: 80 2 W
TEMPERATURE IN F: :PCPN: SNOW: WIND :SUNSHINE: SKY :PK WND
================================================================================
1 2 3 4 5 6A 6B 7 8 9 10 11 12 13 14 15 16 17 18
12Z AVG MX 2MIN
DY MAX MIN AVG DEP HDD CDD WTR SNW DPTH SPD SPD DIR MIN PSBL S-S WX SPD DR
================================================================================
1 78 53 66 4 0 1 0.00 0.0 0 9.0 22 270 M M 2 29 260
2 68 46 57 -5 8 0 0.00 0.0 0 5.6 15 100 M M 4 19 100
3 76 50 63 0 2 0 0.00 0.0 0 6.5 16 340 M M 0 1 22 320
4 75 45 60 -3 5 0 0.00 0.0 0 9.1 18 110 M M 3 8 25 70
5 76 58 67 4 0 2 1.38 0.0 0 12.7 32 180 M M 6 13 43 180
6 83 62 73 10 0 8 1.05 0.0 0 7.7 18 190 M M 8 13 22 210
7 81 58 70 6 0 5 0.44 0.0 0 10.2 28 190 M M 6 13 35 200
8 70 52 61 -3 4 0 0.00 0.0 0 11.6 24 230 M M 3 8 30 230
9 58 42 50 -14 15 0 0.00 0.0 0 12.1 22 260 M M 6 29 260
10 72 38 55 -9 10 0 0.00 0.0 0 5.9 16 310 M M 0 25 280
11 79 48 64 -1 1 0 0.00 0.0 0 7.6 20 200 M M 3 1 26 210
12 81 58 70 5 0 5 0.00 0.0 0 7.9 20 190 M M 4 23 160
13 80 60 70 5 0 5 0.00 0.0 0 11.5 22 190 M M 5 28 180
14 80 65 73 8 0 8 0.00 0.0 0 11.0 23 190 M M 7 29 190
15 75 55 65 -1 0 0 0.00 0.0 0 11.0 21 90 M M 3 26 50
16 77 55 66 0 0 1 0.09 0.0 0 5.8 13 340 M M 8 13 16 200
17 82 64 73 7 0 8 T 0.0 0 9.4 20 80 M M 8 3 27 90
18 77 52 65 -1 0 0 0.30 0.0 0 10.3 25 70 M M 8 1 31 100
19 68 49 59 -8 6 0 0.00 0.0 0 7.8 16 320 M M 1 21 320
20 68 43 56 -11 9 0 0.00 0.0 0 8.1 18 110 M M 2 8 25 90
21 75 47 61 -6 4 0 0.00 0.0 0 6.3 15 120 M M 3 22 100
22 79 52 66 -1 0 1 0.00 0.0 0 5.2 16 160 M M 1 1 20 170
23 79 55 67 -1 0 2 0.00 0.0 0 6.0 16 140 M M 2 1 19 150
24 80 57 69 1 0 4 0.00 0.0 0 5.6 17 140 M M 2 1 25 150
25 84 56 70 2 0 5 0.00 0.0 0 5.3 16 160 M M 1 1 21 150
26 86 61 74 6 0 9 0.02 0.0 0 7.6 18 190 M M 3 13 22 180
27 77 54 66 -3 0 1 0.00 0.0 0 7.5 20 10 M M 3 25 30
28 77 49 63 -6 2 0 0.00 0.0 0 7.4 20 50 M M 1 25 30
29 77 52 65 -4 0 0 0.00 0.0 0 6.0 18 140 M M 2 27 130
30 80 57 69 -1 0 4 0.00 0.0 0 7.2 17 190 M M 3 22 220
================================================================================
SM 2298 1593 66 69 3.28 0.0 244.9 M 108
================================================================================
AV 76.6 53.1 8.2 FASTST M M 4 MAX(MPH)
MISC ----> 32 180 43 180
================================================================================
NOTES:
# LAST OF SEVERAL OCCURRENCES
COLUMN 17 PEAK WIND IN M.P.H.
PRELIMINARY LOCAL CLIMATOLOGICAL DATA (WS FORM: F-6) , PAGE 2
STATION: NORTH CHARLESTON SC
MONTH: APRIL
YEAR: 2022
LATITUDE: 32 54 N
LONGITUDE: 80 2 W
[TEMPERATURE DATA] [PRECIPITATION DATA] SYMBOLS USED IN COLUMN 16
AVERAGE MONTHLY: 64.9 TOTAL FOR MONTH: 3.28 1 = FOG OR MIST
DPTR FM NORMAL: -1.0 DPTR FM NORMAL: -0.01 2 = FOG REDUCING VISIBILITY
HIGHEST: 86 ON 26 GRTST 24HR 1.46 ON 6- 7 TO 1/4 MILE OR LESS
LOWEST: 38 ON 10 3 = THUNDER
SNOW, ICE PELLETS, HAIL 4 = ICE PELLETS
TOTAL MONTH: 0.0 INCH 5 = HAIL
GRTST 24HR 0.0 6 = FREEZING RAIN OR DRIZZLE
GRTST DEPTH: 0 7 = DUSTSTORM OR SANDSTORM:
VSBY 1/2 MILE OR LESS
8 = SMOKE OR HAZE
[NO. OF DAYS WITH] [WEATHER - DAYS WITH] 9 = BLOWING SNOW
X = TORNADO
MAX 32 OR BELOW: 0 0.01 INCH OR MORE: 6
MAX 90 OR ABOVE: 0 0.10 INCH OR MORE: 4
MIN 32 OR BELOW: 0 0.50 INCH OR MORE: 2
MIN 0 OR BELOW: 0 1.00 INCH OR MORE: 2
[HDD (BASE 65) ]
TOTAL THIS MO. 66 CLEAR (SCALE 0-3) 17
DPTR FM NORMAL -9 PTCLDY (SCALE 4-7) 12
TOTAL FM JUL 1 1591 CLOUDY (SCALE 8-10) 1
DPTR FM NORMAL -246
[CDD (BASE 65) ]
TOTAL THIS MO. 69
DPTR FM NORMAL -30 [PRESSURE DATA]
TOTAL FM JAN 1 174 HIGHEST SLP 30.47 ON 21
DPTR FM NORMAL 33 LOWEST SLP 29.58 ON 7
[REMARKS]
#FINAL-04-22#