000
CXUS55 KOHX 011110
CF6CKV
PRELIMINARY LOCAL CLIMATOLOGICAL DATA (WS FORM: F-6)
STATION: CLARKSVILLE
MONTH: SEPTEMBER
YEAR: 2023
LATITUDE: 36 37 N
LONGITUDE: 87 25 W
TEMPERATURE IN F: :PCPN: SNOW: WIND :SUNSHINE: SKY :PK WND
================================================================================
1 2 3 4 5 6A 6B 7 8 9 10 11 12 13 14 15 16 17 18
12Z AVG MX 2MIN
DY MAX MIN AVG DEP HDD CDD WTR SNW DPTH SPD SPD DIR MIN PSBL S-S WX SPD DR
================================================================================
1 89 60 75 0 0 10 0.00 M M 3.2 10 170 M M 4 18 16 180
2 88 70 79 4 0 14 0.00 M M 3.6 10 190 M M 5 18 17 180
3 89 68 79 5 0 14 0.00 M M 3.7 12 190 M M 3 12 18 200
4 92 69 81 7 0 16 0.00 M M 4.4 14 140 M M 2 20 130
5 92 71 82 8 0 17 0.67 M M 5.8 28 310 M M 5 3 38 320
6 88 71 80 6 0 15 0.31 M M 5.5 25 310 M M 4 13 34 310
7 81 64 73 0 0 8 0.00 M M 5.7 14 280 M M 5 18 18 280
8 84 65 75 2 0 10 0.00 M M 6.0 13 360 M M 5 22 350
9 82 63 73 0 0 8 0.00 M M 7.3 16 360 M M 2 21 330
10 85 64 75 3 0 10 0.00 M M 5.6 14 360 M M 3 18 19 350
11 86 61 74 2 0 9 0.00 M M 2.4 10 240 M M 0 18 15 300
12 78 65 72 0 0 7 0.01 M M 4.0 12 350 M M 3 16 30
13 82 58 70 -2 0 5 0.00 M M 5.7 16 360 M M 3 20 350
14 83 53 68 -3 0 3 0.00 M M 3.5 12 60 M M 0 20 80
15 84 53 69 -2 0 4 0.00 M M 4.2 14 80 M M 0 19 60
16 77 60 69 -2 0 4 1.19 M M 3.1 10 340 M M 7 138 14 350
17 80 57 69 -1 0 4 0.15 M M 4.2 20 10 M M 4 13 26 10
18 78 56 67 -3 0 2 0.00 M M 4.6 13 340 M M 1 128 16 20
19 80 53 67 -3 0 2 0.00 M M 1.6 8 120 M M 2 128 13 140
20 85 56 71 2 0 6 0.00 M M 4.7 9 120 M M 1 18 13 140
21 85 62 74 5 0 9 0.00 M M 2.8 8 150 M M 4 10 160
22 87 58 73 5 0 8 0.00 M M 2.3 8 140 M M 0 18 11 120
23 86 59 73 5 0 8 0.00 M M 3.5 12 40 M M 0 18 17 340
24 83 51 67 -1 0 2 0.00 M M 1.7 7 110 M M 0 18 11 60
25 88 63 76 9 0 11 0.00 M M 1.7 7 150 M M 1 1 11 90
26 90 59 75 8 0 10 0.00 M M 1.3 8 260 M M 1 128 11 270
27 87 61 74 7 0 9 0.00 M M 5.3 18 200 M M 1 128 25 190
28 76 64 70 4 0 5 1.60 M M 7.1 23 340 M M 6 138 35 340
29 84 64 74 8 0 9 0.01 M M 3.9 14 210 M M 5 128 18 220
30 88 62 75 10 0 10 0.00 M M 1.2 10 30 M M 4 128 15 10
================================================================================
SM 2537 1840 0 249 3.94 M 119.6 M 81
================================================================================
AV 84.6 61.3 4.0 FASTST M M 3 MAX(MPH)
MISC ----> 28 310 38 320
================================================================================
NOTES:
# LAST OF SEVERAL OCCURRENCES
COLUMN 17 PEAK WIND IN M.P.H.
PRELIMINARY LOCAL CLIMATOLOGICAL DATA (WS FORM: F-6) , PAGE 2
STATION: CLARKSVILLE
MONTH: SEPTEMBER
YEAR: 2023
LATITUDE: 36 37 N
LONGITUDE: 87 25 W
[TEMPERATURE DATA] [PRECIPITATION DATA] SYMBOLS USED IN COLUMN 16
AVERAGE MONTHLY: 73.0 TOTAL FOR MONTH: 3.94 1 = FOG OR MIST
DPTR FM NORMAL: 2.3 DPTR FM NORMAL: 0.47 2 = FOG REDUCING VISIBILITY
HIGHEST: 92 ON 5, 4 GRTST 24HR 1.60 ON 28-28 TO 1/4 MILE OR LESS
LOWEST: 51 ON 24 3 = THUNDER
SNOW, ICE PELLETS, HAIL 4 = ICE PELLETS
TOTAL MONTH: M 5 = HAIL
GRTST 24HR M ON M 6 = FREEZING RAIN OR DRIZZLE
GRTST DEPTH: M ON M 7 = DUSTSTORM OR SANDSTORM:
VSBY 1/2 MILE OR LESS
8 = SMOKE OR HAZE
[NO. OF DAYS WITH] [WEATHER - DAYS WITH] 9 = BLOWING SNOW
X = TORNADO
MAX 32 OR BELOW: 0 0.01 INCH OR MORE: 7
MAX 90 OR ABOVE: 3 0.10 INCH OR MORE: 5
MIN 32 OR BELOW: 0 0.50 INCH OR MORE: 3
MIN 0 OR BELOW: 0 1.00 INCH OR MORE: 2
[HDD (BASE 65) ]
TOTAL THIS MO. 0 CLEAR (SCALE 0-3) 17
DPTR FM NORMAL -28 PTCLDY (SCALE 4-7) 13
TOTAL FM JUL 1 0 CLOUDY (SCALE 8-10) 0
DPTR FM NORMAL -25
[CDD (BASE 65) ]
TOTAL THIS MO. 249
DPTR FM NORMAL 55 [PRESSURE DATA]
TOTAL FM JAN 1 1663 HIGHEST SLP 30.19 ON 30
DPTR FM NORMAL 197 LOWEST SLP 29.85 ON 6
[REMARKS]
#FINAL-09-23#