000
CXUS51 KCLE 031456
CLMCLE
CLIMATE REPORT
NATIONAL WEATHER SERVICE CLEVELAND, OH
1056 AM EDT FRI NOV 03 2023
...................................
...THE CLEVELAND OH CLIMATE SUMMARY FOR THE MONTH OF OCTOBER 2023...
CLIMATE NORMAL PERIOD 1991 TO 2020
CLIMATE RECORD PERIOD 1871 TO 2023
WEATHER OBSERVED NORMAL DEPART LAST YEAR`S
VALUE DATE(S) VALUE FROM VALUE
NORMAL
..............................................................
TEMPERATURE (F)
RECORD
HIGH 93 10/01/2019
LOW 19 10/31/1988
HIGHEST 84 10/03
10/04
LOWEST 30 10/31
AVG. MAXIMUM 64.4 63.7 0.7 63.6
AVG. MINIMUM 49.5 46.5 3.0 44.2
MEAN 56.9 55.1 1.8 53.9
DAYS MAX >= 90 0 0.0 0.0 0
DAYS MAX <= 32 0 0.0 0.0 0
DAYS MIN <= 32 1 1.0 0.0 0
DAYS MIN <= 0 0 0.0 0.0 0
PRECIPITATION (INCHES)
RECORD
MAXIMUM 10.40 2012
MINIMUM 0.47 1886
TOTALS 4.91 3.60 1.31 3.34
DAYS >= .01 15 12.1 2.9 9
DAYS >= .10 10 7.6 2.4 5
DAYS >= .50 4 2.3 1.7 3
DAYS >= 1.00 1 0.6 0.4 1
GREATEST
24 HR. TOTAL 1.20 10/13 TO 10/14 1.59
SNOWFALL (INCHES)
RECORDS
TOTAL 8.0 1962
TOTALS 1.5 0.1 1.4 T
SINCE 7/1 1.5 0.1 1.4 T
DAYS >= 1.0 1 0.0 1.0 0
GREATEST
24 HR TOTAL 1.5R 10/31 TO 10/31
DEGREE DAYS
HEATING TOTAL 285 325 -40 336
SINCE 7/1 317 401 -84 412
COOLING TOTAL 42 18 24 0
SINCE 1/1 748 946 -198 991
..............................................................
WIND (MPH)
AVERAGE WIND SPEED 9.1
HIGHEST WIND SPEED/DIRECTION 28/300 DATE 10/07
HIGHEST GUST SPEED/DIRECTION 38/290 DATE 10/07
SKY COVER
AVERAGE SKY COVER 0.70
AVERAGE RH (PERCENT) 69
WEATHER CONDITIONS. NUMBER OF DAYS WITH
THUNDERSTORM 1 MIXED PRECIP 0
HEAVY RAIN 5 RAIN 7
LIGHT RAIN 20 FREEZING RAIN 0
LT FREEZING RAIN 0 HAIL 0
HEAVY SNOW 0 SNOW 1
LIGHT SNOW 1 SLEET 0
FOG 16 FOG W/VIS <= 1/4 MILE 1
HAZE 1
- INDICATES NEGATIVE NUMBERS.
R INDICATES RECORD WAS SET OR TIED.
MM INDICATES DATA IS MISSING.
T INDICATES TRACE AMOUNT.
$$