000
CXUS54 KHGX 011632
CLMCLL
CLIMATE REPORT
NATIONAL WEATHER SERVICE HOUSTON/GALVESTON TX
1132 AM CDT THU JUN 01 2023
...................................
...THE COLLEGE STATION CLIMATE SUMMARY FOR THE MONTH OF MAY 2023...
CLIMATE NORMAL PERIOD: 1991 TO 2020
CLIMATE RECORD PERIOD: 1902 TO 2023
WEATHER OBSERVED NORMAL DEPART LAST YEAR`S
VALUE DATE(S) VALUE FROM VALUE DATE(S)
NORMAL
................................................................
TEMPERATURE (F)
RECORD
HIGH 100 05/31/1998
05/29/1996
LOW 42 05/04/2013
05/04/1954
HIGHEST 93 05/05 MM MM 98 05/18
05/19
05/21
LOWEST 59 05/01 MM MM 60 05/26
AVG. MAXIMUM 86.8 86.3 0.5 91.6
AVG. MINIMUM 68.5 66.4 2.1 71.3
MEAN 77.6 76.4 1.2 81.5
DAYS MAX >= 90 10 9.4 0.6 23
DAYS MAX <= 32 0 0.0 0.0 0
DAYS MIN <= 32 0 0.0 0.0 0
DAYS MIN <= 0 0 0.0 0.0 0
PRECIPITATION (INCHES)
RECORD
MAXIMUM 14.70 1929
TOTALS 3.67 4.60 -0.93 2.46
DAILY AVG. 0.12 0.15 -0.03 0.08
DAYS >= .01 11 7.8 3.2 4
DAYS >= .10 6 5.5 0.5 3
DAYS >= .50 2 2.9 -0.9 3
DAYS >= 1.00 1 1.4 -0.4 0
GREATEST
24 HR. TOTAL 1.58 05/13 TO 05/14 0.93 05/05 TO 05/05
SNOWFALL (INCHES)
RECORDS
TOTAL MM MM
TOTALS 0.0
SINCE 7/1 0.0
LIQUID 7/1 0.00
DAYS >= TRACE 0
GREATEST
24 HR TOTAL MM
DEGREE DAYS
HEATING TOTAL 0 3 -3 0
SINCE 7/1 1264 1542 -278 MM
COOLING TOTAL 399 355 44 518
SINCE 1/1 737 609 128 MM
................................................................
WIND (MPH)
AVERAGE WIND SPEED 6.4
HIGHEST WIND SPEED/DIRECTION 32/320 DATE 05/05
HIGHEST GUST SPEED/DIRECTION 49/340 DATE 05/05
SKY COVER
AVERAGE SKY COVER 0.33
AVERAGE RH (PERCENT) 69
WEATHER CONDITIONS. NUMBER OF DAYS WITH
THUNDERSTORM 12 MIXED PRECIP 0
HEAVY RAIN 4 RAIN 9
LIGHT RAIN 15 FREEZING RAIN 0
LT FREEZING RAIN 0 HAIL 0
HEAVY SNOW 0 SNOW 0
LIGHT SNOW 0 SLEET 0
FOG 11 FOG W/VIS <= 1/4 MILE 1
HAZE 2
- INDICATES NEGATIVE NUMBERS.
R INDICATES RECORD WAS SET OR TIED.
MM INDICATES DATA IS MISSING.
T INDICATES TRACE AMOUNT.
$$