000
CXUS52 KGSP 010951
CF6CLT
PRELIMINARY LOCAL CLIMATOLOGICAL DATA (WS FORM: F-6)
STATION: CHARLOTTE NC
MONTH: DECEMBER
YEAR: 2020
LATITUDE: 35 12 N
LONGITUDE: 80 57 W
TEMPERATURE IN F: :PCPN: SNOW: WIND :SUNSHINE: SKY :PK WND
================================================================================
1 2 3 4 5 6A 6B 7 8 9 10 11 12 13 14 15 16 17 18
12Z AVG MX 2MIN
DY MAX MIN AVG DEP HDD CDD WTR SNW DPTH SPD SPD DIR MIN PSBL S-S WX SPD DR
================================================================================
1 46 30 38 -8 27 0 T 0.0 0 7.0 17 280 M M 5 24 300
2 55 22 39 -7 26 0 0.00 0.0 0 3.8 12 240 M M 1 8 14 230
3 58 24 41 -4 24 0 0.00 0.0 0 3.9 13 230 M M 5 17 280
4 63 42 53 8 12 0 0.60 0.0 0 6.2 16 250 M M 10 13 24 230
5 57 34 46 1 19 0 0.01 0.0 0 6.5 17 330 M M 1 1 24 350
6 54 27 41 -3 24 0 0.00 0.0 0 3.4 14 180 M M 5 18 17 180
7 53 34 44 0 21 0 T 0.0 0 6.4 17 340 M M 7 18 22 320
8 49 26 38 -6 27 0 0.00 0.0 0 5.5 14 330 M M 1 22 340
9 57 25 41 -3 24 0 0.00 0.0 0 4.1 10 220 M M 5 1 14 310
10 67 32 50 7 15 0 0.00 0.0 0 3.8 10 180 M M 2 13 180
11 65 34 50 7 15 0 0.00 0.0 0 3.5 9 190 M M 3 8 12 190
12 67 46 57 14 8 0 0.00 0.0 0 5.8 17 200 M M 8 24 200
13 70 51 61 18 4 0 T 0.0 0 5.0 12 190 M M 6 15 200
14 62 37 50 8 15 0 0.49 0.0 0 11.0 24 340 M M 6 1 30 350
15 48 33 41 -1 24 0 T 0.0 0 9.5 17 80 M M 4 23 80
16 39 34 37 -5 28 0 0.72 0.0 0 8.3 18 50 M M 10 1 23 40
17 44 36 40 -2 25 0 T 0.0 0 2.3 17 350 M M 10 1 20 350
18 47 32 40 -2 25 0 T 0.0 0 6.2 15 340 M M 5 20 360
19 49 23 36 -6 29 0 0.00 0.0 0 4.0 10 160 M M 5 8 14 120
20 49 39 44 3 21 0 0.38 0.0 0 3.5 10 130 M M 10 18 20 80
21 58 43 51 10 14 0 0.00 0.0 0 6.9 17 220 M M 5 18 24 230
22 62 33 48 7 17 0 0.00 0.0 0 4.2 14 330 M M 0 18 330
23 59 28 44 3 21 0 0.00 0.0 0 6.2 14 130 M M 6 18 150
24 59 41 50 9 15 0 0.72 0.0 0 9.4 28 230 M M 10 1 38 220
25 41 22 32 -9 33 0 T 0.0 0 10.2 18 280 M M 6 25 280
26 41 17 29 -11 36 0 0.00 0.0 0 3.9 9 200 M M 1 15 210
27 53 22 38 -2 27 0 0.00 0.0 0 3.6 12 170 M M 4 13 140
28 62 31 47 7 18 0 0.00 0.0 0 5.5 15 230 M M 4 22 230
29 58 31 45 5 20 0 0.00 0.0 0 6.1 14 30 M M 2 12 20 40
30 43 37 40 0 25 0 0.00 0.0 0 4.8 12 70 M M 9 8 16 50
31 54 41 48 8 17 0 0.06 0.0 0 2.6 10 160 M M 10 128 12 170
================================================================================
SM 1689 1007 656 0 2.98 0.0 173.1 M 166
================================================================================
AV 54.5 32.5 5.6 FASTST M M 5 MAX(MPH)
MISC ----> 28 230 38 220
================================================================================
NOTES:
# LAST OF SEVERAL OCCURRENCES
COLUMN 17 PEAK WIND IN M.P.H.
PRELIMINARY LOCAL CLIMATOLOGICAL DATA (WS FORM: F-6) , PAGE 2
STATION: CHARLOTTE NC
MONTH: DECEMBER
YEAR: 2020
LATITUDE: 35 12 N
LONGITUDE: 80 57 W
[TEMPERATURE DATA] [PRECIPITATION DATA] SYMBOLS USED IN COLUMN 16
AVERAGE MONTHLY: 43.5 TOTAL FOR MONTH: 2.98 1 = FOG OR MIST
DPTR FM NORMAL: 1.1 DPTR FM NORMAL: -0.27 2 = FOG REDUCING VISIBILITY
HIGHEST: 70 ON 13 GRTST 24HR 0.72 ON 24-24 TO 1/4 MILE OR LESS
LOWEST: 17 ON 26 3 = THUNDER
SNOW, ICE PELLETS, HAIL 4 = ICE PELLETS
TOTAL MONTH: 0.0 INCH 5 = HAIL
GRTST 24HR 0.0 6 = FREEZING RAIN OR DRIZZLE
GRTST DEPTH: 0 7 = DUSTSTORM OR SANDSTORM:
VSBY 1/2 MILE OR LESS
8 = SMOKE OR HAZE
[NO. OF DAYS WITH] [WEATHER - DAYS WITH] 9 = BLOWING SNOW
X = TORNADO
MAX 32 OR BELOW: 0 0.01 INCH OR MORE: 7
MAX 90 OR ABOVE: 0 0.10 INCH OR MORE: 5
MIN 32 OR BELOW: 15 0.50 INCH OR MORE: 3
MIN 0 OR BELOW: 0 1.00 INCH OR MORE: 0
[HDD (BASE 65) ]
TOTAL THIS MO. 656 CLEAR (SCALE 0-3) 7
DPTR FM NORMAL -45 PTCLDY (SCALE 4-7) 17
TOTAL FM JUL 1 1027 CLOUDY (SCALE 8-10) 7
DPTR FM NORMAL -310
[CDD (BASE 65) ]
TOTAL THIS MO. 0
DPTR FM NORMAL -1 [PRESSURE DATA]
TOTAL FM JAN 1 1886 HIGHEST SLP 30.49 ON 30
DPTR FM NORMAL 368 LOWEST SLP 29.51 ON 24
[REMARKS]
#FINAL-12-20#