000
CXUS56 KLOX 011155
CF6CMA
PRELIMINARY LOCAL CLIMATOLOGICAL DATA (WS FORM: F-6)
STATION: CAMARILLO AIRPORT CA
MONTH: JULY
YEAR: 2023
LATITUDE: 34 12 N
LONGITUDE: 119 6 W
TEMPERATURE IN F: :PCPN: SNOW: WIND :SUNSHINE: SKY :PK WND
================================================================================
1 2 3 4 5 6A 6B 7 8 9 10 11 12 13 14 15 16 17 18
12Z AVG MX 2MIN
DY MAX MIN AVG DEP HDD CDD WTR SNW DPTH SPD SPD DIR MIN PSBL S-S WX SPD DR
================================================================================
1 77 59 68 0 0 3 0.00 M M 4.9 13 220 M M 6 18 20 230
2 74 59 67 -1 0 2 0.00 M M 4.4 14 220 M M 7 18 21 220
3 73 59 66 -2 0 1 0.00 M M 5.0 12 240 M M 7 18 20 260
4 70 58 64 -4 1 0 0.00 M M 5.2 14 220 M M 7 18 20 220
5 72 58 65 -4 0 0 0.00 M M 5.4 14 260 M M 4 18 22 230
6 73 55 64 -5 1 0 0.00 M M 5.6 15 230 M M 3 18 24 250
7 72 58 65 -4 0 0 0.00 M M 4.7 13 230 M M 5 21 260
8 73 57 65 -4 0 0 T M M 5.2 15 210 M M 3 18 21 220
9 73 57 65 -4 0 0 0.00 M M 4.4 14 270 M M 3 18 22 260
10 76 56 66 -3 0 1 0.00 M M 4.8 14 260 M M 2 1 22 250
11 79 55 67 -2 0 2 0.00 M M 4.6 12 260 M M 3 128 18 260
12 81 58 70 1 0 5 0.00 M M 4.8 13 260 M M 2 12 21 240
13 84 58 71 2 0 6 0.00 M M 4.7 13 230 M M 0 1 20 220
14 84 56 70 1 0 5 0.00 M M 4.6 13 260 M M 0 24 180
15 79 58 69 0 0 4 0.00 M M 4.6 13 230 M M 0 18 20 230
16 78 60 69 0 0 4 0.00 M M 5.0 14 220 M M 1 18 20 240
17 81 63 72 3 0 7 0.00 M M 4.8 14 200 M M 1 18 19 230
18 81 63 72 3 0 7 0.00 M M 4.3 12 230 M M 1 18 18 240
19 80 63 72 3 0 7 T M M 4.9 12 260 M M 0 18 17 240
20 83 61 72 3 0 7 0.00 M M 4.1 12 260 M M 0 18 19 250
21 78 61 70 0 0 5 0.00 M M 6.1 17 230 M M 0 18 24 280
22 78 63 71 1 0 6 0.00 M M 5.5 13 240 M M 4 18 19 240
23 81 63 72 2 0 7 T M M 4.8 13 210 M M 2 18 20 220
24 80 62 71 1 0 6 0.00 M M 4.4 14 270 M M 0 128 21 260
25 91 64 78 8 0 13 0.00 M M 4.9 13 260 M M 0 18 19 250
26 89 65 77 7 0 12 0.00 M M 5.4 14 260 M M 0 8 24 250
27 84 62 73 3 0 8 0.00 M M 3.8 13 270 M M 0 18 19 240
28 84 63 74 4 0 9 0.00 M M 5.4 16 220 M M 0 8 22 210
29 84 64 74 4 0 9 0.00 M M 4.6 13 270 M M 2 128 18 240
30 83 64 74 4 0 9 0.00 M M 5.5 18 260 M M 0 18 32 250
31 86 65 76 6 0 11 0.00 M M 5.4 13 260 M M 0 18 22 180
================================================================================
SM 2461 1867 2 156 T M 151.8 M 63
================================================================================
AV 79.4 60.2 4.9 FASTST M M 2 MAX(MPH)
MISC ----> 18 260 32 250
================================================================================
NOTES:
# LAST OF SEVERAL OCCURRENCES
COLUMN 17 PEAK WIND IN M.P.H.
PRELIMINARY LOCAL CLIMATOLOGICAL DATA (WS FORM: F-6) , PAGE 2
STATION: CAMARILLO AIRPORT CA
MONTH: JULY
YEAR: 2023
LATITUDE: 34 12 N
LONGITUDE: 119 6 W
[TEMPERATURE DATA] [PRECIPITATION DATA] SYMBOLS USED IN COLUMN 16
AVERAGE MONTHLY: 69.8 TOTAL FOR MONTH: T 1 = FOG OR MIST
DPTR FM NORMAL: 0.7 DPTR FM NORMAL: -0.02 2 = FOG REDUCING VISIBILITY
HIGHEST: 91 ON 25 GRTST 24HR T ON 8- 8 TO 1/4 MILE OR LESS
LOWEST: 55 ON 11, 6 3 = THUNDER
SNOW, ICE PELLETS, HAIL 4 = ICE PELLETS
TOTAL MONTH: M 5 = HAIL
GRTST 24HR M ON M 6 = FREEZING RAIN OR DRIZZLE
GRTST DEPTH: M ON M 7 = DUSTSTORM OR SANDSTORM:
VSBY 1/2 MILE OR LESS
8 = SMOKE OR HAZE
[NO. OF DAYS WITH] [WEATHER - DAYS WITH] 9 = BLOWING SNOW
X = TORNADO
MAX 32 OR BELOW: 0 0.01 INCH OR MORE: 0
MAX 90 OR ABOVE: 1 0.10 INCH OR MORE: 0
MIN 32 OR BELOW: 0 0.50 INCH OR MORE: 0
MIN 0 OR BELOW: 0 1.00 INCH OR MORE: 0
[HDD (BASE 65) ]
TOTAL THIS MO. 2 CLEAR (SCALE 0-3) 23
DPTR FM NORMAL -1 PTCLDY (SCALE 4-7) 8
TOTAL FM JUL 1 2 CLOUDY (SCALE 8-10) 0
DPTR FM NORMAL 2
[CDD (BASE 65) ]
TOTAL THIS MO. 156
DPTR FM NORMAL 24 [PRESSURE DATA]
TOTAL FM JAN 1 164 HIGHEST SLP 30.03 ON 24
DPTR FM NORMAL -78 LOWEST SLP 29.82 ON 7
[REMARKS]
#FINAL-07-23#