000
CXUS55 KGJT 011010
CF6CNY
PRELIMINARY LOCAL CLIMATOLOGICAL DATA (WS FORM: F-6)
STATION: CANYONLANDS AIRPORT UT
MONTH: NOVEMBER
YEAR: 2020
LATITUDE: 38 46 N
LONGITUDE: 109 45 W
TEMPERATURE IN F: :PCPN: SNOW: WIND :SUNSHINE: SKY :PK WND
================================================================================
1 2 3 4 5 6A 6B 7 8 9 10 11 12 13 14 15 16 17 18
12Z AVG MX 2MIN
DY MAX MIN AVG DEP HDD CDD WTR SNW DPTH SPD SPD DIR MIN PSBL S-S WX SPD DR
================================================================================
1 67 34 51 5 14 0 0.00 M M 2.1 9 140 M M 0 12 140
2 67 30 49 4 16 0 0.00 M M 2.3 10 100 M M 0 13 110
3 62 31 47 2 18 0 0.00 M M 4.6 15 150 M M 1 18 160
4 70 34 52 8 13 0 0.00 M M 1.5 8 330 M M 0 13 300
5 71 33 52 8 13 0 0.00 M M 2.4 9 50 M M 0 15 60
6 69 35 52 9 13 0 0.00 M M 5.5 31 170 M M 2 40 180
7 70 45 58 15 7 0 0.05 M M 18.1 43 260 M M 6 13 56 270
8 50 32 41 -1 24 0 0.07 M M 13.1 44 240 M M 5 1 55 240
9 44 26 35 -7 30 0 T M M 8.2 21 230 M M 6 27 220
10 42 21 32 -9 33 0 0.00 M M 5.1 17 260 M M 0 24 260
11 48 14 31 -10 34 0 0.00 M M 4.0 12 320 M M 0 14 350
12 49 16 33 -7 32 0 0.00 M M 3.5 12 320 M M 0 14 310
13 49 19 34 -6 31 0 0.00 M M 4.3 14 320 M M 2 18 310
14 48 25 37 -2 28 0 0.00 M M 12.1 29 300 M M 4 35 310
15 53 24 39 0 26 0 0.00 M M 3.1 13 310 M M 2 15 310
16 56 20 38 0 27 0 0.00 M M 3.3 13 320 M M 0 14 330
17 57 21 39 1 26 0 0.00 M M 2.4 10 330 M M 0 13 320
18 72 32 52 15 13 0 0.00 M M 8.0 30 200 M M 1 40 210
19 66 34 50 13 15 0 0.00 M M 5.5 16 270 M M 0 22 270
20 57 27 42 6 23 0 0.00 M M 2.4 12 330 M M 1 8 13 330
21 59 30 45 9 20 0 0.00 M M 4.1 13 130 M M 1 17 130
22 53 21 37 2 28 0 0.00 M M 5.1 13 30 M M 2 16 30
23 54 23 39 4 26 0 0.00 M M 6.1 15 270 M M 2 19 280
24 50 24 37 3 28 0 0.00 M M 5.6 15 310 M M 5 18 250
25 53 16 35 1 30 0 0.00 M M 4.3 16 160 M M 0 24 160
26 46 20 33 0 32 0 0.00 M M 6.2 21 20 M M 7 28 20
27 45 11 28 -5 37 0 0.00 M M 4.1 13 300 M M 0 18 310
28 46 11 29 -3 36 0 0.00 M M 1.9 7 340 M M 0 8 310
29 49 13 31 -1 34 0 0.00 M M 3.1 10 330 M M 0 13 320
30 46 10 28 -4 37 0 0.00 M M 2.7 9 310 M M 0 12 320
================================================================================
SM 1668 732 744 0 0.12 M 154.7 M 47
================================================================================
AV 55.6 24.4 5.2 FASTST M M 2 MAX(MPH)
MISC ----> 44 240 56 270
================================================================================
NOTES:
# LAST OF SEVERAL OCCURRENCES
COLUMN 17 PEAK WIND IN M.P.H.
PRELIMINARY LOCAL CLIMATOLOGICAL DATA (WS FORM: F-6) , PAGE 2
STATION: CANYONLANDS AIRPORT UT
MONTH: NOVEMBER
YEAR: 2020
LATITUDE: 38 46 N
LONGITUDE: 109 45 W
[TEMPERATURE DATA] [PRECIPITATION DATA] SYMBOLS USED IN COLUMN 16
AVERAGE MONTHLY: 40.0 TOTAL FOR MONTH: 0.12 1 = FOG OR MIST
DPTR FM NORMAL: 1.3 DPTR FM NORMAL: -0.57 2 = FOG REDUCING VISIBILITY
HIGHEST: 72 ON 18 GRTST 24HR 0.07 ON 8- 8 TO 1/4 MILE OR LESS
LOWEST: 10 ON 30 3 = THUNDER
SNOW, ICE PELLETS, HAIL 4 = ICE PELLETS
TOTAL MONTH: M 5 = HAIL
GRTST 24HR M ON M 6 = FREEZING RAIN OR DRIZZLE
GRTST DEPTH: M ON M 7 = DUSTSTORM OR SANDSTORM:
VSBY 1/2 MILE OR LESS
8 = SMOKE OR HAZE
[NO. OF DAYS WITH] [WEATHER - DAYS WITH] 9 = BLOWING SNOW
X = TORNADO
MAX 32 OR BELOW: 0 0.01 INCH OR MORE: 2
MAX 90 OR ABOVE: 0 0.10 INCH OR MORE: 0
MIN 32 OR BELOW: 24 0.50 INCH OR MORE: 0
MIN 0 OR BELOW: 0 1.00 INCH OR MORE: 0
[HDD (BASE 65) ]
TOTAL THIS MO. 744 CLEAR (SCALE 0-3) 24
DPTR FM NORMAL -46 PTCLDY (SCALE 4-7) 6
TOTAL FM JUL 1 1089 CLOUDY (SCALE 8-10) 0
DPTR FM NORMAL -124
[CDD (BASE 65) ]
TOTAL THIS MO. 0
DPTR FM NORMAL 0 [PRESSURE DATA]
TOTAL FM JAN 1 1654 HIGHEST SLP 30.57 ON 30
DPTR FM NORMAL 365 LOWEST SLP 29.16 ON 7
[REMARKS]
#FINAL-11-20#