000
CXUS55 KRIW 040140
CF6COD
PRELIMINARY LOCAL CLIMATOLOGICAL DATA (WS FORM: F-6)
STATION: CODY WY
MONTH: AUGUST
YEAR: 2020
LATITUDE: 44 31 N
LONGITUDE: 109 1 W
TEMPERATURE IN F: :PCPN: SNOW: WIND :SUNSHINE: SKY :PK WND
================================================================================
1 2 3 4 5 6A 6B 7 8 9 10 11 12 13 14 15 16 17 18
12Z AVG MX 2MIN
DY MAX MIN AVG DEP HDD CDD WTR SNW DPTH SPD SPD DIR MIN PSBL S-S WX SPD DR
================================================================================
1 86 57 72 1 0 7 0.00 M M 5.7 13 290 M M 0 21 290
2 88 61 75 4 0 10 T M M 4.9 10 30 M M 0 M M
3 91 59 75 4 0 10 T M M 6.5 13 20 M M 0 3 21 350
4 80 55 68 -3 0 3 T M M 6.7 15 50 M M 0 8 22 50
5 86 57 72 1 0 7 0.00 M M 5.3 17 10 M M 0 8 M M
6 89 58 74 4 0 9 T M M 8.5 17 30 M M 0 38 180
7 89 62 76 6 0 11 T M M 8.3 14 10 M M 1 18 10
8 89 50 70 0 0 5 0.00 M M 7.1 15 270 M M 0 27 290
9 76 57 67 -3 0 2 0.00 M M 8.6 15 30 M M 1 18 10
10 82 49 66 -4 0 1 0.00 M M 6.1 12 20 M M 0 8 17 10
11 91 56 74 4 0 9 0.00 M M 4.9 8 290 M M 0 8 M M
12 86 68 77 7 0 12 0.00 M M 8.6 15 210 M M 0 40 230
13 82 55 69 0 0 4 0.00 M M 7.4 17 20 M M 0 8 22 20
14 79 49 64 -5 1 0 0.00 M M 6.5 9 20 M M 0 M M
15 86 49 68 -1 0 3 0.00 M M 4.9 15 20 M M 0 8 M M
16 91 59 75 6 0 10 T M M 6.0 10 20 M M 0 8 M M
17 95 60 78 9 0 13 0.00 M M 6.8 12 50 M M 0 M M
18 89 66 78 10 0 13 0.00 M M 6.1 10 190 M M 0 8 16 190
19 88 61 75 7 0 10 0.04 M M 6.7 17 190 M M 3 38 30 260
20 87 60 74 6 0 9 0.01 M M 6.7 13 140 M M 0 3 M M
21 86 53 70 2 0 5 0.00 M M 4.1 9 30 M M 0 8 M M
22 93 58 76 9 0 11 0.00 M M 5.7 13 150 M M 0 8 M M
23 79 54 67 0 0 2 0.00 M M 5.7 13 30 M M 0 8 M M
24 95 56 76 9 0 11 0.00 M M 8.7 20 260 M M 0 8 40 260
25 85 62 74 7 0 9 T M M 6.8 14 250 M M 2 3 20 250
26 83 55 69 3 0 4 T M M 6.0 12 350 M M 0 3 18 350
27 82 56 69 3 0 4 0.03 M M 5.2 21 10 M M 2 3 36 10
28 78 53 66 0 0 1 0.00 M M 4.0 9 20 M M 3 M M
29 88 53 71 6 0 6 0.00 M M 7.7 16 250 M M 0 28 270
30 71 45 58 -7 7 0 T M M 11.9 23 360 M M 2 32 360
31 57 40 49 -16 16 0 T M M 2.2 9 310 M M 6 M M
================================================================================
SM 2627 1733 24 201 0.08 M 200.3 M 20
================================================================================
AV 84.7 55.9 6.5 FASTST M M 1 MAX(MPH)
MISC ----> # 23 360 # 40 230
================================================================================
NOTES:
# LAST OF SEVERAL OCCURRENCES
COLUMN 17 PEAK WIND IN M.P.H.
PRELIMINARY LOCAL CLIMATOLOGICAL DATA (WS FORM: F-6) , PAGE 2
STATION: CODY WY
MONTH: AUGUST
YEAR: 2020
LATITUDE: 44 31 N
LONGITUDE: 109 1 W
[TEMPERATURE DATA] [PRECIPITATION DATA] SYMBOLS USED IN COLUMN 16
AVERAGE MONTHLY: 70.3 TOTAL FOR MONTH: 0.08 1 = FOG OR MIST
DPTR FM NORMAL: 1.8 DPTR FM NORMAL: M 2 = FOG REDUCING VISIBILITY
HIGHEST: 95 ON 24,17 GRTST 24HR 0.04 ON 19-19 TO 1/4 MILE OR LESS
LOWEST: 40 ON 31 3 = THUNDER
SNOW, ICE PELLETS, HAIL 4 = ICE PELLETS
TOTAL MONTH: M 5 = HAIL
GRTST 24HR M ON M 6 = FREEZING RAIN OR DRIZZLE
GRTST DEPTH: M ON M 7 = DUSTSTORM OR SANDSTORM:
VSBY 1/2 MILE OR LESS
8 = SMOKE OR HAZE
[NO. OF DAYS WITH] [WEATHER - DAYS WITH] 9 = BLOWING SNOW
X = TORNADO
MAX 32 OR BELOW: 0 0.01 INCH OR MORE: 3
MAX 90 OR ABOVE: 6 0.10 INCH OR MORE: 0
MIN 32 OR BELOW: 0 0.50 INCH OR MORE: 0
MIN 0 OR BELOW: 0 1.00 INCH OR MORE: 0
[HDD (BASE 65) ]
TOTAL THIS MO. 24 CLEAR (SCALE 0-3) 30
DPTR FM NORMAL M PTCLDY (SCALE 4-7) 1
TOTAL FM JUL 1 34 CLOUDY (SCALE 8-10) 0
DPTR FM NORMAL M
[CDD (BASE 65) ]
TOTAL THIS MO. 201
DPTR FM NORMAL 94 [PRESSURE DATA]
TOTAL FM JAN 1 447 HIGHEST SLP M ON M
DPTR FM NORMAL 447 LOWEST SLP M ON M
[REMARKS]
#FINAL-08-20#