000
CXUS51 KGYX 010900
CF6CON
PRELIMINARY LOCAL CLIMATOLOGICAL DATA (WS FORM: F-6)
STATION: CONCORD NH
MONTH: JULY
YEAR: 2020
LATITUDE: 43 12 N
LONGITUDE: 71 30 W
TEMPERATURE IN F: :PCPN: SNOW: WIND :SUNSHINE: SKY :PK WND
================================================================================
1 2 3 4 5 6A 6B 7 8 9 10 11 12 13 14 15 16 17 18
12Z AVG MX 2MIN
DY MAX MIN AVG DEP HDD CDD WTR SNW DPTH SPD SPD DIR MIN PSBL S-S WX SPD DR
================================================================================
1 79 62 71 2 0 6 0.03 0.0 0 3.4 16 310 M M 6 13 22 320
2 92 63 78 9 0 13 0.02 0.0 0 3.3 21 310 M M 4 1238 29 320
3 74 63 69 0 0 4 T 0.0 0 5.5 13 70 M M 9 18 100
4 87 59 73 4 0 8 0.00 0.0 0 3.6 9 150 M M 4 1 13 310
5 88 63 76 7 0 11 0.59 0.0 0 2.8 12 120 M M 7 13 16 320
6 82 59 71 2 0 6 0.00 0.0 0 4.0 14 140 M M 5 1 18 170
7 84 58 71 1 0 6 0.00 0.0 0 7.4 17 180 M M 5 23 160
8 88 67 78 8 0 13 0.02 0.0 0 6.1 16 230 M M 7 3 22 210
9 92 65 79 9 0 14 0.00 0.0 0 2.3 10 140 M M 3 12 13 150
10 87 69 78 8 0 13 0.06 0.0 0 5.2 14 120 M M 3 1 22 120
11 90 72 81 11 0 16 0.12 0.0 0 11.2 23 170 M M 7 18 34 180
12 89 71 80 10 0 15 0.00 0.0 0 8.7 22 250 M M 4 28 250
13 84 65 75 5 0 10 0.25 0.0 0 2.3 12 140 M M 5 13 17 310
14 81 61 71 1 0 6 0.27 0.0 0 3.6 14 70 M M 5 13 20 120
15 76 63 70 0 0 5 0.00 0.0 0 4.9 10 120 M M 8 14 150
16 76 58 67 -3 0 2 0.00 0.0 0 5.8 13 150 M M 5 17 130
17 74 57 66 -4 0 1 0.01 0.0 0 4.6 16 180 M M 8 12 20 190
18 92 61 77 7 0 12 0.00 0.0 0 3.1 14 230 M M 4 12 18 230
19 96 61 79 9 0 14 0.00 0.0 0 5.6 16 230 M M 0 24 220
20 93 67 80 10 0 15 0.00 0.0 0 7.0 17 250 M M 1 24 250
21 88 61 75 5 0 10 0.00 0.0 0 4.9 15 310 M M 2 21 330
22 77 64 71 1 0 6 0.54 0.0 0 3.0 10 40 M M 6 1 12 60
23 82 64 73 3 0 8 0.13 0.0 0 2.7 10 160 M M 6 123 12 160
24 84 64 74 4 0 9 0.00 0.0 0 3.5 9 210 M M 0 12 13 310
25 88 60 74 4 0 9 0.00 0.0 0 2.3 10 300 M M 2 12 14 310
26 93 59 76 6 0 11 0.00 0.0 0 6.0 16 250 M M 0 21 270
27 96 68 82 12 0 17 0.00 0.0 0 6.8 16 270 M M 1 28 260
28 90 64 77 7 0 12 0.00 0.0 0 5.7 15 240 M M 2 1 24 120
29 90 59 75 5 0 10 0.01 0.0 0 4.5 16 250 M M 1 23 220
30 89 64 77 7 0 12 0.05 0.0 0 3.5 20 210 M M 2 1 24 200
31 88 57 73 3 0 8 0.00 0.0 0 4.3 12 290 M M 0 15 290
================================================================================
SM 2669 1948 0 302 2.10 0.0 147.6 M 122
================================================================================
AV 86.1 62.8 4.8 FASTST M M 4 MAX(MPH)
MISC ----> # 23 170 # 34 180
================================================================================
NOTES:
# LAST OF SEVERAL OCCURRENCES
COLUMN 17 PEAK WIND IN M.P.H.
PRELIMINARY LOCAL CLIMATOLOGICAL DATA (WS FORM: F-6) , PAGE 2
STATION: CONCORD NH
MONTH: JULY
YEAR: 2020
LATITUDE: 43 12 N
LONGITUDE: 71 30 W
[TEMPERATURE DATA] [PRECIPITATION DATA] SYMBOLS USED IN COLUMN 16
AVERAGE MONTHLY: 74.5 TOTAL FOR MONTH: 2.10 1 = FOG OR MIST
DPTR FM NORMAL: 4.5 DPTR FM NORMAL: -1.64 2 = FOG REDUCING VISIBILITY
HIGHEST: 96 ON 27,19 GRTST 24HR 0.67 ON 30- 1 TO 1/4 MILE OR LESS
LOWEST: 57 ON 31,17 3 = THUNDER
SNOW, ICE PELLETS, HAIL 4 = ICE PELLETS
TOTAL MONTH: 0.0 INCH 5 = HAIL
GRTST 24HR 0.0 6 = FREEZING RAIN OR DRIZZLE
GRTST DEPTH: 0 7 = DUSTSTORM OR SANDSTORM:
VSBY 1/2 MILE OR LESS
8 = SMOKE OR HAZE
[NO. OF DAYS WITH] [WEATHER - DAYS WITH] 9 = BLOWING SNOW
X = TORNADO
MAX 32 OR BELOW: 0 0.01 INCH OR MORE: 13
MAX 90 OR ABOVE: 10 0.10 INCH OR MORE: 6
MIN 32 OR BELOW: 0 0.50 INCH OR MORE: 2
MIN 0 OR BELOW: 0 1.00 INCH OR MORE: 0
[HDD (BASE 65) ]
TOTAL THIS MO. 0 CLEAR (SCALE 0-3) 12
DPTR FM NORMAL -17 PTCLDY (SCALE 4-7) 18
TOTAL FM JUL 1 0 CLOUDY (SCALE 8-10) 1
DPTR FM NORMAL -17
[CDD (BASE 65) ]
TOTAL THIS MO. 302
DPTR FM NORMAL 130 [PRESSURE DATA]
TOTAL FM JAN 1 484 HIGHEST SLP M ON M
DPTR FM NORMAL 210 LOWEST SLP 29.55 ON 12
[REMARKS]
#FINAL-07-20#