663
CXUS51 KGYX 010900
CF6CON
PRELIMINARY LOCAL CLIMATOLOGICAL DATA (WS FORM: F-6)
STATION: CONCORD NH
MONTH: JUNE
YEAR: 2020
LATITUDE: 43 12 N
LONGITUDE: 71 30 W
TEMPERATURE IN F: :PCPN: SNOW: WIND :SUNSHINE: SKY :PK WND
================================================================================
1 2 3 4 5 6A 6B 7 8 9 10 11 12 13 14 15 16 17 18
12Z AVG MX 2MIN
DY MAX MIN AVG DEP HDD CDD WTR SNW DPTH SPD SPD DIR MIN PSBL S-S WX SPD DR
================================================================================
1 64 33 49 -12 16 0 T 0.0 0 6.9 23 290 M M 5 30 290
2 69 36 53 -8 12 0 T 0.0 0 3.3 14 260 M M 5 18 260
3 78 54 66 5 0 1 T 0.0 0 3.9 13 240 M M 7 17 330
4 87 50 69 7 0 4 0.00 0.0 0 6.2 17 280 M M 1 2 25 270
5 86 63 75 13 0 10 0.01 0.0 0 5.6 14 220 M M 4 20 230
6 90 57 74 12 0 9 0.04 0.0 0 6.6 38 320 M M 4 13 52 310
7 71 47 59 -4 6 0 0.00 0.0 0 9.2 22 320 M M 7 28 310
8 77 43 60 -3 5 0 0.00 0.0 0 7.3 21 310 M M 1 28 310
9 75 53 64 1 1 0 T 0.0 0 3.0 13 340 M M 8 20 30
10 75 55 65 1 0 0 0.00 0.0 0 6.2 17 150 M M 5 1 24 140
11 80 56 68 4 0 3 0.06 0.0 0 5.4 20 180 M M 9 1 24 170
12 84 56 70 6 0 5 0.00 0.0 0 8.4 22 280 M M 2 31 290
13 71 48 60 -4 5 0 0.00 0.0 0 8.1 20 310 M M 3 26 300
14 72 45 59 -6 6 0 0.00 0.0 0 4.2 10 30 M M 8 15 40
15 76 49 63 -2 2 0 0.00 0.0 0 3.0 12 130 M M 7 14 120
16 82 44 63 -2 2 0 0.00 0.0 0 3.5 13 170 M M 0 1 18 50
17 85 44 65 -1 0 0 0.00 0.0 0 3.5 10 200 M M 0 15 170
18 92 51 72 6 0 7 0.00 0.0 0 3.6 14 210 M M 0 18 220
19 92 62 77 11 0 12 0.00 0.0 0 5.6 14 220 M M 0 19 190
20 93 62 78 12 0 13 0.04 0.0 0 2.8 18 320 M M 4 3 22 310
21 94 63 79 12 0 14 0.00 0.0 0 3.5 16 150 M M 2 13 24 150
22 85 65 75 8 0 10 0.00 0.0 0 4.7 12 160 M M 5 1 17 170
23 94 63 79 12 0 14 0.00 0.0 0 6.5 18 180 M M 4 123 23 180
24 87 59 73 6 0 8 0.03 0.0 0 7.1 18 290 M M 5 27 290
25 86 53 70 2 0 5 0.00 0.0 0 5.6 17 270 M M 2 28 210
26 85 57 71 3 0 6 0.00 0.0 0 4.2 17 280 M M 3 26 280
27 82 53 68 0 0 3 0.00 0.0 0 2.4 16 190 M M 4 22 190
28 84 57 71 3 0 6 1.31 0.0 0 4.6 12 40 M M 3 13 16 350
29 76 63 70 2 0 5 0.16 0.0 0 6.6 18 30 M M 9 18 25 30
30 77 63 70 2 0 5 0.67 0.0 0 5.0 15 70 M M 10 13 25 70
================================================================================
SM 2449 1604 55 140 2.32 0.0 156.5 M 127
================================================================================
AV 81.6 53.5 5.2 FASTST M M 4 MAX(MPH)
MISC ----> # 38 320 # 52 310
================================================================================
NOTES:
# LAST OF SEVERAL OCCURRENCES
COLUMN 17 PEAK WIND IN M.P.H.
PRELIMINARY LOCAL CLIMATOLOGICAL DATA (WS FORM: F-6) , PAGE 2
STATION: CONCORD NH
MONTH: JUNE
YEAR: 2020
LATITUDE: 43 12 N
LONGITUDE: 71 30 W
[TEMPERATURE DATA] [PRECIPITATION DATA] SYMBOLS USED IN COLUMN 16
AVERAGE MONTHLY: 67.6 TOTAL FOR MONTH: 2.32 1 = FOG OR MIST
DPTR FM NORMAL: 2.7 DPTR FM NORMAL: -1.37 2 = FOG REDUCING VISIBILITY
HIGHEST: 94 ON 23,21 GRTST 24HR 1.31 ON 28-28 TO 1/4 MILE OR LESS
LOWEST: 33 ON 1 3 = THUNDER
SNOW, ICE PELLETS, HAIL 4 = ICE PELLETS
TOTAL MONTH: 0.0 INCH 5 = HAIL
GRTST 24HR 0.0 6 = FREEZING RAIN OR DRIZZLE
GRTST DEPTH: 0 7 = DUSTSTORM OR SANDSTORM:
VSBY 1/2 MILE OR LESS
8 = SMOKE OR HAZE
[NO. OF DAYS WITH] [WEATHER - DAYS WITH] 9 = BLOWING SNOW
X = TORNADO
MAX 32 OR BELOW: 0 0.01 INCH OR MORE: 8
MAX 90 OR ABOVE: 6 0.10 INCH OR MORE: 3
MIN 32 OR BELOW: 0 0.50 INCH OR MORE: 2
MIN 0 OR BELOW: 0 1.00 INCH OR MORE: 1
[HDD (BASE 65) ]
TOTAL THIS MO. 55 CLEAR (SCALE 0-3) 11
DPTR FM NORMAL -30 PTCLDY (SCALE 4-7) 15
TOTAL FM JUL 1 6826 CLOUDY (SCALE 8-10) 4
DPTR FM NORMAL -409
[CDD (BASE 65) ]
TOTAL THIS MO. 140
DPTR FM NORMAL 56 [PRESSURE DATA]
TOTAL FM JAN 1 182 HIGHEST SLP M ON M
DPTR FM NORMAL 80 LOWEST SLP 29.60 ON 6
[REMARKS]
#FINAL-06-20#